{"id":1284,"date":"2021-01-16T16:37:16","date_gmt":"2021-01-16T15:37:16","guid":{"rendered":"http:\/\/wikioks.cal24.pl\/?page_id=1284"},"modified":"2021-01-16T16:37:16","modified_gmt":"2021-01-16T15:37:16","slug":"bogumil-szafranski","status":"publish","type":"page","link":"https:\/\/wikioks.cal24.pl\/index.php\/bogumil-szafranski\/","title":{"rendered":"Bogumi\u0142 Szafra\u0144ski"},"content":{"rendered":"\n<figure id=\"player-profile\" class=\"wp-block-table\"><table class=\"has-fixed-layout\"><tbody><tr><td><img loading=\"lazy\" width=\"1200\" height=\"1600\" class=\"wp-image-1166\" style=\"width: 400px;\" src=\"http:\/\/wikioks.cal24.pl\/wp-content\/uploads\/2021\/01\/szafranski-losos-2005.jpg\" alt=\"\" srcset=\"https:\/\/wikioks.cal24.pl\/wp-content\/uploads\/2021\/01\/szafranski-losos-2005.jpg 1200w, https:\/\/wikioks.cal24.pl\/wp-content\/uploads\/2021\/01\/szafranski-losos-2005-225x300.jpg 225w, https:\/\/wikioks.cal24.pl\/wp-content\/uploads\/2021\/01\/szafranski-losos-2005-768x1024.jpg 768w, https:\/\/wikioks.cal24.pl\/wp-content\/uploads\/2021\/01\/szafranski-losos-2005-1152x1536.jpg 1152w\" sizes=\"(max-width: 1200px) 100vw, 1200px\" \/><br><em>Fot. Maciej Pytka<\/em><\/td><td><strong>Bogumi\u0142 Szafra\u0144ski<\/strong>\u00a0(ur. 15 lutego 1989 w\u00a0Brzesku). Polski zawodnik graj\u0105cy na pozycji napastnika.<br><br>Wychowanek Okocimskiego. Uwa\u017cany by\u0142 za wielki, niespe\u0142niony talent. W zespole senior\u00f3w zadebiutowa\u0142 w wieku 16 lat u trenera Andrzeja Iwana, jednak liczne kontuzje na dobre pokrzy\u017cowa\u0142y mu szyki w dalszym rozwoju. Dla &#8222;Piwoszy&#8221; rozegra\u0142 raptem 9 mecz\u00f3w, cho\u0107 w dru\u017cynach juniorskich da\u0142 si\u0119 pozna\u0107 jako niezwykle bramkostrzelny napastnik.<br><br>Po zako\u0144czeniu gry w Brzesku reprezentowa\u0142 jeszcze dru\u017cyny z ni\u017cszych lig: K\u0142os \u0141ysa G\u00f3ra, Andaluzja Rudy Rysie, Sok\u00f3\u0142 Maszkienice oraz Iskr\u0119 \u0141\u0119ki.<br><br><br><br><\/td><\/tr><\/tbody><\/table><\/figure>\n\n\n\n<figure id=\"player-data\" class=\"wp-block-table is-style-stripes\"><table><tbody><tr><th>Wzrost i waga<\/th><td>177 cm \/ 72 kg<\/td><\/tr><tr><td><strong>Pozycja<\/strong><\/td><td>napastnik<\/td><\/tr><tr><th>Lata gry w Okocimskim<\/th><td>2005-09<\/td><\/tr><tr><th>Przebieg kariery<\/th><td><img src=\"http:\/\/wikioks.cal24.pl\/wp-content\/uploads\/2021\/01\/pol.gif\" alt=\"\"> Okocimski KS Brzesko (juniorzy)<br>2005-09 <img src=\"http:\/\/wikioks.cal24.pl\/wp-content\/uploads\/2021\/01\/pol.gif\" alt=\"\"> Okocimski KS Brzesko<br>2010-11 <img src=\"http:\/\/wikioks.cal24.pl\/wp-content\/uploads\/2021\/01\/pol.gif\" alt=\"\"> K\u0142os \u0141ysa G\u00f3ra<br>2011-12 <img src=\"http:\/\/wikioks.cal24.pl\/wp-content\/uploads\/2021\/01\/pol.gif\" alt=\"\"> Andaluzja Rudy Rysie<br>2013-14 <img src=\"http:\/\/wikioks.cal24.pl\/wp-content\/uploads\/2021\/01\/pol.gif\" alt=\"\"> Sok\u00f3\u0142 Maszkienice<br>2014-15 <img src=\"http:\/\/wikioks.cal24.pl\/wp-content\/uploads\/2021\/01\/pol.gif\" alt=\"\"> Iskra \u0141\u0119ki<\/td><\/tr><tr><th>Debiut w <strong>Okocimskim<\/strong><\/th><td>2005-04-02 (Okocimski KS Brzesko &#8211; \u0141oso\u015b \u0141ososina Dolna 0:0)<\/td><\/tr><tr><th>Ostatni mecz w <strong>Okocimskim<\/strong><\/th><td>2008-06-15 (Naprz\u00f3d J\u0119drzej\u00f3w &#8211; Okocimski KS Brzesko 1:1)<\/td><\/tr><\/tbody><\/table><\/figure>\n\n\n\n<h3>Bilans zawodnika<\/h3>\n\n\n\n<figure class=\"wp-block-table\"><table><tbody><tr><td><strong>Sezon<\/strong><\/td><td><\/td><td class=\"has-text-align-center\" data-align=\"center\"><strong>Mecze<\/strong><\/td><td class=\"has-text-align-center\" data-align=\"center\"><strong>Bramki<\/strong><\/td><\/tr><tr><td>2004\/05 (w)<\/td><td>Okocimski KS Brzesko<\/td><td class=\"has-text-align-center\" data-align=\"center\">3<\/td><td class=\"has-text-align-center\" data-align=\"center\">0<\/td><\/tr><tr><td>2005\/06<\/td><td>Okocimski KS Brzesko<\/td><td class=\"has-text-align-center\" data-align=\"center\">3<\/td><td class=\"has-text-align-center\" data-align=\"center\">0<\/td><\/tr><tr><td>2006\/07<\/td><td>Okocimski KS Brzesko<\/td><td class=\"has-text-align-center\" data-align=\"center\">0<\/td><td class=\"has-text-align-center\" data-align=\"center\">0<\/td><\/tr><tr><td>2007\/08<\/td><td>Okocimski KS Brzesko<\/td><td class=\"has-text-align-center\" data-align=\"center\">3<\/td><td class=\"has-text-align-center\" data-align=\"center\">0<\/td><\/tr><tr><td>2008\/09<\/td><td>Okocimski KS Brzesko<\/td><td class=\"has-text-align-center\" data-align=\"center\">0<\/td><td class=\"has-text-align-center\" data-align=\"center\">0<\/td><\/tr><tr><td><strong>Razem<\/strong><\/td><td><\/td><td class=\"has-text-align-center\" data-align=\"center\">9<\/td><td class=\"has-text-align-center\" data-align=\"center\">0<\/td><\/tr><\/tbody><\/table><figcaption>Statystyki dotycz\u0105 jedynie mecz\u00f3w ligowych<\/figcaption><\/figure>\n\n\n\n\n\n<p><\/p>\n","protected":false},"excerpt":{"rendered":"<p>Fot. Maciej Pytka Bogumi\u0142 Szafra\u0144ski\u00a0(ur. 15 lutego 1989 w\u00a0Brzesku). Polski zawodnik graj\u0105cy na pozycji napastnika. Wychowanek Okocimskiego. Uwa\u017cany by\u0142 za<\/p>\n","protected":false},"author":1,"featured_media":0,"parent":0,"menu_order":0,"comment_status":"closed","ping_status":"closed","template":"","meta":{"ngg_post_thumbnail":0},"_links":{"self":[{"href":"https:\/\/wikioks.cal24.pl\/index.php\/wp-json\/wp\/v2\/pages\/1284"}],"collection":[{"href":"https:\/\/wikioks.cal24.pl\/index.php\/wp-json\/wp\/v2\/pages"}],"about":[{"href":"https:\/\/wikioks.cal24.pl\/index.php\/wp-json\/wp\/v2\/types\/page"}],"author":[{"embeddable":true,"href":"https:\/\/wikioks.cal24.pl\/index.php\/wp-json\/wp\/v2\/users\/1"}],"replies":[{"embeddable":true,"href":"https:\/\/wikioks.cal24.pl\/index.php\/wp-json\/wp\/v2\/comments?post=1284"}],"version-history":[{"count":1,"href":"https:\/\/wikioks.cal24.pl\/index.php\/wp-json\/wp\/v2\/pages\/1284\/revisions"}],"predecessor-version":[{"id":1285,"href":"https:\/\/wikioks.cal24.pl\/index.php\/wp-json\/wp\/v2\/pages\/1284\/revisions\/1285"}],"wp:attachment":[{"href":"https:\/\/wikioks.cal24.pl\/index.php\/wp-json\/wp\/v2\/media?parent=1284"}],"curies":[{"name":"wp","href":"https:\/\/api.w.org\/{rel}","templated":true}]}}

Bogumił Szafrański

<figure id="player-profile" class="wp-block-table"><table class="has-fixed-layout"><tbody><tr><td><img loading="lazy" width="1200" height="1600" class="wp-image-1166" style="width: 400px;" src="http://wikioks.cal24.pl/wp-content/uploads/2021/01/szafranski-losos-2005.jpg" alt="" srcset="https://wikioks.cal24.pl/wp-content/uploads/2021/01/szafranski-losos-2005.jpg 1200w, https://wikioks.cal24.pl/wp-content/uploads/2021/01/szafranski-losos-2005-225x300.jpg 225w, https://wikioks.cal24.pl/wp-content/uploads/2021/01/szafranski-losos-2005-768x1024.jpg 768w, https://wikioks.cal24.pl/wp-content/uploads/2021/01/szafranski-losos-2005-1152x1536.jpg 1152w" sizes="(max-width: 1200px) 100vw, 1200px" /><br><em>Fot. Maciej Pytka</em></td><td><strong>Bogumił Szafrański</strong> (ur. 15 lutego 1989 w Brzesku). Polski zawodnik grający na pozycji napastnika.<br><br>Wychowanek Okocimskiego. Uważany był za wielki, niespełniony talent. W zespole seniorów zadebiutował w wieku 16 lat u trenera Andrzeja Iwana, jednak liczne kontuzje na dobre pokrzyżowały mu szyki w dalszym rozwoju. Dla &#8222;Piwoszy&#8221; rozegrał raptem 9 meczów, choć w drużynach juniorskich dał się poznać jako niezwykle bramkostrzelny napastnik.<br><br>Po zakończeniu gry w Brzesku reprezentował jeszcze drużyny z niższych lig: Kłos Łysa Góra, Andaluzja Rudy Rysie, Sokół Maszkienice oraz Iskrę Łęki.<br><br><br><br></td></tr></tbody></table></figure>



<figure id="player-data" class="wp-block-table is-style-stripes"><table><tbody><tr><th>Wzrost i waga</th><td>177 cm / 72 kg</td></tr><tr><td><strong>Pozycja</strong></td><td>napastnik</td></tr><tr><th>Lata gry w Okocimskim</th><td>2005-09</td></tr><tr><th>Przebieg kariery</th><td><img src="http://wikioks.cal24.pl/wp-content/uploads/2021/01/pol.gif" alt=""> Okocimski KS Brzesko (juniorzy)<br>2005-09 <img src="http://wikioks.cal24.pl/wp-content/uploads/2021/01/pol.gif" alt=""> Okocimski KS Brzesko<br>2010-11 <img src="http://wikioks.cal24.pl/wp-content/uploads/2021/01/pol.gif" alt=""> Kłos Łysa Góra<br>2011-12 <img src="http://wikioks.cal24.pl/wp-content/uploads/2021/01/pol.gif" alt=""> Andaluzja Rudy Rysie<br>2013-14 <img src="http://wikioks.cal24.pl/wp-content/uploads/2021/01/pol.gif" alt=""> Sokół Maszkienice<br>2014-15 <img src="http://wikioks.cal24.pl/wp-content/uploads/2021/01/pol.gif" alt=""> Iskra Łęki</td></tr><tr><th>Debiut w <strong>Okocimskim</strong></th><td>2005-04-02 (Okocimski KS Brzesko &#8211; Łosoś Łososina Dolna 0:0)</td></tr><tr><th>Ostatni mecz w <strong>Okocimskim</strong></th><td>2008-06-15 (Naprzód Jędrzejów &#8211; Okocimski KS Brzesko 1:1)</td></tr></tbody></table></figure>



<h3>Bilans zawodnika</h3>



<figure class="wp-block-table"><table><tbody><tr><td><strong>Sezon</strong></td><td></td><td class="has-text-align-center" data-align="center"><strong>Mecze</strong></td><td class="has-text-align-center" data-align="center"><strong>Bramki</strong></td></tr><tr><td>2004/05 (w)</td><td>Okocimski KS Brzesko</td><td class="has-text-align-center" data-align="center">3</td><td class="has-text-align-center" data-align="center">0</td></tr><tr><td>2005/06</td><td>Okocimski KS Brzesko</td><td class="has-text-align-center" data-align="center">3</td><td class="has-text-align-center" data-align="center">0</td></tr><tr><td>2006/07</td><td>Okocimski KS Brzesko</td><td class="has-text-align-center" data-align="center">0</td><td class="has-text-align-center" data-align="center">0</td></tr><tr><td>2007/08</td><td>Okocimski KS Brzesko</td><td class="has-text-align-center" data-align="center">3</td><td class="has-text-align-center" data-align="center">0</td></tr><tr><td>2008/09</td><td>Okocimski KS Brzesko</td><td class="has-text-align-center" data-align="center">0</td><td class="has-text-align-center" data-align="center">0</td></tr><tr><td><strong>Razem</strong></td><td></td><td class="has-text-align-center" data-align="center">9</td><td class="has-text-align-center" data-align="center">0</td></tr></tbody></table><figcaption>Statystyki dotyczą jedynie meczów ligowych</figcaption></figure>





<p></p>

<p>Fot. Maciej Pytka Bogumił Szafrański (ur. 15 lutego 1989 w Brzesku). Polski zawodnik grający na pozycji napastnika. Wychowanek Okocimskiego. Uważany był za</p>
