{"id":1293,"date":"2021-01-16T19:02:27","date_gmt":"2021-01-16T18:02:27","guid":{"rendered":"http:\/\/wikioks.cal24.pl\/?page_id=1293"},"modified":"2022-12-28T15:20:29","modified_gmt":"2022-12-28T14:20:29","slug":"rafal-seidler","status":"publish","type":"page","link":"https:\/\/wikioks.cal24.pl\/index.php\/rafal-seidler\/","title":{"rendered":"Rafa\u0142 Seidler"},"content":{"rendered":"\n<figure id=\"player-profile\" class=\"wp-block-table\"><table class=\"has-fixed-layout\"><tbody><tr><td><img loading=\"lazy\" width=\"515\" height=\"721\" class=\"wp-image-505\" style=\"width: 400px;\" src=\"http:\/\/wikioks.cal24.pl\/wp-content\/uploads\/2020\/12\/seidler_rafal1.jpg\" alt=\"\" srcset=\"https:\/\/wikioks.cal24.pl\/wp-content\/uploads\/2020\/12\/seidler_rafal1.jpg 515w, https:\/\/wikioks.cal24.pl\/wp-content\/uploads\/2020\/12\/seidler_rafal1-214x300.jpg 214w, https:\/\/wikioks.cal24.pl\/wp-content\/uploads\/2020\/12\/seidler_rafal1-179x250.jpg 179w\" sizes=\"(max-width: 515px) 100vw, 515px\" \/><br><em>Fot. Marian Lambert<\/em><\/td><td><strong>Rafa\u0142 Seidler<\/strong>&nbsp;(ur. 6 czerwca 1980 w Brzesku). Polski zawodnik graj\u0105cy na pozycji napastnika.<br><br>Wychowanek Okocimskiego. Zawodnik &#8222;Piwoszy&#8221; w okresie gry na szczeblu czwartoligowym (lata 1999-2004). Najskuteczniejszy zawodnik w sezonie 2002\/03 (14 bramek). Sezon 2003\/04 by\u0142 jego ostatnim w barwach brzeskiego klubu. Po przyj\u015bciu grupy do\u015bwiadczonych zawodnik\u00f3w straci\u0142 miejsce w sk\u0142adzie. W obliczu braku szans na regularn\u0105 gr\u0119 zdecydowa\u0142 si\u0119 definitywnie opu\u015bci\u0107 ekip\u0119 Okocimskiego. W barwach brzeskiego klubu rozegra\u0142 124 mecze (liga oraz bara\u017ce), w kt\u00f3rych strzeli\u0142 29 bramek.<br><br>P\u00f3\u017aniej zaliczy\u0142 jeszcze kr\u00f3tkie epizody w klubach z ni\u017cszych lig regionu brzeskiego: Rylovii Rylowa, Pagenie Gnojnik, Jadowniczance Jadowniki, Sokole Maszkienice, czy LKS Por\u0119ba Spytkowska.<br><br>Uczestnik Kadry Ma\u0142opolski na UEFA Regions Cup.<\/td><\/tr><\/tbody><\/table><\/figure>\n\n\n\n<figure id=\"player-data\" class=\"wp-block-table is-style-stripes\"><table><tbody><tr><th>Wzrost i waga<\/th><td>178 cm \/ 65 kg<\/td><\/tr><tr><td><strong>Pozycja<\/strong><\/td><td>napastnik<\/td><\/tr><tr><th>Lata gry w Okocimskim<\/th><td>1999-2004<\/td><\/tr><tr><th>Przebieg kariery<\/th><td><img src=\"http:\/\/wikioks.cal24.pl\/wp-content\/uploads\/2021\/01\/pol.gif\" alt=\"\"> Okocimski KS Brzesko (juniorzy)<br>1999-2004 <img src=\"http:\/\/wikioks.cal24.pl\/wp-content\/uploads\/2021\/01\/pol.gif\" alt=\"\"> Okocimski KS Brzesko<br>2004 <img src=\"http:\/\/wikioks.cal24.pl\/wp-content\/uploads\/2021\/01\/pol.gif\" alt=\"\"> Rylovia Rylowa<br>2005 <img src=\"http:\/\/wikioks.cal24.pl\/wp-content\/uploads\/2021\/01\/pol.gif\" alt=\"\"> Jadowniczanka Jadowniki<br>2006 <img src=\"http:\/\/wikioks.cal24.pl\/wp-content\/uploads\/2021\/01\/pol.gif\" alt=\"\"> Pagen Gnojnik<br>2007-08 <img src=\"http:\/\/wikioks.cal24.pl\/wp-content\/uploads\/2021\/01\/pol.gif\" alt=\"\"> Rylovia Rylowa<br>2010-11 <img src=\"http:\/\/wikioks.cal24.pl\/wp-content\/uploads\/2021\/01\/pol.gif\" alt=\"\"> Sok\u00f3\u0142 Maszkienice<br>2012-13 <img src=\"http:\/\/wikioks.cal24.pl\/wp-content\/uploads\/2021\/01\/pol.gif\" alt=\"\"> LKS Por\u0119ba Spytkowska<\/td><\/tr><tr><th>Debiut w <strong>Okocimskim<\/strong><\/th><td>15.08.1999 (Karpaty Siepraw &#8211; Okocimski KS Brzesko 0:0) <\/td><\/tr><tr><th>Ostatni mecz w <strong>Okocimskim<\/strong><\/th><td>19.06.2004 (Okocimski KS Brzesko &#8211; Boche\u0144ski KS 6:1)<\/td><\/tr><\/tbody><\/table><\/figure>\n\n\n\n<h3>Bilans zawodnika<\/h3>\n\n\n\n<figure class=\"wp-block-table\"><table><tbody><tr><td><strong>Sezon<\/strong><\/td><td><\/td><td class=\"has-text-align-center\" data-align=\"center\"><strong>Mecze<\/strong><\/td><td class=\"has-text-align-center\" data-align=\"center\"><strong>Bramki<\/strong><\/td><\/tr><tr><td>1999\/00<\/td><td>Okocimski KS Brzesko<\/td><td class=\"has-text-align-center\" data-align=\"center\">25<\/td><td class=\"has-text-align-center\" data-align=\"center\">3<\/td><\/tr><tr><td>2000\/01<\/td><td>Okocimski KS Brzesko<\/td><td class=\"has-text-align-center\" data-align=\"center\">24<\/td><td class=\"has-text-align-center\" data-align=\"center\">5<\/td><\/tr><tr><td>2001\/02<\/td><td>Okocimski KS Brzesko<\/td><td class=\"has-text-align-center\" data-align=\"center\">28<\/td><td class=\"has-text-align-center\" data-align=\"center\">4<\/td><\/tr><tr><td>2002\/03<\/td><td>Okocimski KS Brzesko<\/td><td class=\"has-text-align-center\" data-align=\"center\">29<\/td><td class=\"has-text-align-center\" data-align=\"center\">14<\/td><\/tr><tr><td>2003\/04<\/td><td>Okocimski KS Brzesko<\/td><td class=\"has-text-align-center\" data-align=\"center\">18<\/td><td class=\"has-text-align-center\" data-align=\"center\">3<\/td><\/tr><tr><td><strong>Razem<\/strong><\/td><td><\/td><td class=\"has-text-align-center\" data-align=\"center\">124<\/td><td class=\"has-text-align-center\" data-align=\"center\">29<\/td><\/tr><\/tbody><\/table><figcaption>Statystyki dotycz\u0105 jedynie mecz\u00f3w ligowych i bara\u017cowych<\/figcaption><\/figure>\n\n\n\n\n\n<p><\/p>\n","protected":false},"excerpt":{"rendered":"<p>Fot. Marian Lambert Rafa\u0142 Seidler&nbsp;(ur. 6 czerwca 1980 w Brzesku). Polski zawodnik graj\u0105cy na pozycji napastnika. Wychowanek Okocimskiego. Zawodnik &#8222;Piwoszy&#8221;<\/p>\n","protected":false},"author":1,"featured_media":0,"parent":0,"menu_order":0,"comment_status":"closed","ping_status":"closed","template":"","meta":{"ngg_post_thumbnail":0},"_links":{"self":[{"href":"https:\/\/wikioks.cal24.pl\/index.php\/wp-json\/wp\/v2\/pages\/1293"}],"collection":[{"href":"https:\/\/wikioks.cal24.pl\/index.php\/wp-json\/wp\/v2\/pages"}],"about":[{"href":"https:\/\/wikioks.cal24.pl\/index.php\/wp-json\/wp\/v2\/types\/page"}],"author":[{"embeddable":true,"href":"https:\/\/wikioks.cal24.pl\/index.php\/wp-json\/wp\/v2\/users\/1"}],"replies":[{"embeddable":true,"href":"https:\/\/wikioks.cal24.pl\/index.php\/wp-json\/wp\/v2\/comments?post=1293"}],"version-history":[{"count":3,"href":"https:\/\/wikioks.cal24.pl\/index.php\/wp-json\/wp\/v2\/pages\/1293\/revisions"}],"predecessor-version":[{"id":1892,"href":"https:\/\/wikioks.cal24.pl\/index.php\/wp-json\/wp\/v2\/pages\/1293\/revisions\/1892"}],"wp:attachment":[{"href":"https:\/\/wikioks.cal24.pl\/index.php\/wp-json\/wp\/v2\/media?parent=1293"}],"curies":[{"name":"wp","href":"https:\/\/api.w.org\/{rel}","templated":true}]}}

Rafał Seidler

<figure id="player-profile" class="wp-block-table"><table class="has-fixed-layout"><tbody><tr><td><img loading="lazy" width="515" height="721" class="wp-image-505" style="width: 400px;" src="http://wikioks.cal24.pl/wp-content/uploads/2020/12/seidler_rafal1.jpg" alt="" srcset="https://wikioks.cal24.pl/wp-content/uploads/2020/12/seidler_rafal1.jpg 515w, https://wikioks.cal24.pl/wp-content/uploads/2020/12/seidler_rafal1-214x300.jpg 214w, https://wikioks.cal24.pl/wp-content/uploads/2020/12/seidler_rafal1-179x250.jpg 179w" sizes="(max-width: 515px) 100vw, 515px" /><br><em>Fot. Marian Lambert</em></td><td><strong>Rafał Seidler</strong>&nbsp;(ur. 6 czerwca 1980 w Brzesku). Polski zawodnik grający na pozycji napastnika.<br><br>Wychowanek Okocimskiego. Zawodnik &#8222;Piwoszy&#8221; w okresie gry na szczeblu czwartoligowym (lata 1999-2004). Najskuteczniejszy zawodnik w sezonie 2002/03 (14 bramek). Sezon 2003/04 był jego ostatnim w barwach brzeskiego klubu. Po przyjściu grupy doświadczonych zawodników stracił miejsce w składzie. W obliczu braku szans na regularną grę zdecydował się definitywnie opuścić ekipę Okocimskiego. W barwach brzeskiego klubu rozegrał 124 mecze (liga oraz baraże), w których strzelił 29 bramek.<br><br>Później zaliczył jeszcze krótkie epizody w klubach z niższych lig regionu brzeskiego: Rylovii Rylowa, Pagenie Gnojnik, Jadowniczance Jadowniki, Sokole Maszkienice, czy LKS Poręba Spytkowska.<br><br>Uczestnik Kadry Małopolski na UEFA Regions Cup.</td></tr></tbody></table></figure>



<figure id="player-data" class="wp-block-table is-style-stripes"><table><tbody><tr><th>Wzrost i waga</th><td>178 cm / 65 kg</td></tr><tr><td><strong>Pozycja</strong></td><td>napastnik</td></tr><tr><th>Lata gry w Okocimskim</th><td>1999-2004</td></tr><tr><th>Przebieg kariery</th><td><img src="http://wikioks.cal24.pl/wp-content/uploads/2021/01/pol.gif" alt=""> Okocimski KS Brzesko (juniorzy)<br>1999-2004 <img src="http://wikioks.cal24.pl/wp-content/uploads/2021/01/pol.gif" alt=""> Okocimski KS Brzesko<br>2004 <img src="http://wikioks.cal24.pl/wp-content/uploads/2021/01/pol.gif" alt=""> Rylovia Rylowa<br>2005 <img src="http://wikioks.cal24.pl/wp-content/uploads/2021/01/pol.gif" alt=""> Jadowniczanka Jadowniki<br>2006 <img src="http://wikioks.cal24.pl/wp-content/uploads/2021/01/pol.gif" alt=""> Pagen Gnojnik<br>2007-08 <img src="http://wikioks.cal24.pl/wp-content/uploads/2021/01/pol.gif" alt=""> Rylovia Rylowa<br>2010-11 <img src="http://wikioks.cal24.pl/wp-content/uploads/2021/01/pol.gif" alt=""> Sokół Maszkienice<br>2012-13 <img src="http://wikioks.cal24.pl/wp-content/uploads/2021/01/pol.gif" alt=""> LKS Poręba Spytkowska</td></tr><tr><th>Debiut w <strong>Okocimskim</strong></th><td>15.08.1999 (Karpaty Siepraw &#8211; Okocimski KS Brzesko 0:0) </td></tr><tr><th>Ostatni mecz w <strong>Okocimskim</strong></th><td>19.06.2004 (Okocimski KS Brzesko &#8211; Bocheński KS 6:1)</td></tr></tbody></table></figure>



<h3>Bilans zawodnika</h3>



<figure class="wp-block-table"><table><tbody><tr><td><strong>Sezon</strong></td><td></td><td class="has-text-align-center" data-align="center"><strong>Mecze</strong></td><td class="has-text-align-center" data-align="center"><strong>Bramki</strong></td></tr><tr><td>1999/00</td><td>Okocimski KS Brzesko</td><td class="has-text-align-center" data-align="center">25</td><td class="has-text-align-center" data-align="center">3</td></tr><tr><td>2000/01</td><td>Okocimski KS Brzesko</td><td class="has-text-align-center" data-align="center">24</td><td class="has-text-align-center" data-align="center">5</td></tr><tr><td>2001/02</td><td>Okocimski KS Brzesko</td><td class="has-text-align-center" data-align="center">28</td><td class="has-text-align-center" data-align="center">4</td></tr><tr><td>2002/03</td><td>Okocimski KS Brzesko</td><td class="has-text-align-center" data-align="center">29</td><td class="has-text-align-center" data-align="center">14</td></tr><tr><td>2003/04</td><td>Okocimski KS Brzesko</td><td class="has-text-align-center" data-align="center">18</td><td class="has-text-align-center" data-align="center">3</td></tr><tr><td><strong>Razem</strong></td><td></td><td class="has-text-align-center" data-align="center">124</td><td class="has-text-align-center" data-align="center">29</td></tr></tbody></table><figcaption>Statystyki dotyczą jedynie meczów ligowych i barażowych</figcaption></figure>





<p></p>

<p>Fot. Marian Lambert Rafał Seidler&nbsp;(ur. 6 czerwca 1980 w Brzesku). Polski zawodnik grający na pozycji napastnika. Wychowanek Okocimskiego. Zawodnik &#8222;Piwoszy&#8221;</p>
