{"id":1511,"date":"2021-02-22T21:37:18","date_gmt":"2021-02-22T20:37:18","guid":{"rendered":"http:\/\/wikioks.cal24.pl\/?page_id=1511"},"modified":"2023-03-18T19:52:22","modified_gmt":"2023-03-18T18:52:22","slug":"jan-larysz-2","status":"publish","type":"page","link":"https:\/\/wikioks.cal24.pl\/index.php\/jan-larysz-2\/","title":{"rendered":"Jan Larysz"},"content":{"rendered":"\n<figure id=\"player-profile\" class=\"wp-block-table\"><table class=\"has-fixed-layout\"><tbody><tr><td><img loading=\"lazy\" width=\"350\" height=\"500\" class=\"wp-image-1227\" style=\"width: 350px;\" src=\"http:\/\/wikioks.cal24.pl\/wp-content\/uploads\/2021\/01\/jan-larysz.jpg\" alt=\"\" srcset=\"https:\/\/wikioks.cal24.pl\/wp-content\/uploads\/2021\/01\/jan-larysz.jpg 350w, https:\/\/wikioks.cal24.pl\/wp-content\/uploads\/2021\/01\/jan-larysz-210x300.jpg 210w\" sizes=\"(max-width: 350px) 100vw, 350px\" \/><br><em>Fot. Dawid Zachara<\/em><\/td><td><strong><strong>Jan Larysz<\/strong>&nbsp;<\/strong>(ur. 20 wrze\u015bnia 2003). Wychowanek P\u0142aszowianki Krak\u00f3w graj\u0105cy na pozycji bramkarza. W Okocimskim od sezonu 2020\/21. \u0141\u0105cznie wyst\u0105pi\u0142 w 18 meczach na poziomie IV ligi.<br><br>Zanim przyszed\u0142 do Brzeska reprezentowa\u0142 m.in. barwy Podg\u00f3rza Krak\u00f3w, z kt\u00f3rym wyst\u0119powa\u0142 w Centralnej Lidze Junior\u00f3w do lat 17.<br><br>W przerwie zimowej sezonu 2022\/23 odszed\u0142 do ligowego rywala &#8222;Piwoszy&#8221; &#8211; Radziszowianki Radzisz\u00f3w.<\/td><\/tr><\/tbody><\/table><\/figure>\n\n\n\n<figure id=\"player-data\" class=\"wp-block-table is-style-stripes\"><table><tbody><tr><th>Wzrost i waga<\/th><td><\/td><\/tr><tr><td><strong>Pozycja<\/strong><\/td><td>bramkarz<\/td><\/tr><tr><th>Lata gry w Okocimskim<\/th><td>2020-2022<\/td><\/tr><tr><th>Przebieg kariery<\/th><td>2012-14 <img loading=\"lazy\" width=\"23\" height=\"15\" class=\"wp-image-887\" style=\"width: 23px;\" src=\"http:\/\/wikioks.cal24.pl\/wp-content\/uploads\/2021\/01\/pol.gif\" alt=\"\"> P\u0142aszowianka Krak\u00f3w (juniorzy)<br>2014-18 <img src=\"http:\/\/wikioks.cal24.pl\/wp-content\/uploads\/2021\/01\/pol.gif\" alt=\"\"> Podg\u00f3rze Krak\u00f3w (juniorzy)<br>2018-19 <img src=\"http:\/\/wikioks.cal24.pl\/wp-content\/uploads\/2021\/01\/pol.gif\" alt=\"\"> Krakus Nowa Huta (juniorzy)<br>2019-20 <img src=\"http:\/\/wikioks.cal24.pl\/wp-content\/uploads\/2021\/01\/pol.gif\" alt=\"\"> Podg\u00f3rze Krak\u00f3w (juniorzy)<br>2020-22 <img src=\"http:\/\/wikioks.cal24.pl\/wp-content\/uploads\/2021\/01\/pol.gif\" alt=\"\"> Okocimski KS Brzesko<br>od 2023 <img src=\"http:\/\/wikioks.cal24.pl\/wp-content\/uploads\/2021\/01\/pol.gif\" alt=\"\"> Radziszowianka Radzisz\u00f3w<\/td><\/tr><tr><th>Debiut w <strong>Okocimskim<\/strong><\/th><td>25.07.2020 (LKS Uszew &#8211; Okocimski KS Brzesko 3:3 pd. k. 4:3) &#8211; Puchar Polski<\/td><\/tr><tr><th>Ostatni mecz w <strong>Okocimskim<\/strong><\/th><td>06.08.2022 (Orze\u0142 Rycz\u00f3w &#8211; Okocimski KS Brzesko 3:2)<\/td><\/tr><\/tbody><\/table><\/figure>\n\n\n\n<h3>Bilans zawodnika<\/h3>\n\n\n\n<figure class=\"wp-block-table\"><table><tbody><tr><td><strong>Sezon<\/strong><\/td><td><\/td><td class=\"has-text-align-center\" data-align=\"center\"><strong>Mecze<\/strong><\/td><td class=\"has-text-align-center\" data-align=\"center\"><strong>Bramki<\/strong><\/td><\/tr><tr><td>2020\/21<\/td><td>Okocimski KS Brzesko<\/td><td class=\"has-text-align-center\" data-align=\"center\">15<\/td><td class=\"has-text-align-center\" data-align=\"center\">0<\/td><\/tr><tr><td>2021\/22<\/td><td>Okocimski KS Brzesko<\/td><td class=\"has-text-align-center\" data-align=\"center\">2<\/td><td class=\"has-text-align-center\" data-align=\"center\">0<\/td><\/tr><tr><td>2022\/23 (j)<\/td><td>Okocimski KS Brzesko<\/td><td class=\"has-text-align-center\" data-align=\"center\">1<\/td><td class=\"has-text-align-center\" data-align=\"center\">0<\/td><\/tr><tr><td><strong>Razem<\/strong><\/td><td><\/td><td class=\"has-text-align-center\" data-align=\"center\">18<\/td><td class=\"has-text-align-center\" data-align=\"center\">0<\/td><\/tr><\/tbody><\/table><figcaption>Statystyki dotycz\u0105 jedynie mecz\u00f3w ligowych<\/figcaption><\/figure>\n\n\n\n<figure class=\"wp-block-image size-large\"><img loading=\"lazy\" width=\"321\" height=\"482\" src=\"http:\/\/wikioks.cal24.pl\/wp-content\/uploads\/2021\/08\/Jan_Larysz.jpg\" alt=\"\" class=\"wp-image-1607\" srcset=\"https:\/\/wikioks.cal24.pl\/wp-content\/uploads\/2021\/08\/Jan_Larysz.jpg 321w, https:\/\/wikioks.cal24.pl\/wp-content\/uploads\/2021\/08\/Jan_Larysz-200x300.jpg 200w\" sizes=\"(max-width: 321px) 100vw, 321px\" \/><\/figure>\n","protected":false},"excerpt":{"rendered":"<p>Fot. Dawid Zachara Jan Larysz&nbsp;(ur. 20 wrze\u015bnia 2003). Wychowanek P\u0142aszowianki Krak\u00f3w graj\u0105cy na pozycji bramkarza. W Okocimskim od sezonu 2020\/21.<\/p>\n","protected":false},"author":1,"featured_media":0,"parent":0,"menu_order":0,"comment_status":"closed","ping_status":"closed","template":"","meta":{"ngg_post_thumbnail":0},"_links":{"self":[{"href":"https:\/\/wikioks.cal24.pl\/index.php\/wp-json\/wp\/v2\/pages\/1511"}],"collection":[{"href":"https:\/\/wikioks.cal24.pl\/index.php\/wp-json\/wp\/v2\/pages"}],"about":[{"href":"https:\/\/wikioks.cal24.pl\/index.php\/wp-json\/wp\/v2\/types\/page"}],"author":[{"embeddable":true,"href":"https:\/\/wikioks.cal24.pl\/index.php\/wp-json\/wp\/v2\/users\/1"}],"replies":[{"embeddable":true,"href":"https:\/\/wikioks.cal24.pl\/index.php\/wp-json\/wp\/v2\/comments?post=1511"}],"version-history":[{"count":8,"href":"https:\/\/wikioks.cal24.pl\/index.php\/wp-json\/wp\/v2\/pages\/1511\/revisions"}],"predecessor-version":[{"id":2764,"href":"https:\/\/wikioks.cal24.pl\/index.php\/wp-json\/wp\/v2\/pages\/1511\/revisions\/2764"}],"wp:attachment":[{"href":"https:\/\/wikioks.cal24.pl\/index.php\/wp-json\/wp\/v2\/media?parent=1511"}],"curies":[{"name":"wp","href":"https:\/\/api.w.org\/{rel}","templated":true}]}}

<figure id="player-profile" class="wp-block-table"><table class="has-fixed-layout"><tbody><tr><td><img loading="lazy" width="350" height="500" class="wp-image-1227" style="width: 350px;" src="http://wikioks.cal24.pl/wp-content/uploads/2021/01/jan-larysz.jpg" alt="" srcset="https://wikioks.cal24.pl/wp-content/uploads/2021/01/jan-larysz.jpg 350w, https://wikioks.cal24.pl/wp-content/uploads/2021/01/jan-larysz-210x300.jpg 210w" sizes="(max-width: 350px) 100vw, 350px" /><br><em>Fot. Dawid Zachara</em></td><td><strong><strong>Jan Larysz</strong>&nbsp;</strong>(ur. 20 września 2003). Wychowanek Płaszowianki Kraków grający na pozycji bramkarza. W Okocimskim od sezonu 2020/21. Łącznie wystąpił w 18 meczach na poziomie IV ligi.<br><br>Zanim przyszedł do Brzeska reprezentował m.in. barwy Podgórza Kraków, z którym występował w Centralnej Lidze Juniorów do lat 17.<br><br>W przerwie zimowej sezonu 2022/23 odszedł do ligowego rywala &#8222;Piwoszy&#8221; &#8211; Radziszowianki Radziszów.</td></tr></tbody></table></figure>



<figure id="player-data" class="wp-block-table is-style-stripes"><table><tbody><tr><th>Wzrost i waga</th><td></td></tr><tr><td><strong>Pozycja</strong></td><td>bramkarz</td></tr><tr><th>Lata gry w Okocimskim</th><td>2020-2022</td></tr><tr><th>Przebieg kariery</th><td>2012-14 <img loading="lazy" width="23" height="15" class="wp-image-887" style="width: 23px;" src="http://wikioks.cal24.pl/wp-content/uploads/2021/01/pol.gif" alt=""> Płaszowianka Kraków (juniorzy)<br>2014-18 <img src="http://wikioks.cal24.pl/wp-content/uploads/2021/01/pol.gif" alt=""> Podgórze Kraków (juniorzy)<br>2018-19 <img src="http://wikioks.cal24.pl/wp-content/uploads/2021/01/pol.gif" alt=""> Krakus Nowa Huta (juniorzy)<br>2019-20 <img src="http://wikioks.cal24.pl/wp-content/uploads/2021/01/pol.gif" alt=""> Podgórze Kraków (juniorzy)<br>2020-22 <img src="http://wikioks.cal24.pl/wp-content/uploads/2021/01/pol.gif" alt=""> Okocimski KS Brzesko<br>od 2023 <img src="http://wikioks.cal24.pl/wp-content/uploads/2021/01/pol.gif" alt=""> Radziszowianka Radziszów</td></tr><tr><th>Debiut w <strong>Okocimskim</strong></th><td>25.07.2020 (LKS Uszew &#8211; Okocimski KS Brzesko 3:3 pd. k. 4:3) &#8211; Puchar Polski</td></tr><tr><th>Ostatni mecz w <strong>Okocimskim</strong></th><td>06.08.2022 (Orzeł Ryczów &#8211; Okocimski KS Brzesko 3:2)</td></tr></tbody></table></figure>



<h3>Bilans zawodnika</h3>



<figure class="wp-block-table"><table><tbody><tr><td><strong>Sezon</strong></td><td></td><td class="has-text-align-center" data-align="center"><strong>Mecze</strong></td><td class="has-text-align-center" data-align="center"><strong>Bramki</strong></td></tr><tr><td>2020/21</td><td>Okocimski KS Brzesko</td><td class="has-text-align-center" data-align="center">15</td><td class="has-text-align-center" data-align="center">0</td></tr><tr><td>2021/22</td><td>Okocimski KS Brzesko</td><td class="has-text-align-center" data-align="center">2</td><td class="has-text-align-center" data-align="center">0</td></tr><tr><td>2022/23 (j)</td><td>Okocimski KS Brzesko</td><td class="has-text-align-center" data-align="center">1</td><td class="has-text-align-center" data-align="center">0</td></tr><tr><td><strong>Razem</strong></td><td></td><td class="has-text-align-center" data-align="center">18</td><td class="has-text-align-center" data-align="center">0</td></tr></tbody></table><figcaption>Statystyki dotyczą jedynie meczów ligowych</figcaption></figure>



<figure class="wp-block-image size-large"><img loading="lazy" width="321" height="482" src="http://wikioks.cal24.pl/wp-content/uploads/2021/08/Jan_Larysz.jpg" alt="" class="wp-image-1607" srcset="https://wikioks.cal24.pl/wp-content/uploads/2021/08/Jan_Larysz.jpg 321w, https://wikioks.cal24.pl/wp-content/uploads/2021/08/Jan_Larysz-200x300.jpg 200w" sizes="(max-width: 321px) 100vw, 321px" /></figure>

<p>Fot. Dawid Zachara Jan Larysz&nbsp;(ur. 20 września 2003). Wychowanek Płaszowianki Kraków grający na pozycji bramkarza. W Okocimskim od sezonu 2020/21.</p>
