{"id":2528,"date":"2023-02-25T14:53:08","date_gmt":"2023-02-25T13:53:08","guid":{"rendered":"http:\/\/wikioks.cal24.pl\/?page_id=2528"},"modified":"2023-05-06T11:06:06","modified_gmt":"2023-05-06T09:06:06","slug":"slawomir-kwiek","status":"publish","type":"page","link":"https:\/\/wikioks.cal24.pl\/index.php\/slawomir-kwiek\/","title":{"rendered":"S\u0142awomir Kwiek"},"content":{"rendered":"\n<figure id=\"player-profile\" class=\"wp-block-table\"><table class=\"has-fixed-layout\"><tbody><tr><td><img loading=\"lazy\" width=\"780\" height=\"1040\" class=\"wp-image-944\" style=\"width: 400px;\" src=\"http:\/\/wikioks.cal24.pl\/wp-content\/uploads\/2021\/01\/kwiek_slawomir2.jpg\" alt=\"\" srcset=\"https:\/\/wikioks.cal24.pl\/wp-content\/uploads\/2021\/01\/kwiek_slawomir2.jpg 780w, https:\/\/wikioks.cal24.pl\/wp-content\/uploads\/2021\/01\/kwiek_slawomir2-225x300.jpg 225w, https:\/\/wikioks.cal24.pl\/wp-content\/uploads\/2021\/01\/kwiek_slawomir2-768x1024.jpg 768w\" sizes=\"(max-width: 780px) 100vw, 780px\" \/><br><em>Fot. Gazeta Krakowska<\/em><\/td><td><strong>S\u0142awomir Kwiek\u00a0<\/strong>(ur. 3 lutego 1973 roku w Mi\u0144sku Mazowieckim). Polski zawodnik graj\u0105cy na pozycji bramkarza. W Okocimskim wyst\u0105pi\u0142 w 87 meczach (liga + bara\u017ce), w kt\u00f3rych zdoby\u0142 1 bramk\u0119.<br><br>Wychowanek B\u0142\u0119kitnych Tarn\u00f3w. Jako utalentowany junior do\u0142\u0105czy\u0142 do dru\u017cyny seniorskiej tarnowskiego klubu w wieku 14 lat, gdzie wyst\u0119powa\u0142 zar\u00f3wno w pierwszym zespole oraz w dru\u017cynach m\u0142odzie\u017cowych.<br><br>Jego talent dostrzegli dzia\u0142acze Okocimskiego, kt\u00f3rzy latem 1995 roku postanowili pozyska\u0107 m\u0142odego golkipera. W okresie wyst\u0119p\u00f3w &#8222;Piwoszy&#8221; w II lidze pe\u0142ni\u0142 g\u0142\u00f3wnie rol\u0119 zmiennika dla Lucjana Trudnosa i Sebastiana \u0141ukiewicza. Po wycofaniu si\u0119 dru\u017cyny z rozgrywek na rok wyjecha\u0142 do Stan\u00f3w Zjednoczonych, gdzie amatorsko wyst\u0119powa\u0142 w dru\u017cynie AAC Eagles Chicago. Jesieni\u0105 1999 roku powr\u00f3ci\u0142 do Brzeska i bra\u0142 udzia\u0142 w reaktywacji dru\u017cyny w IV lidze. Dwukrotnie zwyci\u0119\u017ca\u0142 z zespo\u0142em &#8222;Piwoszy&#8221; zmagania w grupie wschodniej IV ligi, jednak za ka\u017cdym razem musia\u0142 prze\u0142kn\u0105\u0107 gorycz pora\u017cki w bara\u017cach o awans klas\u0119 wy\u017cej. Po przegranym dwumeczu ze Skawink\u0105 Skawina wiosn\u0105 2002 roku definitywnie po\u017cegna\u0142 si\u0119 z Okocimskim.<br><br>Nast\u0119pnie na rok wyjecha\u0142 do Austrii, gdzie wyst\u0119powa\u0142 w czwartoligowym SC Ostbahn XI. Po powrocie do kraju i kilkuletniej przerwie w wyst\u0119pach wznowi\u0142 gr\u0119 w Rafinerii\/Czarnych Jas\u0142o. Nast\u0119pnie przez dwa sezony amatorsko grywa\u0142 w podtarnowskim LKS-ie Koszyce Wielkie. Co ciekawe wyst\u0119powa\u0142 tam g\u0142\u00f3wnie jako gracz z pola b\u0119d\u0105c przy tym dosy\u0107 bramkostrzelnym zawodnikiem. W 2010 roku powr\u00f3ci\u0142 do Jas\u0142a. Wiosn\u0105 2012 roku wywalczy\u0142 z tym klubem awans do III ligi. P\u00f3\u0142 roku p\u00f3\u017aniej zd\u0105\u017cy\u0142 jeszcze wyst\u0105pi\u0107 w kilku spotkaniach na trzecioligowym szczeblu po czym definitywnie zako\u0144czy\u0142 karier\u0119.<\/td><\/tr><\/tbody><\/table><\/figure>\n\n\n\n<figure id=\"player-data\" class=\"wp-block-table is-style-stripes\"><table><tbody><tr><th>Wzrost i waga<\/th><td>182 cm \/ 80 kg<\/td><\/tr><tr><td><strong>Pozycja<\/strong><\/td><td>bramkarz<\/td><\/tr><tr><th>Lata gry w Okocimskim<\/th><td>1994-98, 1999-02<\/td><\/tr><tr><th>Przebieg kariery<\/th><td>1987-94 <img src=\"http:\/\/wikioks.cal24.pl\/wp-content\/uploads\/2021\/01\/pol.gif\" alt=\"\"> B\u0142\u0119kitni Tarn\u00f3w<br>1994-98 <img src=\"http:\/\/wikioks.cal24.pl\/wp-content\/uploads\/2021\/01\/pol.gif\" alt=\"\"> Okocimski KS Brzesko<br>1998-99 <img loading=\"lazy\" width=\"23\" height=\"15\" src=\"http:\/\/wikioks.cal24.pl\/wp-content\/uploads\/2023\/02\/usa.gif\" class=\"wp-image-2529\" style=\"width: 23px;\" alt=\"\"> AAC Eagles Chicago<br>1999-02 <img src=\"http:\/\/wikioks.cal24.pl\/wp-content\/uploads\/2021\/01\/pol.gif\" alt=\"\"> Okocimski KS Brzesko<br>2003 <img loading=\"lazy\" width=\"23\" height=\"15\" class=\"wp-image-2530\" style=\"width: 23px;\" src=\"http:\/\/wikioks.cal24.pl\/wp-content\/uploads\/2023\/02\/aut.gif\" alt=\"\"> SC Ostbahn XI<br>2006-07 <img src=\"http:\/\/wikioks.cal24.pl\/wp-content\/uploads\/2021\/01\/pol.gif\" alt=\"\"> Rafineria\/Czarni Jas\u0142o<br>2007-09 <img src=\"http:\/\/wikioks.cal24.pl\/wp-content\/uploads\/2021\/01\/pol.gif\" alt=\"\"> LKS Koszyce Wielkie<br>2009-12 <img src=\"http:\/\/wikioks.cal24.pl\/wp-content\/uploads\/2021\/01\/pol.gif\" alt=\"\"> Rafineria\/Czarni Jas\u0142o<br>2012-13 <img src=\"http:\/\/wikioks.cal24.pl\/wp-content\/uploads\/2021\/01\/pol.gif\" alt=\"\"> Czarni Jas\u0142o<\/td><\/tr><tr><th>Debiut w <strong>Okocimskim<\/strong><\/th><td><\/td><\/tr><tr><th>Ostatni mecz w <strong>Okocimskim<\/strong><\/th><td>23.06.2002 (Okocimski KS Brzesko &#8211; Skawinka Skawina)<\/td><\/tr><\/tbody><\/table><\/figure>\n\n\n\n<h3>Bilans zawodnika<\/h3>\n\n\n\n<figure class=\"wp-block-table\"><table><tbody><tr><td><strong>Sezon<\/strong><\/td><td><\/td><td class=\"has-text-align-center\" data-align=\"center\"><strong>Mecze<\/strong><\/td><td class=\"has-text-align-center\" data-align=\"center\"><strong>Bramki<\/strong><\/td><\/tr><tr><td>1995\/96<\/td><td>Okocimski KS Brzesko<\/td><td class=\"has-text-align-center\" data-align=\"center\">5<\/td><td class=\"has-text-align-center\" data-align=\"center\">0<\/td><\/tr><tr><td>1996\/97<\/td><td>Okocimski KS Brzesko<\/td><td class=\"has-text-align-center\" data-align=\"center\">5<\/td><td class=\"has-text-align-center\" data-align=\"center\">0<\/td><\/tr><tr><td>1997\/98<\/td><td>Okocimski KS Brzesko<\/td><td class=\"has-text-align-center\" data-align=\"center\">0<\/td><td class=\"has-text-align-center\" data-align=\"center\">0<\/td><\/tr><tr><td>1999\/00<\/td><td>Okocimski KS Brzesko<\/td><td class=\"has-text-align-center\" data-align=\"center\">33<\/td><td class=\"has-text-align-center\" data-align=\"center\">0<\/td><\/tr><tr><td>2000\/01<\/td><td>Okocimski KS Brzesko<\/td><td class=\"has-text-align-center\" data-align=\"center\">26<\/td><td class=\"has-text-align-center\" data-align=\"center\">1<\/td><\/tr><tr><td>2001\/02<\/td><td>Okocimski KS Brzesko<\/td><td class=\"has-text-align-center\" data-align=\"center\">18<\/td><td class=\"has-text-align-center\" data-align=\"center\">0<\/td><\/tr><tr><td><strong>Razem<\/strong><\/td><td><\/td><td class=\"has-text-align-center\" data-align=\"center\">87<\/td><td class=\"has-text-align-center\" data-align=\"center\">1<\/td><\/tr><\/tbody><\/table><figcaption>Statystyki dotycz\u0105 jedynie mecz\u00f3w ligowych i bara\u017cowych<\/figcaption><\/figure>\n\n\n\n<p><\/p>\n","protected":false},"excerpt":{"rendered":"<p>Fot. Gazeta Krakowska S\u0142awomir Kwiek\u00a0(ur. 3 lutego 1973 roku w Mi\u0144sku Mazowieckim). Polski zawodnik graj\u0105cy na pozycji bramkarza. W Okocimskim<\/p>\n","protected":false},"author":1,"featured_media":0,"parent":0,"menu_order":0,"comment_status":"closed","ping_status":"closed","template":"","meta":{"ngg_post_thumbnail":0},"_links":{"self":[{"href":"https:\/\/wikioks.cal24.pl\/index.php\/wp-json\/wp\/v2\/pages\/2528"}],"collection":[{"href":"https:\/\/wikioks.cal24.pl\/index.php\/wp-json\/wp\/v2\/pages"}],"about":[{"href":"https:\/\/wikioks.cal24.pl\/index.php\/wp-json\/wp\/v2\/types\/page"}],"author":[{"embeddable":true,"href":"https:\/\/wikioks.cal24.pl\/index.php\/wp-json\/wp\/v2\/users\/1"}],"replies":[{"embeddable":true,"href":"https:\/\/wikioks.cal24.pl\/index.php\/wp-json\/wp\/v2\/comments?post=2528"}],"version-history":[{"count":4,"href":"https:\/\/wikioks.cal24.pl\/index.php\/wp-json\/wp\/v2\/pages\/2528\/revisions"}],"predecessor-version":[{"id":3299,"href":"https:\/\/wikioks.cal24.pl\/index.php\/wp-json\/wp\/v2\/pages\/2528\/revisions\/3299"}],"wp:attachment":[{"href":"https:\/\/wikioks.cal24.pl\/index.php\/wp-json\/wp\/v2\/media?parent=2528"}],"curies":[{"name":"wp","href":"https:\/\/api.w.org\/{rel}","templated":true}]}}

Sławomir Kwiek

<figure id="player-profile" class="wp-block-table"><table class="has-fixed-layout"><tbody><tr><td><img loading="lazy" width="780" height="1040" class="wp-image-944" style="width: 400px;" src="http://wikioks.cal24.pl/wp-content/uploads/2021/01/kwiek_slawomir2.jpg" alt="" srcset="https://wikioks.cal24.pl/wp-content/uploads/2021/01/kwiek_slawomir2.jpg 780w, https://wikioks.cal24.pl/wp-content/uploads/2021/01/kwiek_slawomir2-225x300.jpg 225w, https://wikioks.cal24.pl/wp-content/uploads/2021/01/kwiek_slawomir2-768x1024.jpg 768w" sizes="(max-width: 780px) 100vw, 780px" /><br><em>Fot. Gazeta Krakowska</em></td><td><strong>Sławomir Kwiek </strong>(ur. 3 lutego 1973 roku w Mińsku Mazowieckim). Polski zawodnik grający na pozycji bramkarza. W Okocimskim wystąpił w 87 meczach (liga + baraże), w których zdobył 1 bramkę.<br><br>Wychowanek Błękitnych Tarnów. Jako utalentowany junior dołączył do drużyny seniorskiej tarnowskiego klubu w wieku 14 lat, gdzie występował zarówno w pierwszym zespole oraz w drużynach młodzieżowych.<br><br>Jego talent dostrzegli działacze Okocimskiego, którzy latem 1995 roku postanowili pozyskać młodego golkipera. W okresie występów &#8222;Piwoszy&#8221; w II lidze pełnił głównie rolę zmiennika dla Lucjana Trudnosa i Sebastiana Łukiewicza. Po wycofaniu się drużyny z rozgrywek na rok wyjechał do Stanów Zjednoczonych, gdzie amatorsko występował w drużynie AAC Eagles Chicago. Jesienią 1999 roku powrócił do Brzeska i brał udział w reaktywacji drużyny w IV lidze. Dwukrotnie zwyciężał z zespołem &#8222;Piwoszy&#8221; zmagania w grupie wschodniej IV ligi, jednak za każdym razem musiał przełknąć gorycz porażki w barażach o awans klasę wyżej. Po przegranym dwumeczu ze Skawinką Skawina wiosną 2002 roku definitywnie pożegnał się z Okocimskim.<br><br>Następnie na rok wyjechał do Austrii, gdzie występował w czwartoligowym SC Ostbahn XI. Po powrocie do kraju i kilkuletniej przerwie w występach wznowił grę w Rafinerii/Czarnych Jasło. Następnie przez dwa sezony amatorsko grywał w podtarnowskim LKS-ie Koszyce Wielkie. Co ciekawe występował tam głównie jako gracz z pola będąc przy tym dosyć bramkostrzelnym zawodnikiem. W 2010 roku powrócił do Jasła. Wiosną 2012 roku wywalczył z tym klubem awans do III ligi. Pół roku później zdążył jeszcze wystąpić w kilku spotkaniach na trzecioligowym szczeblu po czym definitywnie zakończył karierę.</td></tr></tbody></table></figure>



<figure id="player-data" class="wp-block-table is-style-stripes"><table><tbody><tr><th>Wzrost i waga</th><td>182 cm / 80 kg</td></tr><tr><td><strong>Pozycja</strong></td><td>bramkarz</td></tr><tr><th>Lata gry w Okocimskim</th><td>1994-98, 1999-02</td></tr><tr><th>Przebieg kariery</th><td>1987-94 <img src="http://wikioks.cal24.pl/wp-content/uploads/2021/01/pol.gif" alt=""> Błękitni Tarnów<br>1994-98 <img src="http://wikioks.cal24.pl/wp-content/uploads/2021/01/pol.gif" alt=""> Okocimski KS Brzesko<br>1998-99 <img loading="lazy" width="23" height="15" src="http://wikioks.cal24.pl/wp-content/uploads/2023/02/usa.gif" class="wp-image-2529" style="width: 23px;" alt=""> AAC Eagles Chicago<br>1999-02 <img src="http://wikioks.cal24.pl/wp-content/uploads/2021/01/pol.gif" alt=""> Okocimski KS Brzesko<br>2003 <img loading="lazy" width="23" height="15" class="wp-image-2530" style="width: 23px;" src="http://wikioks.cal24.pl/wp-content/uploads/2023/02/aut.gif" alt=""> SC Ostbahn XI<br>2006-07 <img src="http://wikioks.cal24.pl/wp-content/uploads/2021/01/pol.gif" alt=""> Rafineria/Czarni Jasło<br>2007-09 <img src="http://wikioks.cal24.pl/wp-content/uploads/2021/01/pol.gif" alt=""> LKS Koszyce Wielkie<br>2009-12 <img src="http://wikioks.cal24.pl/wp-content/uploads/2021/01/pol.gif" alt=""> Rafineria/Czarni Jasło<br>2012-13 <img src="http://wikioks.cal24.pl/wp-content/uploads/2021/01/pol.gif" alt=""> Czarni Jasło</td></tr><tr><th>Debiut w <strong>Okocimskim</strong></th><td></td></tr><tr><th>Ostatni mecz w <strong>Okocimskim</strong></th><td>23.06.2002 (Okocimski KS Brzesko &#8211; Skawinka Skawina)</td></tr></tbody></table></figure>



<h3>Bilans zawodnika</h3>



<figure class="wp-block-table"><table><tbody><tr><td><strong>Sezon</strong></td><td></td><td class="has-text-align-center" data-align="center"><strong>Mecze</strong></td><td class="has-text-align-center" data-align="center"><strong>Bramki</strong></td></tr><tr><td>1995/96</td><td>Okocimski KS Brzesko</td><td class="has-text-align-center" data-align="center">5</td><td class="has-text-align-center" data-align="center">0</td></tr><tr><td>1996/97</td><td>Okocimski KS Brzesko</td><td class="has-text-align-center" data-align="center">5</td><td class="has-text-align-center" data-align="center">0</td></tr><tr><td>1997/98</td><td>Okocimski KS Brzesko</td><td class="has-text-align-center" data-align="center">0</td><td class="has-text-align-center" data-align="center">0</td></tr><tr><td>1999/00</td><td>Okocimski KS Brzesko</td><td class="has-text-align-center" data-align="center">33</td><td class="has-text-align-center" data-align="center">0</td></tr><tr><td>2000/01</td><td>Okocimski KS Brzesko</td><td class="has-text-align-center" data-align="center">26</td><td class="has-text-align-center" data-align="center">1</td></tr><tr><td>2001/02</td><td>Okocimski KS Brzesko</td><td class="has-text-align-center" data-align="center">18</td><td class="has-text-align-center" data-align="center">0</td></tr><tr><td><strong>Razem</strong></td><td></td><td class="has-text-align-center" data-align="center">87</td><td class="has-text-align-center" data-align="center">1</td></tr></tbody></table><figcaption>Statystyki dotyczą jedynie meczów ligowych i barażowych</figcaption></figure>



<p></p>

<p>Fot. Gazeta Krakowska Sławomir Kwiek (ur. 3 lutego 1973 roku w Mińsku Mazowieckim). Polski zawodnik grający na pozycji bramkarza. W Okocimskim</p>
