{"id":256,"date":"2020-12-05T18:21:10","date_gmt":"2020-12-05T17:21:10","guid":{"rendered":"http:\/\/wikioks.cal24.pl\/?page_id=256"},"modified":"2026-08-13T14:41:55","modified_gmt":"2026-08-13T12:41:55","slug":"krzysztof-adamowicz","status":"publish","type":"page","link":"https:\/\/wikioks.cal24.pl\/index.php\/krzysztof-adamowicz\/","title":{"rendered":"Krzysztof Adamowicz"},"content":{"rendered":"\n<figure id=\"player-profile\" class=\"wp-block-table\"><table><tbody><tr><td><img loading=\"lazy\" width=\"434\" height=\"531\" class=\"wp-image-1679\" style=\"width: 800px;\" src=\"http:\/\/wikioks.cal24.pl\/wp-content\/uploads\/2022\/11\/krzysztof-adamowicz.png\" alt=\"\" srcset=\"https:\/\/wikioks.cal24.pl\/wp-content\/uploads\/2022\/11\/krzysztof-adamowicz.png 434w, https:\/\/wikioks.cal24.pl\/wp-content\/uploads\/2022\/11\/krzysztof-adamowicz-245x300.png 245w\" sizes=\"(max-width: 434px) 100vw, 434px\" \/><br><em>Fot. <\/em>MATEUSZ TRZUSKOWSKI \/CYFRASPORT \/ NEWSPIX.PL<\/td><td><strong><strong>Krzysztof Adamowicz<\/strong>&nbsp;<\/strong>(ur. 10 czerwca 1971 w \u0141odzi). Polski zawodnik graj\u0105cy na pozycji obro\u0144cy. W Okocimskim wyst\u0119powa\u0142 w rundzie wiosennej sezonu 1993\/94. \u0141\u0105cznie w II lidze w barwach brzeskiego klubu rozegra\u0142 10 spotka\u0144 zdobywaj\u0105c w nich 2 bramki.<br><br>Wywodzi si\u0119 z regionu \u0142\u00f3dzkiego. Pierwsze pi\u0142karskie szlify zbiera\u0142 w \u0141\u00f3dzkim KS-ie, kt\u00f3rego by\u0142 wychowankiem. Po zako\u0144czeniu wieku juniora, ze wzgl\u0119du na brak mo\u017cliwo\u015bci gry w ekstraklasowym zespole zosta\u0142 zmuszony do szukania swojej szansy w klubach z ni\u017cszych lig. <br><br>Po zako\u0144czeniu kariery pi\u0142karskiej w 2003 roku rozpocz\u0105\u0142 prac\u0119 trenersk\u0105. W latach 2010-2012 pe\u0142ni\u0142 rol\u0119 asystenta w sztabie szkoleniowym pierwszej dru\u017cyny \u0141\u00f3dzkiego KS. Tam pracowa\u0142 u boku takich szkoleniowc\u00f3w jak Micha\u0142 Probierz, Ryszard Tarasiewicz, Andrzej Pyrdo\u0142 czy Piotr \u015awierczewski. Nast\u0119pnie prowadzi\u0142 zespo\u0142y z ni\u017cszych lig w regionie \u0142\u00f3dzkim (m.in. W\u0142\u00f3kniarz Konstantyn\u00f3w \u0141\u00f3dzki). Od kilku lat pracuje g\u0142\u00f3wnie jako szkoleniowiec m\u0142odzie\u017cy w klubie z Konstantynowa \u0141\u00f3dzkiego. Posiada licencj\u0119 trenersk\u0105 UEFA A.<\/td><\/tr><\/tbody><\/table><\/figure>\n\n\n\n<figure id=\"player-data\" class=\"wp-block-table is-style-stripes\"><table><tbody><tr><th>Wzrost i waga<\/th><td>186 cm \/ 87 kg<\/td><\/tr><tr><td><strong>Pozycja<\/strong><\/td><td>obro\u0144ca<\/td><\/tr><tr><th>Lata gry w Okocimskim<\/th><td>1994<\/td><\/tr><tr><th>Przebieg kariery<\/th><td>1982-90 <img src=\"http:\/\/wikioks.cal24.pl\/wp-content\/uploads\/2021\/01\/pol.gif\" alt=\"\"> \u0141\u00f3dzki KS (juniorzy)<br>1990-93 <img src=\"http:\/\/wikioks.cal24.pl\/wp-content\/uploads\/2021\/01\/pol.gif\" alt=\"\"> Terpol Sieradz<br>1993 <img src=\"http:\/\/wikioks.cal24.pl\/wp-content\/uploads\/2021\/01\/pol.gif\" alt=\"\"> Pelikan \u0141owicz<br>1993 <img src=\"http:\/\/wikioks.cal24.pl\/wp-content\/uploads\/2021\/01\/pol.gif\" alt=\"\"> Warta Sieradz<br>1994 <img src=\"http:\/\/wikioks.cal24.pl\/wp-content\/uploads\/2021\/01\/pol.gif\" alt=\"\"> Okocimski KS Brzesko<br>1994-95 <img src=\"http:\/\/wikioks.cal24.pl\/wp-content\/uploads\/2021\/01\/pol.gif\" alt=\"\"> RKS Radomsko<br>1995-97 <img src=\"http:\/\/wikioks.cal24.pl\/wp-content\/uploads\/2021\/01\/pol.gif\" alt=\"\"> Ceramika Opoczno<br>1997-98 <img src=\"http:\/\/wikioks.cal24.pl\/wp-content\/uploads\/2021\/01\/pol.gif\" alt=\"\"> Marko Walichnowy<br>1998-99 <img src=\"http:\/\/wikioks.cal24.pl\/wp-content\/uploads\/2021\/01\/pol.gif\" alt=\"\"> Marko\/WKS Wielu\u0144<br>1999-01 <img src=\"http:\/\/wikioks.cal24.pl\/wp-content\/uploads\/2021\/01\/pol.gif\" alt=\"\"> Start \u0141\u00f3d\u017a<br>2002-03 <img src=\"http:\/\/wikioks.cal24.pl\/wp-content\/uploads\/2021\/01\/pol.gif\" alt=\"\"> W\u0142\u00f3kniarz Konstantyn\u00f3w \u0141\u00f3dzki<\/td><\/tr><tr><th>Debiut w <strong>Okocimskim<\/strong><\/th><td>20.03.1994 (Okocimski KS Brzesko &#8211; B\u0142\u0119kitni Kielce 3:2)<\/td><\/tr><tr><th>Ostatni mecz w <strong>Okocimskim<\/strong><\/th><td>22.05.1994 (Okocimski KS Brzesko &#8211; Hetman Zamo\u015b\u0107 2:1)<\/td><\/tr><\/tbody><\/table><\/figure>\n\n\n\n<h3>Bilans zawodnika<\/h3>\n\n\n\n<figure class=\"wp-block-table\"><table><tbody><tr><td><strong>Sezon<\/strong><\/td><td><\/td><td class=\"has-text-align-center\" data-align=\"center\"><strong>Mecze<\/strong><\/td><td class=\"has-text-align-center\" data-align=\"center\"><strong>Bramki<\/strong><\/td><\/tr><tr><td>1993\/94 (w)<\/td><td>Okocimski KS Brzesko<\/td><td class=\"has-text-align-center\" data-align=\"center\">10<\/td><td class=\"has-text-align-center\" data-align=\"center\">2<\/td><\/tr><tr><td><strong>Razem<\/strong><\/td><td><\/td><td class=\"has-text-align-center\" data-align=\"center\">10<\/td><td class=\"has-text-align-center\" data-align=\"center\">2<\/td><\/tr><\/tbody><\/table><figcaption>Statystyki dotycz\u0105 jedynie mecz\u00f3w ligowych<\/figcaption><\/figure>\n\n\n\n<p><\/p>\n","protected":false},"excerpt":{"rendered":"<p>Fot. MATEUSZ TRZUSKOWSKI \/CYFRASPORT \/ NEWSPIX.PL Krzysztof Adamowicz&nbsp;(ur. 10 czerwca 1971 w \u0141odzi). Polski zawodnik graj\u0105cy na pozycji obro\u0144cy. W<\/p>\n","protected":false},"author":1,"featured_media":0,"parent":0,"menu_order":0,"comment_status":"closed","ping_status":"closed","template":"","meta":{"ngg_post_thumbnail":0},"_links":{"self":[{"href":"https:\/\/wikioks.cal24.pl\/index.php\/wp-json\/wp\/v2\/pages\/256"}],"collection":[{"href":"https:\/\/wikioks.cal24.pl\/index.php\/wp-json\/wp\/v2\/pages"}],"about":[{"href":"https:\/\/wikioks.cal24.pl\/index.php\/wp-json\/wp\/v2\/types\/page"}],"author":[{"embeddable":true,"href":"https:\/\/wikioks.cal24.pl\/index.php\/wp-json\/wp\/v2\/users\/1"}],"replies":[{"embeddable":true,"href":"https:\/\/wikioks.cal24.pl\/index.php\/wp-json\/wp\/v2\/comments?post=256"}],"version-history":[{"count":13,"href":"https:\/\/wikioks.cal24.pl\/index.php\/wp-json\/wp\/v2\/pages\/256\/revisions"}],"predecessor-version":[{"id":6688,"href":"https:\/\/wikioks.cal24.pl\/index.php\/wp-json\/wp\/v2\/pages\/256\/revisions\/6688"}],"wp:attachment":[{"href":"https:\/\/wikioks.cal24.pl\/index.php\/wp-json\/wp\/v2\/media?parent=256"}],"curies":[{"name":"wp","href":"https:\/\/api.w.org\/{rel}","templated":true}]}}

<figure id="player-profile" class="wp-block-table"><table><tbody><tr><td><img loading="lazy" width="434" height="531" class="wp-image-1679" style="width: 800px;" src="http://wikioks.cal24.pl/wp-content/uploads/2022/11/krzysztof-adamowicz.png" alt="" srcset="https://wikioks.cal24.pl/wp-content/uploads/2022/11/krzysztof-adamowicz.png 434w, https://wikioks.cal24.pl/wp-content/uploads/2022/11/krzysztof-adamowicz-245x300.png 245w" sizes="(max-width: 434px) 100vw, 434px" /><br><em>Fot. </em>MATEUSZ TRZUSKOWSKI /CYFRASPORT / NEWSPIX.PL</td><td><strong><strong>Krzysztof Adamowicz</strong>&nbsp;</strong>(ur. 10 czerwca 1971 w Łodzi). Polski zawodnik grający na pozycji obrońcy. W Okocimskim występował w rundzie wiosennej sezonu 1993/94. Łącznie w II lidze w barwach brzeskiego klubu rozegrał 10 spotkań zdobywając w nich 2 bramki.<br><br>Wywodzi się z regionu łódzkiego. Pierwsze piłkarskie szlify zbierał w Łódzkim KS-ie, którego był wychowankiem. Po zakończeniu wieku juniora, ze względu na brak możliwości gry w ekstraklasowym zespole został zmuszony do szukania swojej szansy w klubach z niższych lig. <br><br>Po zakończeniu kariery piłkarskiej w 2003 roku rozpoczął pracę trenerską. W latach 2010-2012 pełnił rolę asystenta w sztabie szkoleniowym pierwszej drużyny Łódzkiego KS. Tam pracował u boku takich szkoleniowców jak Michał Probierz, Ryszard Tarasiewicz, Andrzej Pyrdoł czy Piotr Świerczewski. Następnie prowadził zespoły z niższych lig w regionie łódzkim (m.in. Włókniarz Konstantynów Łódzki). Od kilku lat pracuje głównie jako szkoleniowiec młodzieży w klubie z Konstantynowa Łódzkiego. Posiada licencję trenerską UEFA A.</td></tr></tbody></table></figure>



<figure id="player-data" class="wp-block-table is-style-stripes"><table><tbody><tr><th>Wzrost i waga</th><td>186 cm / 87 kg</td></tr><tr><td><strong>Pozycja</strong></td><td>obrońca</td></tr><tr><th>Lata gry w Okocimskim</th><td>1994</td></tr><tr><th>Przebieg kariery</th><td>1982-90 <img src="http://wikioks.cal24.pl/wp-content/uploads/2021/01/pol.gif" alt=""> Łódzki KS (juniorzy)<br>1990-93 <img src="http://wikioks.cal24.pl/wp-content/uploads/2021/01/pol.gif" alt=""> Terpol Sieradz<br>1993 <img src="http://wikioks.cal24.pl/wp-content/uploads/2021/01/pol.gif" alt=""> Pelikan Łowicz<br>1993 <img src="http://wikioks.cal24.pl/wp-content/uploads/2021/01/pol.gif" alt=""> Warta Sieradz<br>1994 <img src="http://wikioks.cal24.pl/wp-content/uploads/2021/01/pol.gif" alt=""> Okocimski KS Brzesko<br>1994-95 <img src="http://wikioks.cal24.pl/wp-content/uploads/2021/01/pol.gif" alt=""> RKS Radomsko<br>1995-97 <img src="http://wikioks.cal24.pl/wp-content/uploads/2021/01/pol.gif" alt=""> Ceramika Opoczno<br>1997-98 <img src="http://wikioks.cal24.pl/wp-content/uploads/2021/01/pol.gif" alt=""> Marko Walichnowy<br>1998-99 <img src="http://wikioks.cal24.pl/wp-content/uploads/2021/01/pol.gif" alt=""> Marko/WKS Wieluń<br>1999-01 <img src="http://wikioks.cal24.pl/wp-content/uploads/2021/01/pol.gif" alt=""> Start Łódź<br>2002-03 <img src="http://wikioks.cal24.pl/wp-content/uploads/2021/01/pol.gif" alt=""> Włókniarz Konstantynów Łódzki</td></tr><tr><th>Debiut w <strong>Okocimskim</strong></th><td>20.03.1994 (Okocimski KS Brzesko &#8211; Błękitni Kielce 3:2)</td></tr><tr><th>Ostatni mecz w <strong>Okocimskim</strong></th><td>22.05.1994 (Okocimski KS Brzesko &#8211; Hetman Zamość 2:1)</td></tr></tbody></table></figure>



<h3>Bilans zawodnika</h3>



<figure class="wp-block-table"><table><tbody><tr><td><strong>Sezon</strong></td><td></td><td class="has-text-align-center" data-align="center"><strong>Mecze</strong></td><td class="has-text-align-center" data-align="center"><strong>Bramki</strong></td></tr><tr><td>1993/94 (w)</td><td>Okocimski KS Brzesko</td><td class="has-text-align-center" data-align="center">10</td><td class="has-text-align-center" data-align="center">2</td></tr><tr><td><strong>Razem</strong></td><td></td><td class="has-text-align-center" data-align="center">10</td><td class="has-text-align-center" data-align="center">2</td></tr></tbody></table><figcaption>Statystyki dotyczą jedynie meczów ligowych</figcaption></figure>



<p></p>

<p>Fot. MATEUSZ TRZUSKOWSKI /CYFRASPORT / NEWSPIX.PL Krzysztof Adamowicz&nbsp;(ur. 10 czerwca 1971 w Łodzi). Polski zawodnik grający na pozycji obrońcy. W</p>
