{"id":2712,"date":"2023-03-16T22:43:46","date_gmt":"2023-03-16T21:43:46","guid":{"rendered":"http:\/\/wikioks.cal24.pl\/?page_id=2712"},"modified":"2025-07-15T23:46:07","modified_gmt":"2025-07-15T21:46:07","slug":"tomasz-jagielka","status":"publish","type":"page","link":"https:\/\/wikioks.cal24.pl\/index.php\/tomasz-jagielka\/","title":{"rendered":"Tomasz Jagie\u0142ka"},"content":{"rendered":"\n<figure id=\"player-profile\" class=\"wp-block-table\"><table class=\"has-fixed-layout\"><tbody><tr><td><img loading=\"lazy\" width=\"600\" height=\"800\" class=\"wp-image-1151\" style=\"width: 400px;\" src=\"http:\/\/wikioks.cal24.pl\/wp-content\/uploads\/2021\/01\/jagielka-2016.jpg\" alt=\"\" srcset=\"https:\/\/wikioks.cal24.pl\/wp-content\/uploads\/2021\/01\/jagielka-2016.jpg 600w, https:\/\/wikioks.cal24.pl\/wp-content\/uploads\/2021\/01\/jagielka-2016-225x300.jpg 225w\" sizes=\"(max-width: 600px) 100vw, 600px\" \/><br><em>Fot. Maciej Pytka<\/em><\/td><td><strong>Tomasz Jagie\u0142ka <\/strong>(ur. 9 listopada 1999 w Brzesku). Polski zawodnik graj\u0105cy na pozycji bramkarza. Wychowanek Strzelca Okulice. <br><br>Do Okocimskiego do\u0142\u0105czy\u0142 w 2012 roku. Pocz\u0105tkowo reprezentowa\u0142 zespo\u0142y m\u0142odzie\u017cowe brzeskiego klubu oraz zesp\u00f3\u0142 rezerw. Jesieni\u0105 2016 roku zadebiutowa\u0142 w pierwszym zespole Okocimskiego wyst\u0119puj\u0105cym w\u00f3wczas w klasie okr\u0119gowej, jednak z uwagi na mocn\u0105 konkurencj\u0119 mi\u0119dzy s\u0142upkami nie by\u0142 w stanie wywalczy\u0107 miejsca w podstawowym sk\u0142adzie. <br><br>Wypo\u017cyczany do Stra\u017caka Mokrzyska i GKS-u Drwinia. W latach 2019-2023 zawodnik LKS-u Por\u0119ba Spytkowska, z kt\u00f3rym wywalczy\u0142 historyczny awans do klasy okr\u0119gowej.<br><br>Od rundy jesiennej sezonu 2023\/24 ponownie reprezentuje barwy Okocimskiego.<\/td><\/tr><\/tbody><\/table><\/figure>\n\n\n\n<figure id=\"player-data\" class=\"wp-block-table is-style-stripes\"><table><tbody><tr><th>Wzrost i waga<\/th><td>182 cm \/ 82 kg<\/td><\/tr><tr><td><strong>Pozycja<\/strong><\/td><td>bramkarz<\/td><\/tr><tr><th>Lata gry w Okocimskim<\/th><td>2016, 2017, 2018, od 2023<\/td><\/tr><tr><th>Przebieg kariery<\/th><td><img loading=\"lazy\" width=\"23\" height=\"15\" class=\"wp-image-887\" style=\"width: 23px;\" src=\"http:\/\/wikioks.cal24.pl\/wp-content\/uploads\/2021\/01\/pol.gif\" alt=\"\"> Strzelec Okulice (juniorzy)<br>2012-16 <img src=\"http:\/\/wikioks.cal24.pl\/wp-content\/uploads\/2021\/01\/pol.gif\" alt=\"\"> Okocimski KS Brzesko (juniorzy)<br>2016 <img src=\"http:\/\/wikioks.cal24.pl\/wp-content\/uploads\/2021\/01\/pol.gif\" alt=\"\"> Okocimski KS Brzesko<br>2017 <img src=\"http:\/\/wikioks.cal24.pl\/wp-content\/uploads\/2021\/01\/pol.gif\" alt=\"\"> Stra\u017cak Mokrzyska<br>2017 <img src=\"http:\/\/wikioks.cal24.pl\/wp-content\/uploads\/2021\/01\/pol.gif\" alt=\"\"> Okocimski KS Brzesko<br>2018 <img src=\"http:\/\/wikioks.cal24.pl\/wp-content\/uploads\/2021\/01\/pol.gif\" alt=\"\"> GKS Drwinia<br>2018 <img src=\"http:\/\/wikioks.cal24.pl\/wp-content\/uploads\/2021\/01\/pol.gif\" alt=\"\"> Okocimski KS Brzesko<br>2019-23 <img src=\"http:\/\/wikioks.cal24.pl\/wp-content\/uploads\/2021\/01\/pol.gif\" alt=\"\"> LKS Por\u0119ba Spytkowska<br>od 2023 <img src=\"http:\/\/wikioks.cal24.pl\/wp-content\/uploads\/2021\/01\/pol.gif\" alt=\"\"> Okocimski KS Brzesko<\/td><\/tr><tr><th>Debiut w <strong>Okocimskim<\/strong><\/th><td>14.08.2016&nbsp;(Dunajec Zakliczyn \u2013 Okocimski KS Brzesko 0:5)<\/td><\/tr><tr><th>Ostatni mecz w <strong>Okocimskim<\/strong><\/th><td>&#8211;<\/td><\/tr><\/tbody><\/table><\/figure>\n\n\n\n<h3>Bilans zawodnika<\/h3>\n\n\n\n<figure class=\"wp-block-table\"><table><tbody><tr><td><strong>Sezon<\/strong><\/td><td><\/td><td class=\"has-text-align-center\" data-align=\"center\"><strong>Mecze<\/strong><\/td><td class=\"has-text-align-center\" data-align=\"center\"><strong>Bramki<\/strong><\/td><\/tr><tr><td>2016\/17 (j)<\/td><td>Okocimski KS Brzesko<\/td><td class=\"has-text-align-center\" data-align=\"center\">1<\/td><td class=\"has-text-align-center\" data-align=\"center\">0<\/td><\/tr><tr><td>2017\/18 (j)<\/td><td>Okocimski KS Brzesko<\/td><td class=\"has-text-align-center\" data-align=\"center\">1<\/td><td class=\"has-text-align-center\" data-align=\"center\">0<\/td><\/tr><tr><td>2018\/19 (j)<\/td><td>Okocimski KS Brzesko<\/td><td class=\"has-text-align-center\" data-align=\"center\">0<\/td><td class=\"has-text-align-center\" data-align=\"center\">0<\/td><\/tr><tr><td>2023\/24<\/td><td>Okocimski KS Brzesko<\/td><td class=\"has-text-align-center\" data-align=\"center\">21<\/td><td class=\"has-text-align-center\" data-align=\"center\">0<\/td><\/tr><tr><td>2024\/25<\/td><td>Okocimski KS Brzesko<\/td><td class=\"has-text-align-center\" data-align=\"center\">11<\/td><td class=\"has-text-align-center\" data-align=\"center\">0<\/td><\/tr><tr><td><strong>Razem<\/strong><\/td><td><\/td><td class=\"has-text-align-center\" data-align=\"center\">34<\/td><td class=\"has-text-align-center\" data-align=\"center\">0<\/td><\/tr><\/tbody><\/table><figcaption>Statystyki dotycz\u0105 jedynie mecz\u00f3w ligowych<\/figcaption><\/figure>\n\n\n\n<p><\/p>\n","protected":false},"excerpt":{"rendered":"<p>Fot. Maciej Pytka Tomasz Jagie\u0142ka (ur. 9 listopada 1999 w Brzesku). Polski zawodnik graj\u0105cy na pozycji bramkarza. Wychowanek Strzelca Okulice.<\/p>\n","protected":false},"author":1,"featured_media":0,"parent":0,"menu_order":0,"comment_status":"closed","ping_status":"closed","template":"","meta":{"ngg_post_thumbnail":0},"_links":{"self":[{"href":"https:\/\/wikioks.cal24.pl\/index.php\/wp-json\/wp\/v2\/pages\/2712"}],"collection":[{"href":"https:\/\/wikioks.cal24.pl\/index.php\/wp-json\/wp\/v2\/pages"}],"about":[{"href":"https:\/\/wikioks.cal24.pl\/index.php\/wp-json\/wp\/v2\/types\/page"}],"author":[{"embeddable":true,"href":"https:\/\/wikioks.cal24.pl\/index.php\/wp-json\/wp\/v2\/users\/1"}],"replies":[{"embeddable":true,"href":"https:\/\/wikioks.cal24.pl\/index.php\/wp-json\/wp\/v2\/comments?post=2712"}],"version-history":[{"count":7,"href":"https:\/\/wikioks.cal24.pl\/index.php\/wp-json\/wp\/v2\/pages\/2712\/revisions"}],"predecessor-version":[{"id":6120,"href":"https:\/\/wikioks.cal24.pl\/index.php\/wp-json\/wp\/v2\/pages\/2712\/revisions\/6120"}],"wp:attachment":[{"href":"https:\/\/wikioks.cal24.pl\/index.php\/wp-json\/wp\/v2\/media?parent=2712"}],"curies":[{"name":"wp","href":"https:\/\/api.w.org\/{rel}","templated":true}]}}

Tomasz Jagiełka

<figure id="player-profile" class="wp-block-table"><table class="has-fixed-layout"><tbody><tr><td><img loading="lazy" width="600" height="800" class="wp-image-1151" style="width: 400px;" src="http://wikioks.cal24.pl/wp-content/uploads/2021/01/jagielka-2016.jpg" alt="" srcset="https://wikioks.cal24.pl/wp-content/uploads/2021/01/jagielka-2016.jpg 600w, https://wikioks.cal24.pl/wp-content/uploads/2021/01/jagielka-2016-225x300.jpg 225w" sizes="(max-width: 600px) 100vw, 600px" /><br><em>Fot. Maciej Pytka</em></td><td><strong>Tomasz Jagiełka </strong>(ur. 9 listopada 1999 w Brzesku). Polski zawodnik grający na pozycji bramkarza. Wychowanek Strzelca Okulice. <br><br>Do Okocimskiego dołączył w 2012 roku. Początkowo reprezentował zespoły młodzieżowe brzeskiego klubu oraz zespół rezerw. Jesienią 2016 roku zadebiutował w pierwszym zespole Okocimskiego występującym wówczas w klasie okręgowej, jednak z uwagi na mocną konkurencję między słupkami nie był w stanie wywalczyć miejsca w podstawowym składzie. <br><br>Wypożyczany do Strażaka Mokrzyska i GKS-u Drwinia. W latach 2019-2023 zawodnik LKS-u Poręba Spytkowska, z którym wywalczył historyczny awans do klasy okręgowej.<br><br>Od rundy jesiennej sezonu 2023/24 ponownie reprezentuje barwy Okocimskiego.</td></tr></tbody></table></figure>



<figure id="player-data" class="wp-block-table is-style-stripes"><table><tbody><tr><th>Wzrost i waga</th><td>182 cm / 82 kg</td></tr><tr><td><strong>Pozycja</strong></td><td>bramkarz</td></tr><tr><th>Lata gry w Okocimskim</th><td>2016, 2017, 2018, od 2023</td></tr><tr><th>Przebieg kariery</th><td><img loading="lazy" width="23" height="15" class="wp-image-887" style="width: 23px;" src="http://wikioks.cal24.pl/wp-content/uploads/2021/01/pol.gif" alt=""> Strzelec Okulice (juniorzy)<br>2012-16 <img src="http://wikioks.cal24.pl/wp-content/uploads/2021/01/pol.gif" alt=""> Okocimski KS Brzesko (juniorzy)<br>2016 <img src="http://wikioks.cal24.pl/wp-content/uploads/2021/01/pol.gif" alt=""> Okocimski KS Brzesko<br>2017 <img src="http://wikioks.cal24.pl/wp-content/uploads/2021/01/pol.gif" alt=""> Strażak Mokrzyska<br>2017 <img src="http://wikioks.cal24.pl/wp-content/uploads/2021/01/pol.gif" alt=""> Okocimski KS Brzesko<br>2018 <img src="http://wikioks.cal24.pl/wp-content/uploads/2021/01/pol.gif" alt=""> GKS Drwinia<br>2018 <img src="http://wikioks.cal24.pl/wp-content/uploads/2021/01/pol.gif" alt=""> Okocimski KS Brzesko<br>2019-23 <img src="http://wikioks.cal24.pl/wp-content/uploads/2021/01/pol.gif" alt=""> LKS Poręba Spytkowska<br>od 2023 <img src="http://wikioks.cal24.pl/wp-content/uploads/2021/01/pol.gif" alt=""> Okocimski KS Brzesko</td></tr><tr><th>Debiut w <strong>Okocimskim</strong></th><td>14.08.2016&nbsp;(Dunajec Zakliczyn – Okocimski KS Brzesko 0:5)</td></tr><tr><th>Ostatni mecz w <strong>Okocimskim</strong></th><td>&#8211;</td></tr></tbody></table></figure>



<h3>Bilans zawodnika</h3>



<figure class="wp-block-table"><table><tbody><tr><td><strong>Sezon</strong></td><td></td><td class="has-text-align-center" data-align="center"><strong>Mecze</strong></td><td class="has-text-align-center" data-align="center"><strong>Bramki</strong></td></tr><tr><td>2016/17 (j)</td><td>Okocimski KS Brzesko</td><td class="has-text-align-center" data-align="center">1</td><td class="has-text-align-center" data-align="center">0</td></tr><tr><td>2017/18 (j)</td><td>Okocimski KS Brzesko</td><td class="has-text-align-center" data-align="center">1</td><td class="has-text-align-center" data-align="center">0</td></tr><tr><td>2018/19 (j)</td><td>Okocimski KS Brzesko</td><td class="has-text-align-center" data-align="center">0</td><td class="has-text-align-center" data-align="center">0</td></tr><tr><td>2023/24</td><td>Okocimski KS Brzesko</td><td class="has-text-align-center" data-align="center">21</td><td class="has-text-align-center" data-align="center">0</td></tr><tr><td>2024/25</td><td>Okocimski KS Brzesko</td><td class="has-text-align-center" data-align="center">11</td><td class="has-text-align-center" data-align="center">0</td></tr><tr><td><strong>Razem</strong></td><td></td><td class="has-text-align-center" data-align="center">34</td><td class="has-text-align-center" data-align="center">0</td></tr></tbody></table><figcaption>Statystyki dotyczą jedynie meczów ligowych</figcaption></figure>



<p></p>

<p>Fot. Maciej Pytka Tomasz Jagiełka (ur. 9 listopada 1999 w Brzesku). Polski zawodnik grający na pozycji bramkarza. Wychowanek Strzelca Okulice.</p>
