{"id":3283,"date":"2023-05-05T15:11:07","date_gmt":"2023-05-05T13:11:07","guid":{"rendered":"http:\/\/wikioks.cal24.pl\/?page_id=3283"},"modified":"2026-06-15T20:20:27","modified_gmt":"2026-06-15T18:20:27","slug":"michal-zydron","status":"publish","type":"page","link":"https:\/\/wikioks.cal24.pl\/index.php\/michal-zydron\/","title":{"rendered":"Micha\u0142 Zydro\u0144"},"content":{"rendered":"\n<figure id=\"player-profile\" class=\"wp-block-table\"><table class=\"has-fixed-layout\"><tbody><tr><td><img loading=\"lazy\" width=\"600\" height=\"800\" class=\"wp-image-1145\" style=\"width: 400px;\" src=\"http:\/\/wikioks.cal24.pl\/wp-content\/uploads\/2021\/01\/zydron-michal-2016-1.jpg\" alt=\"\" srcset=\"https:\/\/wikioks.cal24.pl\/wp-content\/uploads\/2021\/01\/zydron-michal-2016-1.jpg 600w, https:\/\/wikioks.cal24.pl\/wp-content\/uploads\/2021\/01\/zydron-michal-2016-1-225x300.jpg 225w\" sizes=\"(max-width: 600px) 100vw, 600px\" \/><br><em>Fot. Maciej Pytka<\/em><\/td><td><strong><strong>Micha\u0142 Zydro\u0144 <\/strong><\/strong>(ur. 3 marca 1998). Polski zawodnik wyst\u0119puj\u0105cy na pozycji pomocnika.<br><br>Pochodzi z rodziny mocno zwi\u0105zanej z brzeskim klubem. Jego dziadek Jerzy przez wiele lat pe\u0142ni\u0142 funkcj\u0119 wiceprezesa klubu, a wujek Szczepan w latach 2003-07 by\u0142 prezesem OKS-u. Naturalne wi\u0119c by\u0142o, \u017ce Micha\u0142 Zydro\u0144 pierwsze kroki skierowa\u0142 w\u0142a\u015bnie do Okocimskiego, gdzie zbiera\u0142 pierwsze szlify w grupach m\u0142odzie\u017cowych. Wiosn\u0105 2015 roku jeszcze jako junior do\u0142\u0105czy\u0142 do drugiej dru\u017cyny wyst\u0119puj\u0105cej w klasie okr\u0119gowej. Latem 2016 zadebiutowa\u0142 oficjalnie w pierwszym zespole Okocimskiego graj\u0105cym na tym samym szczeblu rozgrywkowym po wycofaniu dru\u017cyny z II ligi. W 2018 roku pod wodz\u0105 trenera Rafa\u0142a Polichta wywalczy\u0142 awans do IV ligi. P\u00f3\u0142 roku p\u00f3\u017aniej zdecydowa\u0142 si\u0119 na wypo\u017cyczenie do Soko\u0142a Maszkienice, gdzie gra\u0142 do po\u0142owy sezonu 2020\/21. Nast\u0119pnie powr\u00f3ci\u0142 do Okocimskiego by przez kolejne 1,5 roku wyst\u0119powa\u0107 w bia\u0142o-zielonych barwach na boiskach IV ligi.<br><br>W przerwie zimowej sezonu 2022\/23, razem z Karolem Jurkiewiczem zdecydowa\u0142 o odej\u015bciu z pierwszej dru\u017cyny Okocimskiego. Przez rok kontynuowa gr\u0119 w dru\u017cynie rezerw, po czym wiosn\u0105 2024 roku ponownie do\u0142\u0105czy\u0142 do pierwszego zespo\u0142u &#8222;Piwoszy&#8221;.<\/td><\/tr><\/tbody><\/table><\/figure>\n\n\n\n<figure id=\"player-data\" class=\"wp-block-table is-style-stripes\"><table><tbody><tr><th>Wzrost i waga<\/th><td><\/td><\/tr><tr><td><strong>Pozycja<\/strong><\/td><td>pomocnik<\/td><\/tr><tr><th>Lata gry w Okocimskim<\/th><td>2016-18, 2021-22, od 2024<\/td><\/tr><tr><th>Przebieg kariery<\/th><td>2009-14 <img src=\"http:\/\/wikioks.cal24.pl\/wp-content\/uploads\/2021\/01\/pol.gif\" alt=\"\"> Okocimski KS Brzesko (juniorzy)<br>2015-16 <img src=\"http:\/\/wikioks.cal24.pl\/wp-content\/uploads\/2021\/01\/pol.gif\" alt=\"\"> Okocimski KS II Brzesko<br>2016-18 <img src=\"http:\/\/wikioks.cal24.pl\/wp-content\/uploads\/2021\/01\/pol.gif\" alt=\"\"> Okocimski KS Brzesko<br>2019-20 <img src=\"http:\/\/wikioks.cal24.pl\/wp-content\/uploads\/2021\/01\/pol.gif\" alt=\"\"> Sok\u00f3\u0142 Maszkienice<br>2021-22 <img src=\"http:\/\/wikioks.cal24.pl\/wp-content\/uploads\/2021\/01\/pol.gif\" alt=\"\"> Okocimski KS Brzesko<br>2023-24 <img src=\"http:\/\/wikioks.cal24.pl\/wp-content\/uploads\/2021\/01\/pol.gif\" alt=\"\"> Okocimski KS II Brzesko<br>od 2024 <img src=\"http:\/\/wikioks.cal24.pl\/wp-content\/uploads\/2021\/01\/pol.gif\" alt=\"\"> Okocimski KS Brzesko<\/td><\/tr><tr><th>Debiut w <strong>Okocimskim<\/strong><\/th><td>05.08.2016 (Gwizdki Brzesko \u2013 Okocimski KS Brzesko 1:5) \/ Puchar Polski<\/td><\/tr><tr><th>Ostatni mecz w <strong>Okocimskim<\/strong><\/th><td>&#8211;<\/td><\/tr><\/tbody><\/table><\/figure>\n\n\n\n<h3>Bilans zawodnika<\/h3>\n\n\n\n<figure class=\"wp-block-table\"><table><tbody><tr><td><strong>Sezon<\/strong><\/td><td><\/td><td class=\"has-text-align-center\" data-align=\"center\"><strong>Mecze<\/strong><\/td><td class=\"has-text-align-center\" data-align=\"center\"><strong>Bramki<\/strong><\/td><\/tr><tr><td>2016\/17<\/td><td>Okocimski KS Brzesko<\/td><td class=\"has-text-align-center\" data-align=\"center\">23<\/td><td class=\"has-text-align-center\" data-align=\"center\">2<\/td><\/tr><tr><td>2017\/18<\/td><td>Okocimski KS Brzesko<\/td><td class=\"has-text-align-center\" data-align=\"center\">25<\/td><td class=\"has-text-align-center\" data-align=\"center\">2<\/td><\/tr><tr><td>2018\/19 (j)<\/td><td>Okocimski KS Brzesko<\/td><td class=\"has-text-align-center\" data-align=\"center\">5<\/td><td class=\"has-text-align-center\" data-align=\"center\">0<\/td><\/tr><tr><td>2020\/21 (w)<\/td><td>Okocimski KS Brzesko<\/td><td class=\"has-text-align-center\" data-align=\"center\">12<\/td><td class=\"has-text-align-center\" data-align=\"center\">0<\/td><\/tr><tr><td>2021\/22<\/td><td>Okocimski KS Brzesko<\/td><td class=\"has-text-align-center\" data-align=\"center\">26<\/td><td class=\"has-text-align-center\" data-align=\"center\">0<\/td><\/tr><tr><td>2022\/23 (j)<\/td><td>Okocimski KS Brzesko<\/td><td class=\"has-text-align-center\" data-align=\"center\">9<\/td><td class=\"has-text-align-center\" data-align=\"center\">0<\/td><\/tr><tr><td>2023\/24 (w)<\/td><td>Okocimski KS Brzesko<\/td><td class=\"has-text-align-center\" data-align=\"center\">9<\/td><td class=\"has-text-align-center\" data-align=\"center\">0<\/td><\/tr><tr><td>2024\/25<\/td><td>Okocimski KS Brzesko<\/td><td class=\"has-text-align-center\" data-align=\"center\">22<\/td><td class=\"has-text-align-center\" data-align=\"center\">4<\/td><\/tr><tr><td>2025\/26<\/td><td>Okocimski KS Brzesko<\/td><td class=\"has-text-align-center\" data-align=\"center\">15<\/td><td class=\"has-text-align-center\" data-align=\"center\">0<\/td><\/tr><tr><td><strong>Razem<\/strong><\/td><td><\/td><td class=\"has-text-align-center\" data-align=\"center\">146<\/td><td class=\"has-text-align-center\" data-align=\"center\">8<\/td><\/tr><\/tbody><\/table><figcaption>Statystyki dotycz\u0105 jedynie mecz\u00f3w ligowych<\/figcaption><\/figure>\n\n\n\n<p><\/p>\n","protected":false},"excerpt":{"rendered":"<p>Fot. Maciej Pytka Micha\u0142 Zydro\u0144 (ur. 3 marca 1998). Polski zawodnik wyst\u0119puj\u0105cy na pozycji pomocnika. Pochodzi z rodziny mocno zwi\u0105zanej<\/p>\n","protected":false},"author":1,"featured_media":0,"parent":0,"menu_order":0,"comment_status":"closed","ping_status":"closed","template":"","meta":{"ngg_post_thumbnail":0},"_links":{"self":[{"href":"https:\/\/wikioks.cal24.pl\/index.php\/wp-json\/wp\/v2\/pages\/3283"}],"collection":[{"href":"https:\/\/wikioks.cal24.pl\/index.php\/wp-json\/wp\/v2\/pages"}],"about":[{"href":"https:\/\/wikioks.cal24.pl\/index.php\/wp-json\/wp\/v2\/types\/page"}],"author":[{"embeddable":true,"href":"https:\/\/wikioks.cal24.pl\/index.php\/wp-json\/wp\/v2\/users\/1"}],"replies":[{"embeddable":true,"href":"https:\/\/wikioks.cal24.pl\/index.php\/wp-json\/wp\/v2\/comments?post=3283"}],"version-history":[{"count":4,"href":"https:\/\/wikioks.cal24.pl\/index.php\/wp-json\/wp\/v2\/pages\/3283\/revisions"}],"predecessor-version":[{"id":6609,"href":"https:\/\/wikioks.cal24.pl\/index.php\/wp-json\/wp\/v2\/pages\/3283\/revisions\/6609"}],"wp:attachment":[{"href":"https:\/\/wikioks.cal24.pl\/index.php\/wp-json\/wp\/v2\/media?parent=3283"}],"curies":[{"name":"wp","href":"https:\/\/api.w.org\/{rel}","templated":true}]}}

Michał Zydroń

<figure id="player-profile" class="wp-block-table"><table class="has-fixed-layout"><tbody><tr><td><img loading="lazy" width="600" height="800" class="wp-image-1145" style="width: 400px;" src="http://wikioks.cal24.pl/wp-content/uploads/2021/01/zydron-michal-2016-1.jpg" alt="" srcset="https://wikioks.cal24.pl/wp-content/uploads/2021/01/zydron-michal-2016-1.jpg 600w, https://wikioks.cal24.pl/wp-content/uploads/2021/01/zydron-michal-2016-1-225x300.jpg 225w" sizes="(max-width: 600px) 100vw, 600px" /><br><em>Fot. Maciej Pytka</em></td><td><strong><strong>Michał Zydroń </strong></strong>(ur. 3 marca 1998). Polski zawodnik występujący na pozycji pomocnika.<br><br>Pochodzi z rodziny mocno związanej z brzeskim klubem. Jego dziadek Jerzy przez wiele lat pełnił funkcję wiceprezesa klubu, a wujek Szczepan w latach 2003-07 był prezesem OKS-u. Naturalne więc było, że Michał Zydroń pierwsze kroki skierował właśnie do Okocimskiego, gdzie zbierał pierwsze szlify w grupach młodzieżowych. Wiosną 2015 roku jeszcze jako junior dołączył do drugiej drużyny występującej w klasie okręgowej. Latem 2016 zadebiutował oficjalnie w pierwszym zespole Okocimskiego grającym na tym samym szczeblu rozgrywkowym po wycofaniu drużyny z II ligi. W 2018 roku pod wodzą trenera Rafała Polichta wywalczył awans do IV ligi. Pół roku później zdecydował się na wypożyczenie do Sokoła Maszkienice, gdzie grał do połowy sezonu 2020/21. Następnie powrócił do Okocimskiego by przez kolejne 1,5 roku występować w biało-zielonych barwach na boiskach IV ligi.<br><br>W przerwie zimowej sezonu 2022/23, razem z Karolem Jurkiewiczem zdecydował o odejściu z pierwszej drużyny Okocimskiego. Przez rok kontynuowa grę w drużynie rezerw, po czym wiosną 2024 roku ponownie dołączył do pierwszego zespołu &#8222;Piwoszy&#8221;.</td></tr></tbody></table></figure>



<figure id="player-data" class="wp-block-table is-style-stripes"><table><tbody><tr><th>Wzrost i waga</th><td></td></tr><tr><td><strong>Pozycja</strong></td><td>pomocnik</td></tr><tr><th>Lata gry w Okocimskim</th><td>2016-18, 2021-22, od 2024</td></tr><tr><th>Przebieg kariery</th><td>2009-14 <img src="http://wikioks.cal24.pl/wp-content/uploads/2021/01/pol.gif" alt=""> Okocimski KS Brzesko (juniorzy)<br>2015-16 <img src="http://wikioks.cal24.pl/wp-content/uploads/2021/01/pol.gif" alt=""> Okocimski KS II Brzesko<br>2016-18 <img src="http://wikioks.cal24.pl/wp-content/uploads/2021/01/pol.gif" alt=""> Okocimski KS Brzesko<br>2019-20 <img src="http://wikioks.cal24.pl/wp-content/uploads/2021/01/pol.gif" alt=""> Sokół Maszkienice<br>2021-22 <img src="http://wikioks.cal24.pl/wp-content/uploads/2021/01/pol.gif" alt=""> Okocimski KS Brzesko<br>2023-24 <img src="http://wikioks.cal24.pl/wp-content/uploads/2021/01/pol.gif" alt=""> Okocimski KS II Brzesko<br>od 2024 <img src="http://wikioks.cal24.pl/wp-content/uploads/2021/01/pol.gif" alt=""> Okocimski KS Brzesko</td></tr><tr><th>Debiut w <strong>Okocimskim</strong></th><td>05.08.2016 (Gwizdki Brzesko – Okocimski KS Brzesko 1:5) / Puchar Polski</td></tr><tr><th>Ostatni mecz w <strong>Okocimskim</strong></th><td>&#8211;</td></tr></tbody></table></figure>



<h3>Bilans zawodnika</h3>



<figure class="wp-block-table"><table><tbody><tr><td><strong>Sezon</strong></td><td></td><td class="has-text-align-center" data-align="center"><strong>Mecze</strong></td><td class="has-text-align-center" data-align="center"><strong>Bramki</strong></td></tr><tr><td>2016/17</td><td>Okocimski KS Brzesko</td><td class="has-text-align-center" data-align="center">23</td><td class="has-text-align-center" data-align="center">2</td></tr><tr><td>2017/18</td><td>Okocimski KS Brzesko</td><td class="has-text-align-center" data-align="center">25</td><td class="has-text-align-center" data-align="center">2</td></tr><tr><td>2018/19 (j)</td><td>Okocimski KS Brzesko</td><td class="has-text-align-center" data-align="center">5</td><td class="has-text-align-center" data-align="center">0</td></tr><tr><td>2020/21 (w)</td><td>Okocimski KS Brzesko</td><td class="has-text-align-center" data-align="center">12</td><td class="has-text-align-center" data-align="center">0</td></tr><tr><td>2021/22</td><td>Okocimski KS Brzesko</td><td class="has-text-align-center" data-align="center">26</td><td class="has-text-align-center" data-align="center">0</td></tr><tr><td>2022/23 (j)</td><td>Okocimski KS Brzesko</td><td class="has-text-align-center" data-align="center">9</td><td class="has-text-align-center" data-align="center">0</td></tr><tr><td>2023/24 (w)</td><td>Okocimski KS Brzesko</td><td class="has-text-align-center" data-align="center">9</td><td class="has-text-align-center" data-align="center">0</td></tr><tr><td>2024/25</td><td>Okocimski KS Brzesko</td><td class="has-text-align-center" data-align="center">22</td><td class="has-text-align-center" data-align="center">4</td></tr><tr><td>2025/26</td><td>Okocimski KS Brzesko</td><td class="has-text-align-center" data-align="center">15</td><td class="has-text-align-center" data-align="center">0</td></tr><tr><td><strong>Razem</strong></td><td></td><td class="has-text-align-center" data-align="center">146</td><td class="has-text-align-center" data-align="center">8</td></tr></tbody></table><figcaption>Statystyki dotyczą jedynie meczów ligowych</figcaption></figure>



<p></p>

<p>Fot. Maciej Pytka Michał Zydroń (ur. 3 marca 1998). Polski zawodnik występujący na pozycji pomocnika. Pochodzi z rodziny mocno związanej</p>
