{"id":3656,"date":"2023-06-02T20:25:47","date_gmt":"2023-06-02T18:25:47","guid":{"rendered":"http:\/\/wikioks.cal24.pl\/?page_id=3656"},"modified":"2024-09-17T13:25:53","modified_gmt":"2024-09-17T11:25:53","slug":"dariusz-zuraw","status":"publish","type":"page","link":"https:\/\/wikioks.cal24.pl\/index.php\/dariusz-zuraw\/","title":{"rendered":"Dariusz \u017buraw"},"content":{"rendered":"\n<figure id=\"player-profile\" class=\"wp-block-table\"><table class=\"has-fixed-layout\"><tbody><tr><td><img loading=\"lazy\" width=\"398\" height=\"600\" class=\"wp-image-3657\" style=\"width: 400px;\" src=\"http:\/\/wikioks.cal24.pl\/wp-content\/uploads\/2023\/06\/5b3f7ab2c2638_o-e1685726744264.jpg\" alt=\"\" srcset=\"https:\/\/wikioks.cal24.pl\/wp-content\/uploads\/2023\/06\/5b3f7ab2c2638_o-e1685726744264.jpg 398w, https:\/\/wikioks.cal24.pl\/wp-content\/uploads\/2023\/06\/5b3f7ab2c2638_o-e1685726744264-199x300.jpg 199w\" sizes=\"(max-width: 398px) 100vw, 398px\" \/><br><em>Fot. Tadeusz Koniarz<\/em><\/td><td><strong>Dariusz \u017buraw <\/strong>(ur. 14 listopada 1972 w Wieluniu). Polski zawodnik graj\u0105cy na pozycji obro\u0144cy. W barwach &#8222;Piwoszy&#8221; rozegra\u0142 \u0142\u0105cznie 49 mecz\u00f3w ligowych, w kt\u00f3rych strzeli\u0142 2 bramki.<br><br>Wychowanek B-klasowego LZS-u Ostr\u00f3wek, kt\u00f3ry wiosn\u0105 1991 roku zamieni\u0142 na LZS Rych\u0142ocice. Co ciekawe \u017buraw trenowa\u0142 pi\u0142k\u0119 r\u0119czn\u0105 w MKS-ie Wielu\u0144, a gr\u0119 w futbol traktowa\u0142 czysto rekreacyjnie. Z czasem postawi\u0142 jednak na pi\u0142k\u0119 no\u017cn\u0105. W 1992 roku zg\u0142osi\u0142 si\u0119 po niego czwartoligowy WKS Wielu\u0144, z kt\u00f3rym po roku awansowa\u0142 na trzeci szczebel. Tam w kilka lat sta\u0142 si\u0119 czo\u0142owym graczem zespo\u0142u. Na finiszu rozgrywek III ligi sezonu 1994\/95 WKS Wielu\u0144 zaj\u0105\u0142 4. miejsce ulegaj\u0105c takim ekipom jak p\u00f3\u017aniejsi drugoligowcy: RKS Radomsko czy Ceramika Opoczno.<br><br>Do Okocimskiego do\u0142\u0105czy\u0142 wiosn\u0105 1996 roku za spraw\u0105 menad\u017cera Stanis\u0142awa Baczy\u0144skiego z D\u0119bicy, kt\u00f3ry 1,5 roku wcze\u015bniej poleci\u0142 brzeskim dzia\u0142aczom Rafa\u0142a Ni\u017cnika. Pocz\u0105tki \u017burawia w Brzesku by\u0142y trudne, ale sam zawodnik mimo niepowodze\u0144 nie poddawa\u0142 si\u0119. Z czasem przebi\u0142 si\u0119 do wyj\u015bciowego sk\u0142adu i bardzo rzadko oddawa\u0142 miejsce innym. Jego pobyt w mie\u015bcie piwa potrwa\u0142 niespe\u0142na 2 lata, bo wiosn\u0105 1998 roku po \u017burawia zg\u0142osi\u0142o si\u0119 pierwszoligowe Zag\u0142\u0119bie Lubin, kt\u00f3re prowadzi\u0142 w\u00f3wczas Andrzej Szarmach. Mo\u017cna powiedzie\u0107, \u017ce transfer przyszed\u0142 w sam\u0105 por\u0119, gdy\u017c p\u00f3\u0142 roku p\u00f3\u017aniej Okocimski zosta\u0142 wycofany z rozgrywek II ligi i na d\u0142ugie lata znikn\u0105\u0142 z pi\u0142karskiej mapy Polski szczebla centralnego.<br><br>Talent \u017burawia wyra\u017anie si\u0119 rozwija\u0142. W polskiej Ekstraklasie sp\u0119dzi\u0142 kolejne 3,5 roku. Mimo, \u017ce nie doczeka\u0142 si\u0119 \u017cadnych nagr\u00f3d, to ur\u00f3s\u0142 do rangi solidnego ligowca. Z &#8222;Miedziowymi&#8221; dwa razy z rz\u0119du plasowa\u0142 si\u0119 na 5. miejscu w ligowej tabeli. Poprawi\u0142 r\u00f3wnie\u017c gr\u0119 ofensywn\u0105, g\u0142\u00f3wnie za spraw\u0105 sta\u0142ych fragment\u00f3w gry, co pozwoli\u0142o mu coraz cz\u0119\u015bciej cieszy\u0107 si\u0119 ze zdobywanych goli. 30 czerwca 2001 roku dobieg\u0142 ko\u0144ca jego kontrakt z Zag\u0142\u0119biem. O pi\u0142karza stara\u0142 si\u0119 niemiecki Hannover 96 wyst\u0119puj\u0105cy na zapleczu Bundesligi. \u017buraw chcia\u0142 wyjecha\u0107 za granic\u0119 korzystaj\u0105c z dopiero co uchwalonego prawa Bosmana, jednak UEFA nakaza\u0142a zap\u0142aci\u0107 lubinianom ekwiwalent. Po d\u0142ugich negocjacjach w ko\u0144cu dosz\u0142o do transferu, a \u017buraw ju\u017c po pierwszym roku gry w Niemczech m\u00f3g\u0142 \u015bwi\u0119towa\u0107 awans do Bundesligi. Tam zapisa\u0142 pi\u0119kn\u0105 kart\u0119 reprezentuj\u0105c barwy Hannoveru przez 7 sezon\u00f3w, a\u017c do po\u0142owy 2008 roku. Warto doda\u0107, \u017ce \u017buraw zaliczy\u0142 r\u00f3wnie\u017c 1 wyst\u0119p w reprezentacji kraju, gdy w 2005 roku otrzyma\u0142 po\u0142owanie od Paw\u0142a Janasa na towarzyski mecz z Bia\u0142orusi\u0105. Maj\u0105c ponad 32 lata by\u0142 w\u00f3wczas drugim w historii najstarszym debiutantem w historii &#8222;Bia\u0142o-Czerwonych&#8221; .<br><br>Na zako\u0144czenie kariery pi\u0142karskiej Dariusz \u017buraw powr\u00f3ci\u0142 do Polski. W sezonie 2008\/09 gra\u0142 dla ekstraklasowej Arki Gdynia, by nast\u0119pnie powr\u00f3ci\u0107 w rodzinne strony do Wielunia, gdzie po raz ostatni wyst\u0119powa\u0142 w roli zawodnika. Podsumowuj\u0105c, na boiskach polskiej Ekstraklasy rozegra\u0142 130 mecz\u00f3w, w kt\u00f3rych zdoby\u0142 16 bramek. Podobnym bilansem mo\u017ce si\u0119 pochwali\u0107 je\u015bli chodzi o gr\u0119 w Bundeslidze: 131 mecz\u00f3w \/ 5 goli.<br><br>W latach 2010-12 b\u0119d\u0105c jeszcze zawodnikiem WKS Wielu\u0144 pe\u0142ni\u0142 r\u00f3wnie\u017c rol\u0119 szkoleniowca zespo\u0142u. W sezonie 2012\/13 prowadzi\u0142 Odr\u0119 Opol\u0119, z kt\u00f3r\u0105 awansowa\u0142 do II ligi. Przez moment trenowa\u0142 Mied\u017a Legnica (2014), by nast\u0119pnie obj\u0105\u0107 funkcj\u0119 asystenta Macieja Skor\u017cy w Lechu Pozna\u0144. Po okresie samodzielnej pracy w Zniczu Pruszk\u00f3w powr\u00f3ci\u0142 do Poznania. Prowadzi\u0142 drugi zesp\u00f3\u0142 &#8222;Kolejorza&#8221;. Przez kilka tygodni w listopadzie 2018 roku sprawowa\u0142 r\u00f3wnie\u017c funkcj\u0119 pierwszego trenera Lecha. Wreszcie na koniec marca 2019 roku zosta\u0142 g\u0142\u00f3wnym szkoleniowcem poznaniak\u00f3w zast\u0119puj\u0105c zwolnionego Adama Nawa\u0142k\u0119. Pod wodz\u0105 \u017burawia Lechici zdobyli wicemistrzostwo Polski w sezonie 2019\/20, by w kolejnym sezonie awansowa\u0107 do fazy grupowej Ligi Europy UEFA. Gra na dwa fronty zem\u015bci\u0142a si\u0119 jednak na graczach Lecha, kt\u00f3rzy na wiosn\u0119 2021 roku plasowali si\u0119 dopiero na 10. miejscu w tabeli Ekstraklasy za co trener \u017buraw zap\u0142aci\u0142 utrat\u0105 stanowiska jeszcze przez zako\u0144czeniem rozgrywek. Kolejnym klubem w jego karierze trenerskiej by\u0142o Zag\u0142\u0119bie Lubin. Od wrze\u015bnia 2022 roku prowadzi natomiast pierwszoligowe Podbeskidzie Bielsko-Bia\u0142a. <\/td><\/tr><\/tbody><\/table><\/figure>\n\n\n\n<figure id=\"player-data\" class=\"wp-block-table is-style-stripes\"><table><tbody><tr><th>Wzrost i waga<\/th><td>183 cm \/ 75 kg<\/td><\/tr><tr><td><strong>Pozycja<\/strong><\/td><td>obro\u0144ca<\/td><\/tr><tr><th>Lata gry w Okocimskim<\/th><td>1996-97<\/td><\/tr><tr><th>Przebieg kariery<\/th><td>1989-90 <img src=\"http:\/\/wikioks.cal24.pl\/wp-content\/uploads\/2021\/01\/pol.gif\" alt=\"\"> LZS Ostr\u00f3wek<br>1991-92 <img src=\"http:\/\/wikioks.cal24.pl\/wp-content\/uploads\/2021\/01\/pol.gif\" alt=\"\"> LZS Rych\u0142ocice<br>1992-95 <img src=\"http:\/\/wikioks.cal24.pl\/wp-content\/uploads\/2021\/01\/pol.gif\" alt=\"\"> WKS Wielu\u0144<br>1996-97 <img src=\"http:\/\/wikioks.cal24.pl\/wp-content\/uploads\/2021\/01\/pol.gif\" alt=\"\"> Okocimski KS Brzesko<br>1998-01 <img src=\"http:\/\/wikioks.cal24.pl\/wp-content\/uploads\/2021\/01\/pol.gif\" alt=\"\"> Zag\u0142\u0119bie Lubin<br>2001-08 <img loading=\"lazy\" width=\"23\" height=\"15\" class=\"wp-image-2687\" style=\"width: 23px;\" src=\"http:\/\/wikioks.cal24.pl\/wp-content\/uploads\/2023\/03\/ger.gif\" alt=\"\"> Hannover 96<br>2008-09 <img src=\"http:\/\/wikioks.cal24.pl\/wp-content\/uploads\/2021\/01\/pol.gif\" alt=\"\"> Arka Gdynia<br>2010 <img src=\"http:\/\/wikioks.cal24.pl\/wp-content\/uploads\/2021\/01\/pol.gif\" alt=\"\"> WKS Wielu\u0144<\/td><\/tr><tr><th>Debiut w <strong>Okocimskim<\/strong><\/th><td>24.04.1996 (Okocimski KS Brzesko &#8211; Lublinianka Lublin 3:1)<\/td><\/tr><tr><th>Ostatni mecz w <strong>Okocimskim<\/strong><\/th><td>15.11.1997 (GKS Be\u0142chat\u00f3w &#8211; Okocimski KS Brzesko 1:0)<\/td><\/tr><\/tbody><\/table><\/figure>\n\n\n\n<h3>Bilans zawodnika<\/h3>\n\n\n\n<figure class=\"wp-block-table\"><table><tbody><tr><td><strong>Sezon<\/strong><\/td><td><\/td><td class=\"has-text-align-center\" data-align=\"center\"><strong>Mecze<\/strong><\/td><td class=\"has-text-align-center\" data-align=\"center\"><strong>Bramki<\/strong><\/td><\/tr><tr><td>1995\/96 (w)<\/td><td>Okocimski KS Brzesko<\/td><td class=\"has-text-align-center\" data-align=\"center\">7<\/td><td class=\"has-text-align-center\" data-align=\"center\">0<\/td><\/tr><tr><td>1996\/97<\/td><td>Okocimski KS Brzesko<\/td><td class=\"has-text-align-center\" data-align=\"center\">28<\/td><td class=\"has-text-align-center\" data-align=\"center\">0<\/td><\/tr><tr><td>1997\/98 (j)<\/td><td>Okocimski KS Brzesko<\/td><td class=\"has-text-align-center\" data-align=\"center\">14<\/td><td class=\"has-text-align-center\" data-align=\"center\">2<\/td><\/tr><tr><td><strong>Razem<\/strong><\/td><td><\/td><td class=\"has-text-align-center\" data-align=\"center\">49<\/td><td class=\"has-text-align-center\" data-align=\"center\">2<\/td><\/tr><\/tbody><\/table><figcaption>Statystyki dotycz\u0105 jedynie mecz\u00f3w ligowych i bara\u017cowych<\/figcaption><\/figure>\n\n\n\n<p><\/p>\n","protected":false},"excerpt":{"rendered":"<p>Fot. Tadeusz Koniarz Dariusz \u017buraw (ur. 14 listopada 1972 w Wieluniu). Polski zawodnik graj\u0105cy na pozycji obro\u0144cy. W barwach &#8222;Piwoszy&#8221;<\/p>\n","protected":false},"author":1,"featured_media":0,"parent":0,"menu_order":0,"comment_status":"closed","ping_status":"closed","template":"","meta":{"ngg_post_thumbnail":0},"_links":{"self":[{"href":"https:\/\/wikioks.cal24.pl\/index.php\/wp-json\/wp\/v2\/pages\/3656"}],"collection":[{"href":"https:\/\/wikioks.cal24.pl\/index.php\/wp-json\/wp\/v2\/pages"}],"about":[{"href":"https:\/\/wikioks.cal24.pl\/index.php\/wp-json\/wp\/v2\/types\/page"}],"author":[{"embeddable":true,"href":"https:\/\/wikioks.cal24.pl\/index.php\/wp-json\/wp\/v2\/users\/1"}],"replies":[{"embeddable":true,"href":"https:\/\/wikioks.cal24.pl\/index.php\/wp-json\/wp\/v2\/comments?post=3656"}],"version-history":[{"count":5,"href":"https:\/\/wikioks.cal24.pl\/index.php\/wp-json\/wp\/v2\/pages\/3656\/revisions"}],"predecessor-version":[{"id":5281,"href":"https:\/\/wikioks.cal24.pl\/index.php\/wp-json\/wp\/v2\/pages\/3656\/revisions\/5281"}],"wp:attachment":[{"href":"https:\/\/wikioks.cal24.pl\/index.php\/wp-json\/wp\/v2\/media?parent=3656"}],"curies":[{"name":"wp","href":"https:\/\/api.w.org\/{rel}","templated":true}]}}

Dariusz Żuraw

<figure id="player-profile" class="wp-block-table"><table class="has-fixed-layout"><tbody><tr><td><img loading="lazy" width="398" height="600" class="wp-image-3657" style="width: 400px;" src="http://wikioks.cal24.pl/wp-content/uploads/2023/06/5b3f7ab2c2638_o-e1685726744264.jpg" alt="" srcset="https://wikioks.cal24.pl/wp-content/uploads/2023/06/5b3f7ab2c2638_o-e1685726744264.jpg 398w, https://wikioks.cal24.pl/wp-content/uploads/2023/06/5b3f7ab2c2638_o-e1685726744264-199x300.jpg 199w" sizes="(max-width: 398px) 100vw, 398px" /><br><em>Fot. Tadeusz Koniarz</em></td><td><strong>Dariusz Żuraw </strong>(ur. 14 listopada 1972 w Wieluniu). Polski zawodnik grający na pozycji obrońcy. W barwach &#8222;Piwoszy&#8221; rozegrał łącznie 49 meczów ligowych, w których strzelił 2 bramki.<br><br>Wychowanek B-klasowego LZS-u Ostrówek, który wiosną 1991 roku zamienił na LZS Rychłocice. Co ciekawe Żuraw trenował piłkę ręczną w MKS-ie Wieluń, a grę w futbol traktował czysto rekreacyjnie. Z czasem postawił jednak na piłkę nożną. W 1992 roku zgłosił się po niego czwartoligowy WKS Wieluń, z którym po roku awansował na trzeci szczebel. Tam w kilka lat stał się czołowym graczem zespołu. Na finiszu rozgrywek III ligi sezonu 1994/95 WKS Wieluń zajął 4. miejsce ulegając takim ekipom jak późniejsi drugoligowcy: RKS Radomsko czy Ceramika Opoczno.<br><br>Do Okocimskiego dołączył wiosną 1996 roku za sprawą menadżera Stanisława Baczyńskiego z Dębicy, który 1,5 roku wcześniej polecił brzeskim działaczom Rafała Niżnika. Początki Żurawia w Brzesku były trudne, ale sam zawodnik mimo niepowodzeń nie poddawał się. Z czasem przebił się do wyjściowego składu i bardzo rzadko oddawał miejsce innym. Jego pobyt w mieście piwa potrwał niespełna 2 lata, bo wiosną 1998 roku po Żurawia zgłosiło się pierwszoligowe Zagłębie Lubin, które prowadził wówczas Andrzej Szarmach. Można powiedzieć, że transfer przyszedł w samą porę, gdyż pół roku później Okocimski został wycofany z rozgrywek II ligi i na długie lata zniknął z piłkarskiej mapy Polski szczebla centralnego.<br><br>Talent Żurawia wyraźnie się rozwijał. W polskiej Ekstraklasie spędził kolejne 3,5 roku. Mimo, że nie doczekał się żadnych nagród, to urósł do rangi solidnego ligowca. Z &#8222;Miedziowymi&#8221; dwa razy z rzędu plasował się na 5. miejscu w ligowej tabeli. Poprawił również grę ofensywną, głównie za sprawą stałych fragmentów gry, co pozwoliło mu coraz częściej cieszyć się ze zdobywanych goli. 30 czerwca 2001 roku dobiegł końca jego kontrakt z Zagłębiem. O piłkarza starał się niemiecki Hannover 96 występujący na zapleczu Bundesligi. Żuraw chciał wyjechać za granicę korzystając z dopiero co uchwalonego prawa Bosmana, jednak UEFA nakazała zapłacić lubinianom ekwiwalent. Po długich negocjacjach w końcu doszło do transferu, a Żuraw już po pierwszym roku gry w Niemczech mógł świętować awans do Bundesligi. Tam zapisał piękną kartę reprezentując barwy Hannoveru przez 7 sezonów, aż do połowy 2008 roku. Warto dodać, że Żuraw zaliczył również 1 występ w reprezentacji kraju, gdy w 2005 roku otrzymał połowanie od Pawła Janasa na towarzyski mecz z Białorusią. Mając ponad 32 lata był wówczas drugim w historii najstarszym debiutantem w historii &#8222;Biało-Czerwonych&#8221; .<br><br>Na zakończenie kariery piłkarskiej Dariusz Żuraw powrócił do Polski. W sezonie 2008/09 grał dla ekstraklasowej Arki Gdynia, by następnie powrócić w rodzinne strony do Wielunia, gdzie po raz ostatni występował w roli zawodnika. Podsumowując, na boiskach polskiej Ekstraklasy rozegrał 130 meczów, w których zdobył 16 bramek. Podobnym bilansem może się pochwalić jeśli chodzi o grę w Bundeslidze: 131 meczów / 5 goli.<br><br>W latach 2010-12 będąc jeszcze zawodnikiem WKS Wieluń pełnił również rolę szkoleniowca zespołu. W sezonie 2012/13 prowadził Odrę Opolę, z którą awansował do II ligi. Przez moment trenował Miedź Legnica (2014), by następnie objąć funkcję asystenta Macieja Skorży w Lechu Poznań. Po okresie samodzielnej pracy w Zniczu Pruszków powrócił do Poznania. Prowadził drugi zespół &#8222;Kolejorza&#8221;. Przez kilka tygodni w listopadzie 2018 roku sprawował również funkcję pierwszego trenera Lecha. Wreszcie na koniec marca 2019 roku został głównym szkoleniowcem poznaniaków zastępując zwolnionego Adama Nawałkę. Pod wodzą Żurawia Lechici zdobyli wicemistrzostwo Polski w sezonie 2019/20, by w kolejnym sezonie awansować do fazy grupowej Ligi Europy UEFA. Gra na dwa fronty zemściła się jednak na graczach Lecha, którzy na wiosnę 2021 roku plasowali się dopiero na 10. miejscu w tabeli Ekstraklasy za co trener Żuraw zapłacił utratą stanowiska jeszcze przez zakończeniem rozgrywek. Kolejnym klubem w jego karierze trenerskiej było Zagłębie Lubin. Od września 2022 roku prowadzi natomiast pierwszoligowe Podbeskidzie Bielsko-Biała. </td></tr></tbody></table></figure>



<figure id="player-data" class="wp-block-table is-style-stripes"><table><tbody><tr><th>Wzrost i waga</th><td>183 cm / 75 kg</td></tr><tr><td><strong>Pozycja</strong></td><td>obrońca</td></tr><tr><th>Lata gry w Okocimskim</th><td>1996-97</td></tr><tr><th>Przebieg kariery</th><td>1989-90 <img src="http://wikioks.cal24.pl/wp-content/uploads/2021/01/pol.gif" alt=""> LZS Ostrówek<br>1991-92 <img src="http://wikioks.cal24.pl/wp-content/uploads/2021/01/pol.gif" alt=""> LZS Rychłocice<br>1992-95 <img src="http://wikioks.cal24.pl/wp-content/uploads/2021/01/pol.gif" alt=""> WKS Wieluń<br>1996-97 <img src="http://wikioks.cal24.pl/wp-content/uploads/2021/01/pol.gif" alt=""> Okocimski KS Brzesko<br>1998-01 <img src="http://wikioks.cal24.pl/wp-content/uploads/2021/01/pol.gif" alt=""> Zagłębie Lubin<br>2001-08 <img loading="lazy" width="23" height="15" class="wp-image-2687" style="width: 23px;" src="http://wikioks.cal24.pl/wp-content/uploads/2023/03/ger.gif" alt=""> Hannover 96<br>2008-09 <img src="http://wikioks.cal24.pl/wp-content/uploads/2021/01/pol.gif" alt=""> Arka Gdynia<br>2010 <img src="http://wikioks.cal24.pl/wp-content/uploads/2021/01/pol.gif" alt=""> WKS Wieluń</td></tr><tr><th>Debiut w <strong>Okocimskim</strong></th><td>24.04.1996 (Okocimski KS Brzesko &#8211; Lublinianka Lublin 3:1)</td></tr><tr><th>Ostatni mecz w <strong>Okocimskim</strong></th><td>15.11.1997 (GKS Bełchatów &#8211; Okocimski KS Brzesko 1:0)</td></tr></tbody></table></figure>



<h3>Bilans zawodnika</h3>



<figure class="wp-block-table"><table><tbody><tr><td><strong>Sezon</strong></td><td></td><td class="has-text-align-center" data-align="center"><strong>Mecze</strong></td><td class="has-text-align-center" data-align="center"><strong>Bramki</strong></td></tr><tr><td>1995/96 (w)</td><td>Okocimski KS Brzesko</td><td class="has-text-align-center" data-align="center">7</td><td class="has-text-align-center" data-align="center">0</td></tr><tr><td>1996/97</td><td>Okocimski KS Brzesko</td><td class="has-text-align-center" data-align="center">28</td><td class="has-text-align-center" data-align="center">0</td></tr><tr><td>1997/98 (j)</td><td>Okocimski KS Brzesko</td><td class="has-text-align-center" data-align="center">14</td><td class="has-text-align-center" data-align="center">2</td></tr><tr><td><strong>Razem</strong></td><td></td><td class="has-text-align-center" data-align="center">49</td><td class="has-text-align-center" data-align="center">2</td></tr></tbody></table><figcaption>Statystyki dotyczą jedynie meczów ligowych i barażowych</figcaption></figure>



<p></p>

<p>Fot. Tadeusz Koniarz Dariusz Żuraw (ur. 14 listopada 1972 w Wieluniu). Polski zawodnik grający na pozycji obrońcy. W barwach &#8222;Piwoszy&#8221;</p>
