{"id":3980,"date":"2023-06-28T21:41:01","date_gmt":"2023-06-28T19:41:01","guid":{"rendered":"http:\/\/wikioks.cal24.pl\/?page_id=3980"},"modified":"2023-06-28T21:41:02","modified_gmt":"2023-06-28T19:41:02","slug":"maciej-smagacz","status":"publish","type":"page","link":"https:\/\/wikioks.cal24.pl\/index.php\/maciej-smagacz\/","title":{"rendered":"Maciej Smagacz"},"content":{"rendered":"\n<figure id=\"player-profile\" class=\"wp-block-table\"><table class=\"has-fixed-layout\"><tbody><tr><td><img loading=\"lazy\" width=\"321\" height=\"482\" class=\"wp-image-3981\" style=\"width: 400px;\" src=\"http:\/\/wikioks.cal24.pl\/wp-content\/uploads\/2023\/06\/maciej_smagacz_2022.jpg\" alt=\"\" srcset=\"https:\/\/wikioks.cal24.pl\/wp-content\/uploads\/2023\/06\/maciej_smagacz_2022.jpg 321w, https:\/\/wikioks.cal24.pl\/wp-content\/uploads\/2023\/06\/maciej_smagacz_2022-200x300.jpg 200w\" sizes=\"(max-width: 321px) 100vw, 321px\" \/><br><em>Fot. Dawid Zachara<\/em><\/td><td><strong>Maciej Smagacz<\/strong>\u00a0(ur. 5 sierpnia 1998). Polski zawodnik graj\u0105cy na pozycji napastnika.<br><br>Wychowanek Iskry Tarn\u00f3w. Nast\u0119pnie reprezentowa\u0142 barwy Tarnovii Tarn\u00f3w oraz Bruk-Betu Termaliki Nieciecza, gdzie g\u0142\u00f3wnie wyst\u0119powa\u0142 w dru\u017cynach juniorskich, jednak zdo\u0142a\u0142 zaliczy\u0107 pojedyncze mecze w zespo\u0142ach seniorskich. Jako senior kontynuowa\u0142 karier\u0119 w \u0141ukovii \u0141ukowa. Nast\u0119pnie wyst\u0119powa\u0142 w Polanie \u017babno, a wiosn\u0105 2022 roku w czwartoligowej Rad\u0142ovii Rad\u0142\u00f3w.<br><br>W rundzie jesiennej sezonu 2022\/23 reprezentowa\u0142 barwy Okocimskiego. Pe\u0142ni\u0142 rol\u0119 rezerwowego. Wyst\u0105pi\u0142 w 6 spotkaniach IV ligi. Ponadto zagra\u0142 w 3 spotkaniach okr\u0119gowego Pucharu Polski, w kt\u00f3rych zdoby\u0142 2 bramki.<br><br>Od 2023 roku wyst\u0119puje w Tuchovii Tuch\u00f3w. <\/td><\/tr><\/tbody><\/table><\/figure>\n\n\n\n<figure id=\"player-data\" class=\"wp-block-table is-style-stripes\"><table><tbody><tr><th>Wzrost i waga<\/th><td><\/td><\/tr><tr><td><strong>Pozycja<\/strong><\/td><td>napastnik<\/td><\/tr><tr><th>Lata gry w Okocimskim<\/th><td>2022<\/td><\/tr><tr><th>Przebieg kariery<\/th><td>do 2012 <img src=\"http:\/\/wikioks.cal24.pl\/wp-content\/uploads\/2021\/01\/pol.gif\" alt=\"\"> Iskra Tarn\u00f3w (juniorzy)<br>2012-15 <img src=\"http:\/\/wikioks.cal24.pl\/wp-content\/uploads\/2021\/01\/pol.gif\" alt=\"\"> Tarnovia Tarn\u00f3w (juniorzy)<br>2015 <img src=\"http:\/\/wikioks.cal24.pl\/wp-content\/uploads\/2021\/01\/pol.gif\" alt=\"\"> Tarnovia Tarn\u00f3w<br>2015-16 <img src=\"http:\/\/wikioks.cal24.pl\/wp-content\/uploads\/2021\/01\/pol.gif\" alt=\"\"> Unia Tarn\u00f3w (juniorzy)<br>2016 <img src=\"http:\/\/wikioks.cal24.pl\/wp-content\/uploads\/2021\/01\/pol.gif\" alt=\"\"> Bruk-Bet Termalica Nieciecza (juniorzy)<br>2016 <img src=\"http:\/\/wikioks.cal24.pl\/wp-content\/uploads\/2021\/01\/pol.gif\" alt=\"\"> Bruk-Bet Termalika II Nieciecza<br>2017-19 <img src=\"http:\/\/wikioks.cal24.pl\/wp-content\/uploads\/2021\/01\/pol.gif\" alt=\"\"> \u0141ukovia \u0141ukowa<br>2019-21 <img src=\"http:\/\/wikioks.cal24.pl\/wp-content\/uploads\/2021\/01\/pol.gif\" alt=\"\"> MLKS \u017babno<br>2022 <img src=\"http:\/\/wikioks.cal24.pl\/wp-content\/uploads\/2021\/01\/pol.gif\" alt=\"\">Rad\u0142ovia Rad\u0142\u00f3w<br>2022 <img src=\"http:\/\/wikioks.cal24.pl\/wp-content\/uploads\/2021\/01\/pol.gif\" alt=\"\"> Okocimski KS Brzesko<br>od 2023 <img src=\"http:\/\/wikioks.cal24.pl\/wp-content\/uploads\/2021\/01\/pol.gif\" alt=\"\"> Tuchovia Tuch\u00f3w<\/td><\/tr><tr><th>Debiut w <strong>Okocimskim<\/strong><\/th><td>30.07.2022 (Sok\u00f3\u0142 Borz\u0119cin G\u00f3rny &#8211; Okocimski KS Brzesko 0:2) &#8211; Puchar Polski<\/td><\/tr><tr><th>Ostatni mecz w <strong>Okocimskim<\/strong><\/th><td>26.09.2022 (Bruk-Bet Termalika II Nieciecza &#8211; Okocimski KS Brzesko 6:1)<\/td><\/tr><\/tbody><\/table><\/figure>\n\n\n\n<h3>Bilans zawodnika<\/h3>\n\n\n\n<figure class=\"wp-block-table\"><table><tbody><tr><td><strong>Sezon<\/strong><\/td><td><\/td><td class=\"has-text-align-center\" data-align=\"center\"><strong>Mecze<\/strong><\/td><td class=\"has-text-align-center\" data-align=\"center\"><strong>Bramki<\/strong><\/td><\/tr><tr><td>2022\/23 (j)<\/td><td>Okocimski KS Brzesko<\/td><td class=\"has-text-align-center\" data-align=\"center\">6<\/td><td class=\"has-text-align-center\" data-align=\"center\">0<\/td><\/tr><tr><td><strong>Razem<\/strong><\/td><td><\/td><td class=\"has-text-align-center\" data-align=\"center\">6<\/td><td class=\"has-text-align-center\" data-align=\"center\">0<\/td><\/tr><\/tbody><\/table><figcaption>Statystyki dotycz\u0105 jedynie mecz\u00f3w ligowych<\/figcaption><\/figure>\n\n\n\n<p><\/p>\n","protected":false},"excerpt":{"rendered":"<p>Fot. Dawid Zachara Maciej Smagacz\u00a0(ur. 5 sierpnia 1998). Polski zawodnik graj\u0105cy na pozycji napastnika. Wychowanek Iskry Tarn\u00f3w. Nast\u0119pnie reprezentowa\u0142 barwy<\/p>\n","protected":false},"author":1,"featured_media":0,"parent":0,"menu_order":0,"comment_status":"closed","ping_status":"closed","template":"","meta":{"ngg_post_thumbnail":0},"_links":{"self":[{"href":"https:\/\/wikioks.cal24.pl\/index.php\/wp-json\/wp\/v2\/pages\/3980"}],"collection":[{"href":"https:\/\/wikioks.cal24.pl\/index.php\/wp-json\/wp\/v2\/pages"}],"about":[{"href":"https:\/\/wikioks.cal24.pl\/index.php\/wp-json\/wp\/v2\/types\/page"}],"author":[{"embeddable":true,"href":"https:\/\/wikioks.cal24.pl\/index.php\/wp-json\/wp\/v2\/users\/1"}],"replies":[{"embeddable":true,"href":"https:\/\/wikioks.cal24.pl\/index.php\/wp-json\/wp\/v2\/comments?post=3980"}],"version-history":[{"count":1,"href":"https:\/\/wikioks.cal24.pl\/index.php\/wp-json\/wp\/v2\/pages\/3980\/revisions"}],"predecessor-version":[{"id":3982,"href":"https:\/\/wikioks.cal24.pl\/index.php\/wp-json\/wp\/v2\/pages\/3980\/revisions\/3982"}],"wp:attachment":[{"href":"https:\/\/wikioks.cal24.pl\/index.php\/wp-json\/wp\/v2\/media?parent=3980"}],"curies":[{"name":"wp","href":"https:\/\/api.w.org\/{rel}","templated":true}]}}

<figure id="player-profile" class="wp-block-table"><table class="has-fixed-layout"><tbody><tr><td><img loading="lazy" width="321" height="482" class="wp-image-3981" style="width: 400px;" src="http://wikioks.cal24.pl/wp-content/uploads/2023/06/maciej_smagacz_2022.jpg" alt="" srcset="https://wikioks.cal24.pl/wp-content/uploads/2023/06/maciej_smagacz_2022.jpg 321w, https://wikioks.cal24.pl/wp-content/uploads/2023/06/maciej_smagacz_2022-200x300.jpg 200w" sizes="(max-width: 321px) 100vw, 321px" /><br><em>Fot. Dawid Zachara</em></td><td><strong>Maciej Smagacz</strong> (ur. 5 sierpnia 1998). Polski zawodnik grający na pozycji napastnika.<br><br>Wychowanek Iskry Tarnów. Następnie reprezentował barwy Tarnovii Tarnów oraz Bruk-Betu Termaliki Nieciecza, gdzie głównie występował w drużynach juniorskich, jednak zdołał zaliczyć pojedyncze mecze w zespołach seniorskich. Jako senior kontynuował karierę w Łukovii Łukowa. Następnie występował w Polanie Żabno, a wiosną 2022 roku w czwartoligowej Radłovii Radłów.<br><br>W rundzie jesiennej sezonu 2022/23 reprezentował barwy Okocimskiego. Pełnił rolę rezerwowego. Wystąpił w 6 spotkaniach IV ligi. Ponadto zagrał w 3 spotkaniach okręgowego Pucharu Polski, w których zdobył 2 bramki.<br><br>Od 2023 roku występuje w Tuchovii Tuchów. </td></tr></tbody></table></figure>



<figure id="player-data" class="wp-block-table is-style-stripes"><table><tbody><tr><th>Wzrost i waga</th><td></td></tr><tr><td><strong>Pozycja</strong></td><td>napastnik</td></tr><tr><th>Lata gry w Okocimskim</th><td>2022</td></tr><tr><th>Przebieg kariery</th><td>do 2012 <img src="http://wikioks.cal24.pl/wp-content/uploads/2021/01/pol.gif" alt=""> Iskra Tarnów (juniorzy)<br>2012-15 <img src="http://wikioks.cal24.pl/wp-content/uploads/2021/01/pol.gif" alt=""> Tarnovia Tarnów (juniorzy)<br>2015 <img src="http://wikioks.cal24.pl/wp-content/uploads/2021/01/pol.gif" alt=""> Tarnovia Tarnów<br>2015-16 <img src="http://wikioks.cal24.pl/wp-content/uploads/2021/01/pol.gif" alt=""> Unia Tarnów (juniorzy)<br>2016 <img src="http://wikioks.cal24.pl/wp-content/uploads/2021/01/pol.gif" alt=""> Bruk-Bet Termalica Nieciecza (juniorzy)<br>2016 <img src="http://wikioks.cal24.pl/wp-content/uploads/2021/01/pol.gif" alt=""> Bruk-Bet Termalika II Nieciecza<br>2017-19 <img src="http://wikioks.cal24.pl/wp-content/uploads/2021/01/pol.gif" alt=""> Łukovia Łukowa<br>2019-21 <img src="http://wikioks.cal24.pl/wp-content/uploads/2021/01/pol.gif" alt=""> MLKS Żabno<br>2022 <img src="http://wikioks.cal24.pl/wp-content/uploads/2021/01/pol.gif" alt="">Radłovia Radłów<br>2022 <img src="http://wikioks.cal24.pl/wp-content/uploads/2021/01/pol.gif" alt=""> Okocimski KS Brzesko<br>od 2023 <img src="http://wikioks.cal24.pl/wp-content/uploads/2021/01/pol.gif" alt=""> Tuchovia Tuchów</td></tr><tr><th>Debiut w <strong>Okocimskim</strong></th><td>30.07.2022 (Sokół Borzęcin Górny &#8211; Okocimski KS Brzesko 0:2) &#8211; Puchar Polski</td></tr><tr><th>Ostatni mecz w <strong>Okocimskim</strong></th><td>26.09.2022 (Bruk-Bet Termalika II Nieciecza &#8211; Okocimski KS Brzesko 6:1)</td></tr></tbody></table></figure>



<h3>Bilans zawodnika</h3>



<figure class="wp-block-table"><table><tbody><tr><td><strong>Sezon</strong></td><td></td><td class="has-text-align-center" data-align="center"><strong>Mecze</strong></td><td class="has-text-align-center" data-align="center"><strong>Bramki</strong></td></tr><tr><td>2022/23 (j)</td><td>Okocimski KS Brzesko</td><td class="has-text-align-center" data-align="center">6</td><td class="has-text-align-center" data-align="center">0</td></tr><tr><td><strong>Razem</strong></td><td></td><td class="has-text-align-center" data-align="center">6</td><td class="has-text-align-center" data-align="center">0</td></tr></tbody></table><figcaption>Statystyki dotyczą jedynie meczów ligowych</figcaption></figure>



<p></p>

<p>Fot. Dawid Zachara Maciej Smagacz (ur. 5 sierpnia 1998). Polski zawodnik grający na pozycji napastnika. Wychowanek Iskry Tarnów. Następnie reprezentował barwy</p>
