{"id":4296,"date":"2023-07-28T20:00:27","date_gmt":"2023-07-28T18:00:27","guid":{"rendered":"http:\/\/wikioks.cal24.pl\/?page_id=4296"},"modified":"2023-07-28T20:00:28","modified_gmt":"2023-07-28T18:00:28","slug":"konrad-kurzywilk","status":"publish","type":"page","link":"https:\/\/wikioks.cal24.pl\/index.php\/konrad-kurzywilk\/","title":{"rendered":"Konrad Kurzywilk"},"content":{"rendered":"\n<figure id=\"player-profile\" class=\"wp-block-table\"><table class=\"has-fixed-layout\"><tbody><tr><td><img loading=\"lazy\" width=\"2048\" height=\"2560\" class=\"wp-image-4214\" style=\"width: 400px;\" src=\"http:\/\/wikioks.cal24.pl\/wp-content\/uploads\/2023\/07\/kurzywilk_konrad_1516-scaled.jpg\" alt=\"\" srcset=\"https:\/\/wikioks.cal24.pl\/wp-content\/uploads\/2023\/07\/kurzywilk_konrad_1516-scaled.jpg 2048w, https:\/\/wikioks.cal24.pl\/wp-content\/uploads\/2023\/07\/kurzywilk_konrad_1516-240x300.jpg 240w, https:\/\/wikioks.cal24.pl\/wp-content\/uploads\/2023\/07\/kurzywilk_konrad_1516-819x1024.jpg 819w, https:\/\/wikioks.cal24.pl\/wp-content\/uploads\/2023\/07\/kurzywilk_konrad_1516-768x960.jpg 768w, https:\/\/wikioks.cal24.pl\/wp-content\/uploads\/2023\/07\/kurzywilk_konrad_1516-1229x1536.jpg 1229w, https:\/\/wikioks.cal24.pl\/wp-content\/uploads\/2023\/07\/kurzywilk_konrad_1516-1638x2048.jpg 1638w\" sizes=\"(max-width: 2048px) 100vw, 2048px\" \/><br><em>Fot. Maciej Pytka<\/em><\/td><td><strong>Konrad Kurzywilk<\/strong>\u00a0(ur. 14 lipca 1996 w Bochni). Polski zawodnik graj\u0105cy na pozycji pomocnika. W barwach Okocimskiego wyst\u0105pi\u0142 w 16 meczach II ligi.<br><br>Wychowanek Nowych\/Rzezawianki Rzezawa. Jako junior wyst\u0119powa\u0142 w zespo\u0142\u0105ch m\u0142odzie\u017cowych Okocimskiego i Boche\u0144skiego KS. Jego pierwszym klubem w kategorii seniorskiej by\u0142a z kolei Jadowniczanka, z kt\u00f3r\u0105 wiosn\u0105 2014 zaliczy\u0142 spadek z IV ligi. <br><br>Latem 2015 roku trafi\u0142 na wypo\u017cyczenie do drugoligowego Okocimskiego, kt\u00f3ry akurat szuka\u0142 warto\u015bciowego m\u0142odzie\u017cowca. Z tej roli Kurzywilk wywi\u0105zywa\u0142 si\u0119 solidnie, a dru\u017cyna na p\u00f3\u0142metku rozgrywek zajmowa\u0142a bezpieczne 10. miejsce w tabeli. Jego przygoda z Okocimskim nie trwa\u0142a jednak d\u0142ugo. W przerwie zimowej gruchn\u0119\u0142a wiadomo\u015b\u0107 o wycofaniu si\u0119 sponsora generalnego, co oznacza\u0142o konieczno\u015b\u0107 rozwi\u0105zania zespo\u0142u.. M\u0142ody pomocnik, maj\u0105cy aspiracje do gry na wy\u017cszym szczeblu szuka\u0142 mo\u017cliwo\u015bci doko\u0144czenia sezonu poza Jadownikami. Wyb\u00f3r pad\u0142 na trzecioligowy Poprad Muszyna. Powa\u017cna kontuzja kolana jakiej dozna\u0142 w po\u0142owie wiosenny zmaga\u0144 na d\u0142u\u017cszy czas wykluczy\u0142a go z gry oraz jak si\u0119 p\u00f3\u017aniej okaza\u0142o skutecznie zahamowa\u0142a dalszy rozw\u00f3j jego kariery.<br><br>Nast\u0119pnie Kurzywilk pr\u00f3bowa\u0142 swoich si\u0142 w Jadowniczance. Od 2022 roku pozostaje zawodnikiem Nowych\/Rzezawianki Rzezawa.<\/td><\/tr><\/tbody><\/table><\/figure>\n\n\n\n<figure id=\"player-data\" class=\"wp-block-table is-style-stripes\"><table><tbody><tr><th>Wzrost i waga<\/th><td>186 cm \/ 80 kg<\/td><\/tr><tr><td><strong>Pozycja<\/strong><\/td><td>pomocnik<\/td><\/tr><tr><th>Lata gry w Okocimskim<\/th><td>2015<\/td><\/tr><tr><th>Przebieg kariery<\/th><td><img loading=\"lazy\" width=\"23\" height=\"15\" class=\"wp-image-887\" style=\"width: 23px;\" src=\"http:\/\/wikioks.cal24.pl\/wp-content\/uploads\/2021\/01\/pol.gif\" alt=\"\"> Novi\/Rzezawianka Rzezawa (juniorzy)<br>2011-13 <img src=\"http:\/\/wikioks.cal24.pl\/wp-content\/uploads\/2021\/01\/pol.gif\" alt=\"\"> Okocimski KS Brzesko (juniorzy)<br>2013 <img src=\"http:\/\/wikioks.cal24.pl\/wp-content\/uploads\/2021\/01\/pol.gif\" alt=\"\"> Boche\u0144ski KS (juniorzy)<br>2014-15 <img src=\"http:\/\/wikioks.cal24.pl\/wp-content\/uploads\/2021\/01\/pol.gif\" alt=\"\"> Jadowniczanka Jadowniki<br>2015 <img src=\"http:\/\/wikioks.cal24.pl\/wp-content\/uploads\/2021\/01\/pol.gif\" alt=\"\"> Okocimski KS Brzesko<br>2016 <img src=\"http:\/\/wikioks.cal24.pl\/wp-content\/uploads\/2021\/01\/pol.gif\" alt=\"\"> Poprad Muszyna<br>2016 <img src=\"http:\/\/wikioks.cal24.pl\/wp-content\/uploads\/2021\/01\/pol.gif\" alt=\"\"> Jadowniczanka Jadowniki<br>2018-21 <img src=\"http:\/\/wikioks.cal24.pl\/wp-content\/uploads\/2021\/01\/pol.gif\" alt=\"\"> Jadowniczanka Jadowniki<br>od 2022 <img src=\"http:\/\/wikioks.cal24.pl\/wp-content\/uploads\/2021\/01\/pol.gif\" alt=\"\"> Novi\/Rzezawianka Rzezawa<\/td><\/tr><tr><th>Debiut w <strong>Okocimskim<\/strong><\/th><td>15.08.2015 (Gryf Wejherowo &#8211; Okocimski KS Brzesko 1:1)<\/td><\/tr><tr><th>Ostatni mecz w <strong>Okocimskim<\/strong><\/th><td>28.11.2015 (B\u0142\u0119kitni Stargard Szczeci\u0144ski &#8211; Okocimski KS Brzesko 5:0)<\/td><\/tr><\/tbody><\/table><\/figure>\n\n\n\n<h3>Bilans zawodnika<\/h3>\n\n\n\n<figure class=\"wp-block-table\"><table><tbody><tr><td><strong>Sezon<\/strong><\/td><td><\/td><td class=\"has-text-align-center\" data-align=\"center\"><strong>Mecze<\/strong><\/td><td class=\"has-text-align-center\" data-align=\"center\"><strong>Bramki<\/strong><\/td><\/tr><tr><td>2015\/16 (j)<\/td><td>Okocimski KS Brzesko<\/td><td class=\"has-text-align-center\" data-align=\"center\">16<\/td><td class=\"has-text-align-center\" data-align=\"center\">0<\/td><\/tr><tr><td><strong>Razem<\/strong><\/td><td><\/td><td class=\"has-text-align-center\" data-align=\"center\">16<\/td><td class=\"has-text-align-center\" data-align=\"center\">0<\/td><\/tr><\/tbody><\/table><figcaption>Statystyki dotycz\u0105 jedynie mecz\u00f3w ligowych<\/figcaption><\/figure>\n\n\n\n<p><\/p>\n","protected":false},"excerpt":{"rendered":"<p>Fot. Maciej Pytka Konrad Kurzywilk\u00a0(ur. 14 lipca 1996 w Bochni). Polski zawodnik graj\u0105cy na pozycji pomocnika. W barwach Okocimskiego wyst\u0105pi\u0142<\/p>\n","protected":false},"author":1,"featured_media":0,"parent":0,"menu_order":0,"comment_status":"closed","ping_status":"closed","template":"","meta":{"ngg_post_thumbnail":0},"_links":{"self":[{"href":"https:\/\/wikioks.cal24.pl\/index.php\/wp-json\/wp\/v2\/pages\/4296"}],"collection":[{"href":"https:\/\/wikioks.cal24.pl\/index.php\/wp-json\/wp\/v2\/pages"}],"about":[{"href":"https:\/\/wikioks.cal24.pl\/index.php\/wp-json\/wp\/v2\/types\/page"}],"author":[{"embeddable":true,"href":"https:\/\/wikioks.cal24.pl\/index.php\/wp-json\/wp\/v2\/users\/1"}],"replies":[{"embeddable":true,"href":"https:\/\/wikioks.cal24.pl\/index.php\/wp-json\/wp\/v2\/comments?post=4296"}],"version-history":[{"count":1,"href":"https:\/\/wikioks.cal24.pl\/index.php\/wp-json\/wp\/v2\/pages\/4296\/revisions"}],"predecessor-version":[{"id":4297,"href":"https:\/\/wikioks.cal24.pl\/index.php\/wp-json\/wp\/v2\/pages\/4296\/revisions\/4297"}],"wp:attachment":[{"href":"https:\/\/wikioks.cal24.pl\/index.php\/wp-json\/wp\/v2\/media?parent=4296"}],"curies":[{"name":"wp","href":"https:\/\/api.w.org\/{rel}","templated":true}]}}

<figure id="player-profile" class="wp-block-table"><table class="has-fixed-layout"><tbody><tr><td><img loading="lazy" width="2048" height="2560" class="wp-image-4214" style="width: 400px;" src="http://wikioks.cal24.pl/wp-content/uploads/2023/07/kurzywilk_konrad_1516-scaled.jpg" alt="" srcset="https://wikioks.cal24.pl/wp-content/uploads/2023/07/kurzywilk_konrad_1516-scaled.jpg 2048w, https://wikioks.cal24.pl/wp-content/uploads/2023/07/kurzywilk_konrad_1516-240x300.jpg 240w, https://wikioks.cal24.pl/wp-content/uploads/2023/07/kurzywilk_konrad_1516-819x1024.jpg 819w, https://wikioks.cal24.pl/wp-content/uploads/2023/07/kurzywilk_konrad_1516-768x960.jpg 768w, https://wikioks.cal24.pl/wp-content/uploads/2023/07/kurzywilk_konrad_1516-1229x1536.jpg 1229w, https://wikioks.cal24.pl/wp-content/uploads/2023/07/kurzywilk_konrad_1516-1638x2048.jpg 1638w" sizes="(max-width: 2048px) 100vw, 2048px" /><br><em>Fot. Maciej Pytka</em></td><td><strong>Konrad Kurzywilk</strong> (ur. 14 lipca 1996 w Bochni). Polski zawodnik grający na pozycji pomocnika. W barwach Okocimskiego wystąpił w 16 meczach II ligi.<br><br>Wychowanek Nowych/Rzezawianki Rzezawa. Jako junior występował w zespołąch młodzieżowych Okocimskiego i Bocheńskiego KS. Jego pierwszym klubem w kategorii seniorskiej była z kolei Jadowniczanka, z którą wiosną 2014 zaliczył spadek z IV ligi. <br><br>Latem 2015 roku trafił na wypożyczenie do drugoligowego Okocimskiego, który akurat szukał wartościowego młodzieżowca. Z tej roli Kurzywilk wywiązywał się solidnie, a drużyna na półmetku rozgrywek zajmowała bezpieczne 10. miejsce w tabeli. Jego przygoda z Okocimskim nie trwała jednak długo. W przerwie zimowej gruchnęła wiadomość o wycofaniu się sponsora generalnego, co oznaczało konieczność rozwiązania zespołu.. Młody pomocnik, mający aspiracje do gry na wyższym szczeblu szukał możliwości dokończenia sezonu poza Jadownikami. Wybór padł na trzecioligowy Poprad Muszyna. Poważna kontuzja kolana jakiej doznał w połowie wiosenny zmagań na dłuższy czas wykluczyła go z gry oraz jak się później okazało skutecznie zahamowała dalszy rozwój jego kariery.<br><br>Następnie Kurzywilk próbował swoich sił w Jadowniczance. Od 2022 roku pozostaje zawodnikiem Nowych/Rzezawianki Rzezawa.</td></tr></tbody></table></figure>



<figure id="player-data" class="wp-block-table is-style-stripes"><table><tbody><tr><th>Wzrost i waga</th><td>186 cm / 80 kg</td></tr><tr><td><strong>Pozycja</strong></td><td>pomocnik</td></tr><tr><th>Lata gry w Okocimskim</th><td>2015</td></tr><tr><th>Przebieg kariery</th><td><img loading="lazy" width="23" height="15" class="wp-image-887" style="width: 23px;" src="http://wikioks.cal24.pl/wp-content/uploads/2021/01/pol.gif" alt=""> Novi/Rzezawianka Rzezawa (juniorzy)<br>2011-13 <img src="http://wikioks.cal24.pl/wp-content/uploads/2021/01/pol.gif" alt=""> Okocimski KS Brzesko (juniorzy)<br>2013 <img src="http://wikioks.cal24.pl/wp-content/uploads/2021/01/pol.gif" alt=""> Bocheński KS (juniorzy)<br>2014-15 <img src="http://wikioks.cal24.pl/wp-content/uploads/2021/01/pol.gif" alt=""> Jadowniczanka Jadowniki<br>2015 <img src="http://wikioks.cal24.pl/wp-content/uploads/2021/01/pol.gif" alt=""> Okocimski KS Brzesko<br>2016 <img src="http://wikioks.cal24.pl/wp-content/uploads/2021/01/pol.gif" alt=""> Poprad Muszyna<br>2016 <img src="http://wikioks.cal24.pl/wp-content/uploads/2021/01/pol.gif" alt=""> Jadowniczanka Jadowniki<br>2018-21 <img src="http://wikioks.cal24.pl/wp-content/uploads/2021/01/pol.gif" alt=""> Jadowniczanka Jadowniki<br>od 2022 <img src="http://wikioks.cal24.pl/wp-content/uploads/2021/01/pol.gif" alt=""> Novi/Rzezawianka Rzezawa</td></tr><tr><th>Debiut w <strong>Okocimskim</strong></th><td>15.08.2015 (Gryf Wejherowo &#8211; Okocimski KS Brzesko 1:1)</td></tr><tr><th>Ostatni mecz w <strong>Okocimskim</strong></th><td>28.11.2015 (Błękitni Stargard Szczeciński &#8211; Okocimski KS Brzesko 5:0)</td></tr></tbody></table></figure>



<h3>Bilans zawodnika</h3>



<figure class="wp-block-table"><table><tbody><tr><td><strong>Sezon</strong></td><td></td><td class="has-text-align-center" data-align="center"><strong>Mecze</strong></td><td class="has-text-align-center" data-align="center"><strong>Bramki</strong></td></tr><tr><td>2015/16 (j)</td><td>Okocimski KS Brzesko</td><td class="has-text-align-center" data-align="center">16</td><td class="has-text-align-center" data-align="center">0</td></tr><tr><td><strong>Razem</strong></td><td></td><td class="has-text-align-center" data-align="center">16</td><td class="has-text-align-center" data-align="center">0</td></tr></tbody></table><figcaption>Statystyki dotyczą jedynie meczów ligowych</figcaption></figure>



<p></p>

<p>Fot. Maciej Pytka Konrad Kurzywilk (ur. 14 lipca 1996 w Bochni). Polski zawodnik grający na pozycji pomocnika. W barwach Okocimskiego wystąpił</p>
