{"id":5184,"date":"2024-09-10T13:46:49","date_gmt":"2024-09-10T11:46:49","guid":{"rendered":"http:\/\/wikioks.cal24.pl\/?page_id=5184"},"modified":"2024-09-10T13:58:47","modified_gmt":"2024-09-10T11:58:47","slug":"krzysztof-szuba","status":"publish","type":"page","link":"https:\/\/wikioks.cal24.pl\/index.php\/krzysztof-szuba\/","title":{"rendered":"Krzysztof Szuba"},"content":{"rendered":"\n<figure id=\"player-profile\" class=\"wp-block-table\"><table class=\"has-fixed-layout\"><tbody><tr><td><img loading=\"lazy\" width=\"525\" height=\"735\" class=\"wp-image-1077\" style=\"width: 400px;\" src=\"http:\/\/wikioks.cal24.pl\/wp-content\/uploads\/2021\/01\/Szuba-Krzysztof-2001.jpg\" alt=\"\" srcset=\"https:\/\/wikioks.cal24.pl\/wp-content\/uploads\/2021\/01\/Szuba-Krzysztof-2001.jpg 525w, https:\/\/wikioks.cal24.pl\/wp-content\/uploads\/2021\/01\/Szuba-Krzysztof-2001-214x300.jpg 214w\" sizes=\"(max-width: 525px) 100vw, 525px\" \/><br><em>Fot. Marian Lambert<\/em><\/td><td><strong><strong>Krzysztof Szuba <\/strong><\/strong>(ur. 20 czerwca 1983 w Brzesku). Polski zawodnik wyst\u0119puj\u0105cy na pozycji bramkarza. W barwach Okocimskiego rozegra\u0142 56 mecz\u00f3w (liga + bara\u017ce).<br><br>Wychowanek Okocimskiego. Zadebiutowa\u0142 w pierwszym zespole &#8222;Piwoszy&#8221; b\u0119d\u0105c jeszcze juniorem. Jako 20-latek mia\u0142 ju\u017c pewne miejsce mi\u0119dzy s\u0142upkami. Po przyj\u015bciu do klubu Jaros\u0142awa Paleja musia\u0142 pogodzi\u0107 si\u0119 z rol\u0105 rezerwowego bramkarza. Do historii przejdzie jego wyst\u0119p w rewan\u017cowym meczu 1\/16 fina\u0142u Pucharu Polski w Poznaniu z tamtejszym Lechem jesieni\u0105 2005 roku, kiedy to do 72 minuty Okocimski prowadzi\u0142 po golu S\u0142awomira Jag\u0142y, sam Szuba dwoi\u0142 si\u0119 i troi\u0142 zachowuj\u0105c czyste konto. W tym samym sezonie popularny &#8222;Sini&#8221; wywalczy\u0142 z OKS-em upragniony awans do III ligi. W kolejnych latach zalicza\u0142 ju\u017c tylko pojedyncze wyst\u0119py w rozgrywkach ligowych i pucharowych. Ostatecznie odszed\u0142 z Okocimskiego latem 2007 roku.<br><br>Nast\u0119pnie kontynuowa\u0142 gr\u0119 w czwartoligowych Boche\u0144skim KS-ie i Szreniawie Nowy Wi\u015bnicz. Jego ostatnim klubem w karierze by\u0142a w 2010 roku trzeciolgowa Unia Tarn\u00f3w.<br><br>Prywatnie m\u0142odszy brat innego wychowanka Okocimskiego &#8211; Edwarda Szuby.<\/td><\/tr><\/tbody><\/table><\/figure>\n\n\n\n<figure id=\"player-data\" class=\"wp-block-table is-style-stripes\"><table><tbody><tr><th>Wzrost i waga<\/th><td>181 cm \/ 78 kg<\/td><\/tr><tr><td><strong>Pozycja<\/strong><\/td><td>bramkarz<\/td><\/tr><tr><th>Lata gry w Okocimskim<\/th><td>2001-07<\/td><\/tr><tr><th>Przebieg kariery<\/th><td><img src=\"http:\/\/wikioks.cal24.pl\/wp-content\/uploads\/2021\/01\/pol.gif\" alt=\"\"> Okocimski KS Brzesko (juniorzy)<br>2001-07 <img src=\"http:\/\/wikioks.cal24.pl\/wp-content\/uploads\/2021\/01\/pol.gif\" alt=\"\"> Okocimski KS Brzesko<br>2008-09 <img src=\"http:\/\/wikioks.cal24.pl\/wp-content\/uploads\/2021\/01\/pol.gif\" alt=\"\"> Boche\u0144ski KS<br>2009-10 <img src=\"http:\/\/wikioks.cal24.pl\/wp-content\/uploads\/2021\/01\/pol.gif\" alt=\"\"> Szreniawa Nowy Wi\u015bnicz<br>2010 <img src=\"http:\/\/wikioks.cal24.pl\/wp-content\/uploads\/2021\/01\/pol.gif\" alt=\"\"> Unia Tarn\u00f3w<\/td><\/tr><tr><th>Debiut w <strong>Okocimskim<\/strong><\/th><td><\/td><\/tr><tr><th>Ostatni mecz w <strong>Okocimskim<\/strong><\/th><td>15.08.2006 (Okocimski KS Brzesko &#8211; Orl\u0119ta Radzy\u0144 Podlaski 4:3) &#8211; Puchar Polski<\/td><\/tr><\/tbody><\/table><\/figure>\n\n\n\n<h3>Bilans zawodnika<\/h3>\n\n\n\n<figure class=\"wp-block-table\"><table><tbody><tr><td><strong>Sezon<\/strong><\/td><td><\/td><td class=\"has-text-align-center\" data-align=\"center\"><strong>Mecze<\/strong><\/td><td class=\"has-text-align-center\" data-align=\"center\"><strong>Bramki<\/strong><\/td><\/tr><tr><td>2001\/02<\/td><td>Okocimski KS Brzesko<\/td><td class=\"has-text-align-center\" data-align=\"center\">3<\/td><td class=\"has-text-align-center\" data-align=\"center\">0<\/td><\/tr><tr><td>2002\/03<\/td><td>Okocimski KS Brzesko<\/td><td class=\"has-text-align-center\" data-align=\"center\">14<\/td><td class=\"has-text-align-center\" data-align=\"center\">0<\/td><\/tr><tr><td>2003\/04<\/td><td>Okocimski KS Brzesko<\/td><td class=\"has-text-align-center\" data-align=\"center\">30<\/td><td class=\"has-text-align-center\" data-align=\"center\">0<\/td><\/tr><tr><td>2004\/05<\/td><td>Okocimski KS Brzesko<\/td><td class=\"has-text-align-center\" data-align=\"center\">4<\/td><td class=\"has-text-align-center\" data-align=\"center\">0<\/td><\/tr><tr><td>2005\/06<\/td><td>Okocimski KS Brzesko<\/td><td class=\"has-text-align-center\" data-align=\"center\">4<\/td><td class=\"has-text-align-center\" data-align=\"center\">0<\/td><\/tr><tr><td>2006\/07<\/td><td>Okocimski KS Brzesko<\/td><td class=\"has-text-align-center\" data-align=\"center\">1<\/td><td class=\"has-text-align-center\" data-align=\"center\">0<\/td><\/tr><tr><td><strong>Razem<\/strong><\/td><td><\/td><td class=\"has-text-align-center\" data-align=\"center\">56<\/td><td class=\"has-text-align-center\" data-align=\"center\">0<\/td><\/tr><\/tbody><\/table><figcaption>Statystyki dotycz\u0105 jedynie mecz\u00f3w ligowych i bara\u017cowych<\/figcaption><\/figure>\n\n\n\n<p><\/p>\n","protected":false},"excerpt":{"rendered":"<p>Fot. Marian Lambert Krzysztof Szuba (ur. 20 czerwca 1983 w Brzesku). Polski zawodnik wyst\u0119puj\u0105cy na pozycji bramkarza. W barwach Okocimskiego<\/p>\n","protected":false},"author":1,"featured_media":0,"parent":0,"menu_order":0,"comment_status":"closed","ping_status":"closed","template":"","meta":{"ngg_post_thumbnail":0},"_links":{"self":[{"href":"https:\/\/wikioks.cal24.pl\/index.php\/wp-json\/wp\/v2\/pages\/5184"}],"collection":[{"href":"https:\/\/wikioks.cal24.pl\/index.php\/wp-json\/wp\/v2\/pages"}],"about":[{"href":"https:\/\/wikioks.cal24.pl\/index.php\/wp-json\/wp\/v2\/types\/page"}],"author":[{"embeddable":true,"href":"https:\/\/wikioks.cal24.pl\/index.php\/wp-json\/wp\/v2\/users\/1"}],"replies":[{"embeddable":true,"href":"https:\/\/wikioks.cal24.pl\/index.php\/wp-json\/wp\/v2\/comments?post=5184"}],"version-history":[{"count":2,"href":"https:\/\/wikioks.cal24.pl\/index.php\/wp-json\/wp\/v2\/pages\/5184\/revisions"}],"predecessor-version":[{"id":5186,"href":"https:\/\/wikioks.cal24.pl\/index.php\/wp-json\/wp\/v2\/pages\/5184\/revisions\/5186"}],"wp:attachment":[{"href":"https:\/\/wikioks.cal24.pl\/index.php\/wp-json\/wp\/v2\/media?parent=5184"}],"curies":[{"name":"wp","href":"https:\/\/api.w.org\/{rel}","templated":true}]}}

<figure id="player-profile" class="wp-block-table"><table class="has-fixed-layout"><tbody><tr><td><img loading="lazy" width="525" height="735" class="wp-image-1077" style="width: 400px;" src="http://wikioks.cal24.pl/wp-content/uploads/2021/01/Szuba-Krzysztof-2001.jpg" alt="" srcset="https://wikioks.cal24.pl/wp-content/uploads/2021/01/Szuba-Krzysztof-2001.jpg 525w, https://wikioks.cal24.pl/wp-content/uploads/2021/01/Szuba-Krzysztof-2001-214x300.jpg 214w" sizes="(max-width: 525px) 100vw, 525px" /><br><em>Fot. Marian Lambert</em></td><td><strong><strong>Krzysztof Szuba </strong></strong>(ur. 20 czerwca 1983 w Brzesku). Polski zawodnik występujący na pozycji bramkarza. W barwach Okocimskiego rozegrał 56 meczów (liga + baraże).<br><br>Wychowanek Okocimskiego. Zadebiutował w pierwszym zespole &#8222;Piwoszy&#8221; będąc jeszcze juniorem. Jako 20-latek miał już pewne miejsce między słupkami. Po przyjściu do klubu Jarosława Paleja musiał pogodzić się z rolą rezerwowego bramkarza. Do historii przejdzie jego występ w rewanżowym meczu 1/16 finału Pucharu Polski w Poznaniu z tamtejszym Lechem jesienią 2005 roku, kiedy to do 72 minuty Okocimski prowadził po golu Sławomira Jagły, sam Szuba dwoił się i troił zachowując czyste konto. W tym samym sezonie popularny &#8222;Sini&#8221; wywalczył z OKS-em upragniony awans do III ligi. W kolejnych latach zaliczał już tylko pojedyncze występy w rozgrywkach ligowych i pucharowych. Ostatecznie odszedł z Okocimskiego latem 2007 roku.<br><br>Następnie kontynuował grę w czwartoligowych Bocheńskim KS-ie i Szreniawie Nowy Wiśnicz. Jego ostatnim klubem w karierze była w 2010 roku trzeciolgowa Unia Tarnów.<br><br>Prywatnie młodszy brat innego wychowanka Okocimskiego &#8211; Edwarda Szuby.</td></tr></tbody></table></figure>



<figure id="player-data" class="wp-block-table is-style-stripes"><table><tbody><tr><th>Wzrost i waga</th><td>181 cm / 78 kg</td></tr><tr><td><strong>Pozycja</strong></td><td>bramkarz</td></tr><tr><th>Lata gry w Okocimskim</th><td>2001-07</td></tr><tr><th>Przebieg kariery</th><td><img src="http://wikioks.cal24.pl/wp-content/uploads/2021/01/pol.gif" alt=""> Okocimski KS Brzesko (juniorzy)<br>2001-07 <img src="http://wikioks.cal24.pl/wp-content/uploads/2021/01/pol.gif" alt=""> Okocimski KS Brzesko<br>2008-09 <img src="http://wikioks.cal24.pl/wp-content/uploads/2021/01/pol.gif" alt=""> Bocheński KS<br>2009-10 <img src="http://wikioks.cal24.pl/wp-content/uploads/2021/01/pol.gif" alt=""> Szreniawa Nowy Wiśnicz<br>2010 <img src="http://wikioks.cal24.pl/wp-content/uploads/2021/01/pol.gif" alt=""> Unia Tarnów</td></tr><tr><th>Debiut w <strong>Okocimskim</strong></th><td></td></tr><tr><th>Ostatni mecz w <strong>Okocimskim</strong></th><td>15.08.2006 (Okocimski KS Brzesko &#8211; Orlęta Radzyń Podlaski 4:3) &#8211; Puchar Polski</td></tr></tbody></table></figure>



<h3>Bilans zawodnika</h3>



<figure class="wp-block-table"><table><tbody><tr><td><strong>Sezon</strong></td><td></td><td class="has-text-align-center" data-align="center"><strong>Mecze</strong></td><td class="has-text-align-center" data-align="center"><strong>Bramki</strong></td></tr><tr><td>2001/02</td><td>Okocimski KS Brzesko</td><td class="has-text-align-center" data-align="center">3</td><td class="has-text-align-center" data-align="center">0</td></tr><tr><td>2002/03</td><td>Okocimski KS Brzesko</td><td class="has-text-align-center" data-align="center">14</td><td class="has-text-align-center" data-align="center">0</td></tr><tr><td>2003/04</td><td>Okocimski KS Brzesko</td><td class="has-text-align-center" data-align="center">30</td><td class="has-text-align-center" data-align="center">0</td></tr><tr><td>2004/05</td><td>Okocimski KS Brzesko</td><td class="has-text-align-center" data-align="center">4</td><td class="has-text-align-center" data-align="center">0</td></tr><tr><td>2005/06</td><td>Okocimski KS Brzesko</td><td class="has-text-align-center" data-align="center">4</td><td class="has-text-align-center" data-align="center">0</td></tr><tr><td>2006/07</td><td>Okocimski KS Brzesko</td><td class="has-text-align-center" data-align="center">1</td><td class="has-text-align-center" data-align="center">0</td></tr><tr><td><strong>Razem</strong></td><td></td><td class="has-text-align-center" data-align="center">56</td><td class="has-text-align-center" data-align="center">0</td></tr></tbody></table><figcaption>Statystyki dotyczą jedynie meczów ligowych i barażowych</figcaption></figure>



<p></p>

<p>Fot. Marian Lambert Krzysztof Szuba (ur. 20 czerwca 1983 w Brzesku). Polski zawodnik występujący na pozycji bramkarza. W barwach Okocimskiego</p>
