{"id":5191,"date":"2024-09-11T09:13:09","date_gmt":"2024-09-11T07:13:09","guid":{"rendered":"http:\/\/wikioks.cal24.pl\/?page_id=5191"},"modified":"2024-09-11T09:13:47","modified_gmt":"2024-09-11T07:13:47","slug":"radoslaw-pietrzyk","status":"publish","type":"page","link":"https:\/\/wikioks.cal24.pl\/index.php\/radoslaw-pietrzyk\/","title":{"rendered":"Rados\u0142aw Pietrzyk"},"content":{"rendered":"\n<figure id=\"player-profile\" class=\"wp-block-table\"><table class=\"has-fixed-layout\"><tbody><tr><td><img loading=\"lazy\" width=\"356\" height=\"550\" class=\"wp-image-2440\" style=\"width: 400px;\" src=\"http:\/\/wikioks.cal24.pl\/wp-content\/uploads\/2023\/02\/radoslaw_pietrzyk.jpg\" alt=\"\" srcset=\"https:\/\/wikioks.cal24.pl\/wp-content\/uploads\/2023\/02\/radoslaw_pietrzyk.jpg 356w, https:\/\/wikioks.cal24.pl\/wp-content\/uploads\/2023\/02\/radoslaw_pietrzyk-194x300.jpg 194w\" sizes=\"(max-width: 356px) 100vw, 356px\" \/><br><em>Fot. Maciej Pytka<\/em><\/td><td><strong>Rados\u0142aw Pietrzyk<\/strong>\u00a0(ur. 3 czerwca 2001). Polski zawodnik graj\u0105cy na pozycji napastnika. Wyst\u0105pi\u0142 w 2 meczach ligowych.<br><br>Wychowanek brzeskiego klubu. Jeden z kilku uzdolnionych junior\u00f3w, kt\u00f3ry zdo\u0142a\u0142 zadebiutowa\u0107 w seniorskim zespole Okocimskiego w trakcie sezonu 2016\/17.<br><br>P\u00f3\u017aniej reprezentowa\u0142 barwy Stra\u017caka Mokrzyska.<\/td><\/tr><\/tbody><\/table><\/figure>\n\n\n\n<figure id=\"player-data\" class=\"wp-block-table is-style-stripes\"><table><tbody><tr><th>Wzrost i waga<\/th><td><\/td><\/tr><tr><td><strong>Pozycja<\/strong><\/td><td>napastnik<\/td><\/tr><tr><th>Lata gry w Okocimskim<\/th><td>2017<\/td><\/tr><tr><th>Przebieg kariery<\/th><td><img src=\"http:\/\/wikioks.cal24.pl\/wp-content\/uploads\/2021\/01\/pol.gif\" alt=\"\"> Okocimski KS Brzesko (juniorzy)<br>2017 <img src=\"http:\/\/wikioks.cal24.pl\/wp-content\/uploads\/2021\/01\/pol.gif\" alt=\"\"> Okocimski KS Brzesko<br>2017-19 <img src=\"http:\/\/wikioks.cal24.pl\/wp-content\/uploads\/2021\/01\/pol.gif\" alt=\"\"> Okocimski KS Brzesko (juniorzy)<br>2019 <img src=\"http:\/\/wikioks.cal24.pl\/wp-content\/uploads\/2021\/01\/pol.gif\" alt=\"\"> Stra\u017cak Mokrzyska<br>od 2024 <img src=\"http:\/\/wikioks.cal24.pl\/wp-content\/uploads\/2021\/01\/pol.gif\" alt=\"\"> Stra\u017cak Mokrzyska<\/td><\/tr><tr><th>Debiut w <strong>Okocimskim<\/strong><\/th><td>10.06.2017 (Okocimski KS Brzesko &#8211; LKS Gnojnik 0:1)<\/td><\/tr><tr><th>Ostatni mecz w <strong>Okocimskim<\/strong><\/th><td>17.06.2017 (Orze\u0142 D\u0119bno &#8211; Okocimski KS Brzesko 0:5)<\/td><\/tr><\/tbody><\/table><\/figure>\n\n\n\n<h3>Bilans zawodnika<\/h3>\n\n\n\n<figure class=\"wp-block-table\"><table><tbody><tr><td><strong>Sezon<\/strong><\/td><td><\/td><td class=\"has-text-align-center\" data-align=\"center\"><strong>Mecze<\/strong><\/td><td class=\"has-text-align-center\" data-align=\"center\"><strong>Bramki<\/strong><\/td><\/tr><tr><td>2016\/17 (w)<\/td><td>Okocimski KS Brzesko<\/td><td class=\"has-text-align-center\" data-align=\"center\">2<\/td><td class=\"has-text-align-center\" data-align=\"center\">0<\/td><\/tr><tr><td>2017\/18 (j)<\/td><td>Okocimski KS Brzesko<\/td><td class=\"has-text-align-center\" data-align=\"center\">0<\/td><td class=\"has-text-align-center\" data-align=\"center\">0<\/td><\/tr><tr><td><strong>Razem<\/strong><\/td><td><\/td><td class=\"has-text-align-center\" data-align=\"center\">2<\/td><td class=\"has-text-align-center\" data-align=\"center\">0<\/td><\/tr><\/tbody><\/table><figcaption>Statystyki dotycz\u0105 jedynie mecz\u00f3w ligowych<\/figcaption><\/figure>\n\n\n\n<p><\/p>\n","protected":false},"excerpt":{"rendered":"<p>Fot. Maciej Pytka Rados\u0142aw Pietrzyk\u00a0(ur. 3 czerwca 2001). Polski zawodnik graj\u0105cy na pozycji napastnika. Wyst\u0105pi\u0142 w 2 meczach ligowych. Wychowanek<\/p>\n","protected":false},"author":1,"featured_media":0,"parent":0,"menu_order":0,"comment_status":"closed","ping_status":"closed","template":"","meta":{"ngg_post_thumbnail":0},"_links":{"self":[{"href":"https:\/\/wikioks.cal24.pl\/index.php\/wp-json\/wp\/v2\/pages\/5191"}],"collection":[{"href":"https:\/\/wikioks.cal24.pl\/index.php\/wp-json\/wp\/v2\/pages"}],"about":[{"href":"https:\/\/wikioks.cal24.pl\/index.php\/wp-json\/wp\/v2\/types\/page"}],"author":[{"embeddable":true,"href":"https:\/\/wikioks.cal24.pl\/index.php\/wp-json\/wp\/v2\/users\/1"}],"replies":[{"embeddable":true,"href":"https:\/\/wikioks.cal24.pl\/index.php\/wp-json\/wp\/v2\/comments?post=5191"}],"version-history":[{"count":2,"href":"https:\/\/wikioks.cal24.pl\/index.php\/wp-json\/wp\/v2\/pages\/5191\/revisions"}],"predecessor-version":[{"id":5193,"href":"https:\/\/wikioks.cal24.pl\/index.php\/wp-json\/wp\/v2\/pages\/5191\/revisions\/5193"}],"wp:attachment":[{"href":"https:\/\/wikioks.cal24.pl\/index.php\/wp-json\/wp\/v2\/media?parent=5191"}],"curies":[{"name":"wp","href":"https:\/\/api.w.org\/{rel}","templated":true}]}}

Radosław Pietrzyk

<figure id="player-profile" class="wp-block-table"><table class="has-fixed-layout"><tbody><tr><td><img loading="lazy" width="356" height="550" class="wp-image-2440" style="width: 400px;" src="http://wikioks.cal24.pl/wp-content/uploads/2023/02/radoslaw_pietrzyk.jpg" alt="" srcset="https://wikioks.cal24.pl/wp-content/uploads/2023/02/radoslaw_pietrzyk.jpg 356w, https://wikioks.cal24.pl/wp-content/uploads/2023/02/radoslaw_pietrzyk-194x300.jpg 194w" sizes="(max-width: 356px) 100vw, 356px" /><br><em>Fot. Maciej Pytka</em></td><td><strong>Radosław Pietrzyk</strong> (ur. 3 czerwca 2001). Polski zawodnik grający na pozycji napastnika. Wystąpił w 2 meczach ligowych.<br><br>Wychowanek brzeskiego klubu. Jeden z kilku uzdolnionych juniorów, który zdołał zadebiutować w seniorskim zespole Okocimskiego w trakcie sezonu 2016/17.<br><br>Później reprezentował barwy Strażaka Mokrzyska.</td></tr></tbody></table></figure>



<figure id="player-data" class="wp-block-table is-style-stripes"><table><tbody><tr><th>Wzrost i waga</th><td></td></tr><tr><td><strong>Pozycja</strong></td><td>napastnik</td></tr><tr><th>Lata gry w Okocimskim</th><td>2017</td></tr><tr><th>Przebieg kariery</th><td><img src="http://wikioks.cal24.pl/wp-content/uploads/2021/01/pol.gif" alt=""> Okocimski KS Brzesko (juniorzy)<br>2017 <img src="http://wikioks.cal24.pl/wp-content/uploads/2021/01/pol.gif" alt=""> Okocimski KS Brzesko<br>2017-19 <img src="http://wikioks.cal24.pl/wp-content/uploads/2021/01/pol.gif" alt=""> Okocimski KS Brzesko (juniorzy)<br>2019 <img src="http://wikioks.cal24.pl/wp-content/uploads/2021/01/pol.gif" alt=""> Strażak Mokrzyska<br>od 2024 <img src="http://wikioks.cal24.pl/wp-content/uploads/2021/01/pol.gif" alt=""> Strażak Mokrzyska</td></tr><tr><th>Debiut w <strong>Okocimskim</strong></th><td>10.06.2017 (Okocimski KS Brzesko &#8211; LKS Gnojnik 0:1)</td></tr><tr><th>Ostatni mecz w <strong>Okocimskim</strong></th><td>17.06.2017 (Orzeł Dębno &#8211; Okocimski KS Brzesko 0:5)</td></tr></tbody></table></figure>



<h3>Bilans zawodnika</h3>



<figure class="wp-block-table"><table><tbody><tr><td><strong>Sezon</strong></td><td></td><td class="has-text-align-center" data-align="center"><strong>Mecze</strong></td><td class="has-text-align-center" data-align="center"><strong>Bramki</strong></td></tr><tr><td>2016/17 (w)</td><td>Okocimski KS Brzesko</td><td class="has-text-align-center" data-align="center">2</td><td class="has-text-align-center" data-align="center">0</td></tr><tr><td>2017/18 (j)</td><td>Okocimski KS Brzesko</td><td class="has-text-align-center" data-align="center">0</td><td class="has-text-align-center" data-align="center">0</td></tr><tr><td><strong>Razem</strong></td><td></td><td class="has-text-align-center" data-align="center">2</td><td class="has-text-align-center" data-align="center">0</td></tr></tbody></table><figcaption>Statystyki dotyczą jedynie meczów ligowych</figcaption></figure>



<p></p>

<p>Fot. Maciej Pytka Radosław Pietrzyk (ur. 3 czerwca 2001). Polski zawodnik grający na pozycji napastnika. Wystąpił w 2 meczach ligowych. Wychowanek</p>
