{"id":5587,"date":"2024-11-06T14:13:07","date_gmt":"2024-11-06T13:13:07","guid":{"rendered":"http:\/\/wikioks.cal24.pl\/?page_id=5587"},"modified":"2024-11-06T14:13:07","modified_gmt":"2024-11-06T13:13:07","slug":"bartlomiej-wygas","status":"publish","type":"page","link":"https:\/\/wikioks.cal24.pl\/index.php\/bartlomiej-wygas\/","title":{"rendered":"Bart\u0142omiej Wyga\u015b"},"content":{"rendered":"\n<figure id=\"player-profile\" class=\"wp-block-table\"><table class=\"has-fixed-layout\"><tbody><tr><td><img loading=\"lazy\" width=\"1714\" height=\"2560\" class=\"wp-image-1014\" style=\"width: 400px;\" src=\"http:\/\/wikioks.cal24.pl\/wp-content\/uploads\/2021\/01\/wygas-scaled.jpg\" alt=\"\" srcset=\"https:\/\/wikioks.cal24.pl\/wp-content\/uploads\/2021\/01\/wygas-scaled.jpg 1714w, https:\/\/wikioks.cal24.pl\/wp-content\/uploads\/2021\/01\/wygas-201x300.jpg 201w, https:\/\/wikioks.cal24.pl\/wp-content\/uploads\/2021\/01\/wygas-685x1024.jpg 685w, https:\/\/wikioks.cal24.pl\/wp-content\/uploads\/2021\/01\/wygas-768x1147.jpg 768w, https:\/\/wikioks.cal24.pl\/wp-content\/uploads\/2021\/01\/wygas-1028x1536.jpg 1028w, https:\/\/wikioks.cal24.pl\/wp-content\/uploads\/2021\/01\/wygas-1371x2048.jpg 1371w\" sizes=\"(max-width: 1714px) 100vw, 1714px\" \/><br><em>Fot. Maciej Pytka<\/em><\/td><td><strong>Bart\u0142omiej Wyga\u015b<\/strong>\u00a0(ur. 8 pa\u017adziernika 1990 w Krakowie). Polski zawodnik graj\u0105cy na pozycji bramkarza. W barwach Okocimskiego rozegra\u0142 2 mecze ligowe.<br><br>Wychowanek Cracovii, sk\u0105d trafi\u0142 do Borku. Latem 2009 roku do\u0142\u0105czy\u0142 do drugoligowego Okocimskiego pe\u0142ni\u0105c rol\u0119 zmiennika dla Jaros\u0142awa Paleja i Tomasza Libery. Z rzadka pojawia\u0142 si\u0119 jednak w meczowej kadrze.<br><br>W obliczu braku mo\u017cliwo\u015bci na regularne wyst\u0119py, po p\u00f3\u0142torej roku postanowi\u0142 odej\u015b\u0107 na wypo\u017cyczenie do trzecioligowego G\u00f3rnika Wieliczka. Oznacza\u0142o to jednak po\u017cegnanie ze szczeblem centralnym. W kolejnych latach zaliczy\u0142 kr\u00f3tkie epizody w Olimpii Pisarzowa, ponownie w Borku i Turbaczu Mszana Dolna. W 2014 roku zosta\u0142 bramkarzem Skawinki Skawina, kt\u00f3rej barwy reprezentowa\u0142 do 2021 roku. W latach 2017-2021 pe\u0142ni\u0142 funkcj\u0119 prezesa tego klubu.<\/td><\/tr><\/tbody><\/table><\/figure>\n\n\n\n<figure id=\"player-data\" class=\"wp-block-table is-style-stripes\"><table><tbody><tr><th>Wzrost i waga<\/th><td>187 cm \/ 90 kg<\/td><\/tr><tr><td><strong>Pozycja<\/strong><\/td><td>bramkarz<\/td><\/tr><tr><th>Lata gry w Okocimskim<\/th><td>2009-10<\/td><\/tr><tr><th>Przebieg kariery<\/th><td><img src=\"http:\/\/wikioks.cal24.pl\/wp-content\/uploads\/2021\/01\/pol.gif\" alt=\"\"> Cracovia (juniorzy)<br><img src=\"http:\/\/wikioks.cal24.pl\/wp-content\/uploads\/2021\/01\/pol.gif\" alt=\"\"> KS Borek (Krak\u00f3w)<br>2009-10 <img src=\"http:\/\/wikioks.cal24.pl\/wp-content\/uploads\/2021\/01\/pol.gif\" alt=\"\"> Okocimski KS Brzesko<br>2011 <img src=\"http:\/\/wikioks.cal24.pl\/wp-content\/uploads\/2021\/01\/pol.gif\" alt=\"\"> G\u00f3rnik Wieliczka<br>2012 <img src=\"http:\/\/wikioks.cal24.pl\/wp-content\/uploads\/2021\/01\/pol.gif\" alt=\"\"> Olimpia Pisarzowa<br>2013 <img src=\"http:\/\/wikioks.cal24.pl\/wp-content\/uploads\/2021\/01\/pol.gif\" alt=\"\"> KS Borek (Krak\u00f3w)<br>2014 <img src=\"http:\/\/wikioks.cal24.pl\/wp-content\/uploads\/2021\/01\/pol.gif\" alt=\"\"> Turbacz Mszana Dolna<br>2014-21 <img src=\"http:\/\/wikioks.cal24.pl\/wp-content\/uploads\/2021\/01\/pol.gif\" alt=\"\"> Skawinka Skawina<\/td><\/tr><tr><th>Debiut w <strong>Okocimskim<\/strong><\/th><td>12.09.2009 (GKS Jastrz\u0119bie \u2013 Okocimski KS Brzesko 0:2)<\/td><\/tr><tr><th>Ostatni mecz w <strong>Okocimskim<\/strong><\/th><td>31.10.2009 (Okocimski KS Brzesko &#8211; Olimpia Elbl\u0105g 3:1)<\/td><\/tr><\/tbody><\/table><\/figure>\n\n\n\n<h3>Bilans zawodnika<\/h3>\n\n\n\n<figure class=\"wp-block-table\"><table><tbody><tr><td><strong>Sezon<\/strong><\/td><td><\/td><td class=\"has-text-align-center\" data-align=\"center\"><strong>Mecze<\/strong><\/td><td class=\"has-text-align-center\" data-align=\"center\"><strong>Bramki<\/strong><\/td><\/tr><tr><td>2009\/10<\/td><td>Okocimski KS Brzesko<\/td><td class=\"has-text-align-center\" data-align=\"center\">2<\/td><td class=\"has-text-align-center\" data-align=\"center\">0<\/td><\/tr><tr><td>2010\/11 (j)<\/td><td>Okocimski KS Brzesko<\/td><td class=\"has-text-align-center\" data-align=\"center\">0<\/td><td class=\"has-text-align-center\" data-align=\"center\">0<\/td><\/tr><tr><td><strong>Razem<\/strong><\/td><td><\/td><td class=\"has-text-align-center\" data-align=\"center\">2<\/td><td class=\"has-text-align-center\" data-align=\"center\">0<\/td><\/tr><\/tbody><\/table><figcaption>Statystyki dotycz\u0105 jedynie mecz\u00f3w ligowych<\/figcaption><\/figure>\n\n\n\n<p><\/p>\n","protected":false},"excerpt":{"rendered":"<p>Fot. Maciej Pytka Bart\u0142omiej Wyga\u015b\u00a0(ur. 8 pa\u017adziernika 1990 w Krakowie). Polski zawodnik graj\u0105cy na pozycji bramkarza. W barwach Okocimskiego rozegra\u0142<\/p>\n","protected":false},"author":1,"featured_media":0,"parent":0,"menu_order":0,"comment_status":"closed","ping_status":"closed","template":"","meta":{"ngg_post_thumbnail":0},"_links":{"self":[{"href":"https:\/\/wikioks.cal24.pl\/index.php\/wp-json\/wp\/v2\/pages\/5587"}],"collection":[{"href":"https:\/\/wikioks.cal24.pl\/index.php\/wp-json\/wp\/v2\/pages"}],"about":[{"href":"https:\/\/wikioks.cal24.pl\/index.php\/wp-json\/wp\/v2\/types\/page"}],"author":[{"embeddable":true,"href":"https:\/\/wikioks.cal24.pl\/index.php\/wp-json\/wp\/v2\/users\/1"}],"replies":[{"embeddable":true,"href":"https:\/\/wikioks.cal24.pl\/index.php\/wp-json\/wp\/v2\/comments?post=5587"}],"version-history":[{"count":1,"href":"https:\/\/wikioks.cal24.pl\/index.php\/wp-json\/wp\/v2\/pages\/5587\/revisions"}],"predecessor-version":[{"id":5588,"href":"https:\/\/wikioks.cal24.pl\/index.php\/wp-json\/wp\/v2\/pages\/5587\/revisions\/5588"}],"wp:attachment":[{"href":"https:\/\/wikioks.cal24.pl\/index.php\/wp-json\/wp\/v2\/media?parent=5587"}],"curies":[{"name":"wp","href":"https:\/\/api.w.org\/{rel}","templated":true}]}}

Bartłomiej Wygaś

<figure id="player-profile" class="wp-block-table"><table class="has-fixed-layout"><tbody><tr><td><img loading="lazy" width="1714" height="2560" class="wp-image-1014" style="width: 400px;" src="http://wikioks.cal24.pl/wp-content/uploads/2021/01/wygas-scaled.jpg" alt="" srcset="https://wikioks.cal24.pl/wp-content/uploads/2021/01/wygas-scaled.jpg 1714w, https://wikioks.cal24.pl/wp-content/uploads/2021/01/wygas-201x300.jpg 201w, https://wikioks.cal24.pl/wp-content/uploads/2021/01/wygas-685x1024.jpg 685w, https://wikioks.cal24.pl/wp-content/uploads/2021/01/wygas-768x1147.jpg 768w, https://wikioks.cal24.pl/wp-content/uploads/2021/01/wygas-1028x1536.jpg 1028w, https://wikioks.cal24.pl/wp-content/uploads/2021/01/wygas-1371x2048.jpg 1371w" sizes="(max-width: 1714px) 100vw, 1714px" /><br><em>Fot. Maciej Pytka</em></td><td><strong>Bartłomiej Wygaś</strong> (ur. 8 października 1990 w Krakowie). Polski zawodnik grający na pozycji bramkarza. W barwach Okocimskiego rozegrał 2 mecze ligowe.<br><br>Wychowanek Cracovii, skąd trafił do Borku. Latem 2009 roku dołączył do drugoligowego Okocimskiego pełniąc rolę zmiennika dla Jarosława Paleja i Tomasza Libery. Z rzadka pojawiał się jednak w meczowej kadrze.<br><br>W obliczu braku możliwości na regularne występy, po półtorej roku postanowił odejść na wypożyczenie do trzecioligowego Górnika Wieliczka. Oznaczało to jednak pożegnanie ze szczeblem centralnym. W kolejnych latach zaliczył krótkie epizody w Olimpii Pisarzowa, ponownie w Borku i Turbaczu Mszana Dolna. W 2014 roku został bramkarzem Skawinki Skawina, której barwy reprezentował do 2021 roku. W latach 2017-2021 pełnił funkcję prezesa tego klubu.</td></tr></tbody></table></figure>



<figure id="player-data" class="wp-block-table is-style-stripes"><table><tbody><tr><th>Wzrost i waga</th><td>187 cm / 90 kg</td></tr><tr><td><strong>Pozycja</strong></td><td>bramkarz</td></tr><tr><th>Lata gry w Okocimskim</th><td>2009-10</td></tr><tr><th>Przebieg kariery</th><td><img src="http://wikioks.cal24.pl/wp-content/uploads/2021/01/pol.gif" alt=""> Cracovia (juniorzy)<br><img src="http://wikioks.cal24.pl/wp-content/uploads/2021/01/pol.gif" alt=""> KS Borek (Kraków)<br>2009-10 <img src="http://wikioks.cal24.pl/wp-content/uploads/2021/01/pol.gif" alt=""> Okocimski KS Brzesko<br>2011 <img src="http://wikioks.cal24.pl/wp-content/uploads/2021/01/pol.gif" alt=""> Górnik Wieliczka<br>2012 <img src="http://wikioks.cal24.pl/wp-content/uploads/2021/01/pol.gif" alt=""> Olimpia Pisarzowa<br>2013 <img src="http://wikioks.cal24.pl/wp-content/uploads/2021/01/pol.gif" alt=""> KS Borek (Kraków)<br>2014 <img src="http://wikioks.cal24.pl/wp-content/uploads/2021/01/pol.gif" alt=""> Turbacz Mszana Dolna<br>2014-21 <img src="http://wikioks.cal24.pl/wp-content/uploads/2021/01/pol.gif" alt=""> Skawinka Skawina</td></tr><tr><th>Debiut w <strong>Okocimskim</strong></th><td>12.09.2009 (GKS Jastrzębie – Okocimski KS Brzesko 0:2)</td></tr><tr><th>Ostatni mecz w <strong>Okocimskim</strong></th><td>31.10.2009 (Okocimski KS Brzesko &#8211; Olimpia Elbląg 3:1)</td></tr></tbody></table></figure>



<h3>Bilans zawodnika</h3>



<figure class="wp-block-table"><table><tbody><tr><td><strong>Sezon</strong></td><td></td><td class="has-text-align-center" data-align="center"><strong>Mecze</strong></td><td class="has-text-align-center" data-align="center"><strong>Bramki</strong></td></tr><tr><td>2009/10</td><td>Okocimski KS Brzesko</td><td class="has-text-align-center" data-align="center">2</td><td class="has-text-align-center" data-align="center">0</td></tr><tr><td>2010/11 (j)</td><td>Okocimski KS Brzesko</td><td class="has-text-align-center" data-align="center">0</td><td class="has-text-align-center" data-align="center">0</td></tr><tr><td><strong>Razem</strong></td><td></td><td class="has-text-align-center" data-align="center">2</td><td class="has-text-align-center" data-align="center">0</td></tr></tbody></table><figcaption>Statystyki dotyczą jedynie meczów ligowych</figcaption></figure>



<p></p>

<p>Fot. Maciej Pytka Bartłomiej Wygaś (ur. 8 października 1990 w Krakowie). Polski zawodnik grający na pozycji bramkarza. W barwach Okocimskiego rozegrał</p>
