{"id":5753,"date":"2024-11-26T10:00:03","date_gmt":"2024-11-26T09:00:03","guid":{"rendered":"http:\/\/wikioks.cal24.pl\/?page_id=5753"},"modified":"2024-11-26T10:00:04","modified_gmt":"2024-11-26T09:00:04","slug":"michal-wieciech","status":"publish","type":"page","link":"https:\/\/wikioks.cal24.pl\/index.php\/michal-wieciech\/","title":{"rendered":"Micha\u0142 Wieciech"},"content":{"rendered":"\n<figure id=\"player-profile\" class=\"wp-block-table\"><table class=\"has-fixed-layout\"><tbody><tr><td><img loading=\"lazy\" width=\"451\" height=\"707\" class=\"wp-image-5751\" style=\"width: 400px;\" src=\"http:\/\/wikioks.cal24.pl\/wp-content\/uploads\/2024\/11\/IMG_0738.jpeg\" alt=\"\" srcset=\"https:\/\/wikioks.cal24.pl\/wp-content\/uploads\/2024\/11\/IMG_0738.jpeg 451w, https:\/\/wikioks.cal24.pl\/wp-content\/uploads\/2024\/11\/IMG_0738-191x300.jpeg 191w\" sizes=\"(max-width: 451px) 100vw, 451px\" \/><br><em>Fot. Damian Mi\u015bkowicz<\/em><\/td><td><strong><strong>Micha\u0142 Wieciech<\/strong>\u00a0<\/strong>(ur. 25 lipca 1996). Polski zawodnik graj\u0105cy na pozycji pomocnika. W zespole Okocimskiego rozegra\u0142 2 mecze ligowe.<br><br>Wyst\u0119powa\u0142 w dru\u017cynach m\u0142odzie\u017cowych Okocimskiego, Strzelca Okulice i Boche\u0144skiego KS. Do reaktywowanej dru\u017cyny senior\u00f3w &#8222;Piwoszy&#8221; do\u0142\u0105czy\u0142 latem 2016 przechodz\u0105c z Wolnych K\u0142aj. Swoj\u0105 przygod\u0119 w Brzesku zako\u0144czy\u0142 kilka miesi\u0119cy p\u00f3\u017aniej.<br><br>Nast\u0119pnie reprezentowa\u0142 barwy takich klub\u00f3w jak Orze\u0142 Cikowice, Novi\/Rzezawianka Rzezawa, Sok\u00f3\u0142 Maszkienice, Start 77 Biadoliny Szlacheckie, Sok\u00f3\u0142 II\/Iskra \u0141\u0119ki, czy LKS Por\u0119ba Spytkowska.<\/td><\/tr><\/tbody><\/table><\/figure>\n\n\n\n<figure id=\"player-data\" class=\"wp-block-table is-style-stripes\"><table><tbody><tr><th>Wzrost i waga<\/th><td><\/td><\/tr><tr><td><strong>Pozycja<\/strong><\/td><td>pomocnik<\/td><\/tr><tr><th>Lata gry w Okocimskim<\/th><td>2016<\/td><\/tr><tr><th>Przebieg kariery<\/th><td>2009-11 <img loading=\"lazy\" width=\"23\" height=\"15\" class=\"wp-image-887\" style=\"width: 23px;\" src=\"http:\/\/wikioks.cal24.pl\/wp-content\/uploads\/2021\/01\/pol.gif\" alt=\"\"> Okocimski KS Brzesko (juniorzy)<br>2011-12 <img src=\"http:\/\/wikioks.cal24.pl\/wp-content\/uploads\/2021\/01\/pol.gif\" alt=\"\"> Strzelec Okulice (juniorzy)<br>2013-15 <img src=\"http:\/\/wikioks.cal24.pl\/wp-content\/uploads\/2021\/01\/pol.gif\" alt=\"\"> Boche\u0144ski KS (juniorzy)<br>2015-16 <img src=\"http:\/\/wikioks.cal24.pl\/wp-content\/uploads\/2021\/01\/pol.gif\" alt=\"\"> Wolni K\u0142aj<br>2016 <img src=\"http:\/\/wikioks.cal24.pl\/wp-content\/uploads\/2021\/01\/pol.gif\" alt=\"\"> Okocimski KS Brzesko<br>2017 <img src=\"http:\/\/wikioks.cal24.pl\/wp-content\/uploads\/2021\/01\/pol.gif\" alt=\"\"> Orze\u0142 Cikowice<br>2017-18 <img src=\"http:\/\/wikioks.cal24.pl\/wp-content\/uploads\/2021\/01\/pol.gif\" alt=\"\"> Novi\/Rzezawianka Rzezawa<br>2019 <img src=\"http:\/\/wikioks.cal24.pl\/wp-content\/uploads\/2021\/01\/pol.gif\" alt=\"\"> Sok\u00f3\u0142 Maszkienice<br>2019-20 <img src=\"http:\/\/wikioks.cal24.pl\/wp-content\/uploads\/2021\/01\/pol.gif\" alt=\"\"> Start 77 Biadoliny Szlacheckie<br>2021 <img src=\"http:\/\/wikioks.cal24.pl\/wp-content\/uploads\/2021\/01\/pol.gif\" alt=\"\"> Sok\u00f3\u0142 II\/Iskra \u0141\u0119ki<br>2021 <img src=\"http:\/\/wikioks.cal24.pl\/wp-content\/uploads\/2021\/01\/pol.gif\" alt=\"\"> Orze\u0142 Cikowice<br>2022 <img src=\"http:\/\/wikioks.cal24.pl\/wp-content\/uploads\/2021\/01\/pol.gif\" alt=\"\"> LKS Por\u0119ba Spytkowska<br>2023-24 <img src=\"http:\/\/wikioks.cal24.pl\/wp-content\/uploads\/2021\/01\/pol.gif\" alt=\"\"> Start 77 Biadoliny Szlacheckie<\/td><\/tr><tr><th>Debiut w <strong>Okocimskim<\/strong><\/th><td>24.09.2016 (Okocimski KS Brzesko &#8211; G\u00f3rnik Siedlec 3:0)<\/td><\/tr><tr><th>Ostatni mecz w <strong>Okocimskim<\/strong><\/th><td>16.10.2016 (Rylovia Rylowa &#8211; Okocimski KS Brzesko 0:0)<\/td><\/tr><\/tbody><\/table><\/figure>\n\n\n\n<h3>Bilans zawodnika<\/h3>\n\n\n\n<figure class=\"wp-block-table\"><table><tbody><tr><td><strong>Sezon<\/strong><\/td><td><\/td><td class=\"has-text-align-center\" data-align=\"center\"><strong>Mecze<\/strong><\/td><td class=\"has-text-align-center\" data-align=\"center\"><strong>Bramki<\/strong><\/td><\/tr><tr><td>2016\/17 (j)<\/td><td>Okocimski KS Brzesko<\/td><td class=\"has-text-align-center\" data-align=\"center\">2<\/td><td class=\"has-text-align-center\" data-align=\"center\">0<\/td><\/tr><tr><td><strong>Razem<\/strong><\/td><td><\/td><td class=\"has-text-align-center\" data-align=\"center\">2<\/td><td class=\"has-text-align-center\" data-align=\"center\">0<\/td><\/tr><\/tbody><\/table><figcaption>Statystyki dotycz\u0105 jedynie mecz\u00f3w ligowych<\/figcaption><\/figure>\n\n\n\n<p><\/p>\n","protected":false},"excerpt":{"rendered":"<p>Fot. Damian Mi\u015bkowicz Micha\u0142 Wieciech\u00a0(ur. 25 lipca 1996). Polski zawodnik graj\u0105cy na pozycji pomocnika. W zespole Okocimskiego rozegra\u0142 2 mecze<\/p>\n","protected":false},"author":1,"featured_media":0,"parent":0,"menu_order":0,"comment_status":"closed","ping_status":"closed","template":"","meta":{"ngg_post_thumbnail":0},"_links":{"self":[{"href":"https:\/\/wikioks.cal24.pl\/index.php\/wp-json\/wp\/v2\/pages\/5753"}],"collection":[{"href":"https:\/\/wikioks.cal24.pl\/index.php\/wp-json\/wp\/v2\/pages"}],"about":[{"href":"https:\/\/wikioks.cal24.pl\/index.php\/wp-json\/wp\/v2\/types\/page"}],"author":[{"embeddable":true,"href":"https:\/\/wikioks.cal24.pl\/index.php\/wp-json\/wp\/v2\/users\/1"}],"replies":[{"embeddable":true,"href":"https:\/\/wikioks.cal24.pl\/index.php\/wp-json\/wp\/v2\/comments?post=5753"}],"version-history":[{"count":1,"href":"https:\/\/wikioks.cal24.pl\/index.php\/wp-json\/wp\/v2\/pages\/5753\/revisions"}],"predecessor-version":[{"id":5754,"href":"https:\/\/wikioks.cal24.pl\/index.php\/wp-json\/wp\/v2\/pages\/5753\/revisions\/5754"}],"wp:attachment":[{"href":"https:\/\/wikioks.cal24.pl\/index.php\/wp-json\/wp\/v2\/media?parent=5753"}],"curies":[{"name":"wp","href":"https:\/\/api.w.org\/{rel}","templated":true}]}}

Michał Wieciech

<figure id="player-profile" class="wp-block-table"><table class="has-fixed-layout"><tbody><tr><td><img loading="lazy" width="451" height="707" class="wp-image-5751" style="width: 400px;" src="http://wikioks.cal24.pl/wp-content/uploads/2024/11/IMG_0738.jpeg" alt="" srcset="https://wikioks.cal24.pl/wp-content/uploads/2024/11/IMG_0738.jpeg 451w, https://wikioks.cal24.pl/wp-content/uploads/2024/11/IMG_0738-191x300.jpeg 191w" sizes="(max-width: 451px) 100vw, 451px" /><br><em>Fot. Damian Miśkowicz</em></td><td><strong><strong>Michał Wieciech</strong> </strong>(ur. 25 lipca 1996). Polski zawodnik grający na pozycji pomocnika. W zespole Okocimskiego rozegrał 2 mecze ligowe.<br><br>Występował w drużynach młodzieżowych Okocimskiego, Strzelca Okulice i Bocheńskiego KS. Do reaktywowanej drużyny seniorów &#8222;Piwoszy&#8221; dołączył latem 2016 przechodząc z Wolnych Kłaj. Swoją przygodę w Brzesku zakończył kilka miesięcy później.<br><br>Następnie reprezentował barwy takich klubów jak Orzeł Cikowice, Novi/Rzezawianka Rzezawa, Sokół Maszkienice, Start 77 Biadoliny Szlacheckie, Sokół II/Iskra Łęki, czy LKS Poręba Spytkowska.</td></tr></tbody></table></figure>



<figure id="player-data" class="wp-block-table is-style-stripes"><table><tbody><tr><th>Wzrost i waga</th><td></td></tr><tr><td><strong>Pozycja</strong></td><td>pomocnik</td></tr><tr><th>Lata gry w Okocimskim</th><td>2016</td></tr><tr><th>Przebieg kariery</th><td>2009-11 <img loading="lazy" width="23" height="15" class="wp-image-887" style="width: 23px;" src="http://wikioks.cal24.pl/wp-content/uploads/2021/01/pol.gif" alt=""> Okocimski KS Brzesko (juniorzy)<br>2011-12 <img src="http://wikioks.cal24.pl/wp-content/uploads/2021/01/pol.gif" alt=""> Strzelec Okulice (juniorzy)<br>2013-15 <img src="http://wikioks.cal24.pl/wp-content/uploads/2021/01/pol.gif" alt=""> Bocheński KS (juniorzy)<br>2015-16 <img src="http://wikioks.cal24.pl/wp-content/uploads/2021/01/pol.gif" alt=""> Wolni Kłaj<br>2016 <img src="http://wikioks.cal24.pl/wp-content/uploads/2021/01/pol.gif" alt=""> Okocimski KS Brzesko<br>2017 <img src="http://wikioks.cal24.pl/wp-content/uploads/2021/01/pol.gif" alt=""> Orzeł Cikowice<br>2017-18 <img src="http://wikioks.cal24.pl/wp-content/uploads/2021/01/pol.gif" alt=""> Novi/Rzezawianka Rzezawa<br>2019 <img src="http://wikioks.cal24.pl/wp-content/uploads/2021/01/pol.gif" alt=""> Sokół Maszkienice<br>2019-20 <img src="http://wikioks.cal24.pl/wp-content/uploads/2021/01/pol.gif" alt=""> Start 77 Biadoliny Szlacheckie<br>2021 <img src="http://wikioks.cal24.pl/wp-content/uploads/2021/01/pol.gif" alt=""> Sokół II/Iskra Łęki<br>2021 <img src="http://wikioks.cal24.pl/wp-content/uploads/2021/01/pol.gif" alt=""> Orzeł Cikowice<br>2022 <img src="http://wikioks.cal24.pl/wp-content/uploads/2021/01/pol.gif" alt=""> LKS Poręba Spytkowska<br>2023-24 <img src="http://wikioks.cal24.pl/wp-content/uploads/2021/01/pol.gif" alt=""> Start 77 Biadoliny Szlacheckie</td></tr><tr><th>Debiut w <strong>Okocimskim</strong></th><td>24.09.2016 (Okocimski KS Brzesko &#8211; Górnik Siedlec 3:0)</td></tr><tr><th>Ostatni mecz w <strong>Okocimskim</strong></th><td>16.10.2016 (Rylovia Rylowa &#8211; Okocimski KS Brzesko 0:0)</td></tr></tbody></table></figure>



<h3>Bilans zawodnika</h3>



<figure class="wp-block-table"><table><tbody><tr><td><strong>Sezon</strong></td><td></td><td class="has-text-align-center" data-align="center"><strong>Mecze</strong></td><td class="has-text-align-center" data-align="center"><strong>Bramki</strong></td></tr><tr><td>2016/17 (j)</td><td>Okocimski KS Brzesko</td><td class="has-text-align-center" data-align="center">2</td><td class="has-text-align-center" data-align="center">0</td></tr><tr><td><strong>Razem</strong></td><td></td><td class="has-text-align-center" data-align="center">2</td><td class="has-text-align-center" data-align="center">0</td></tr></tbody></table><figcaption>Statystyki dotyczą jedynie meczów ligowych</figcaption></figure>



<p></p>

<p>Fot. Damian Miśkowicz Michał Wieciech (ur. 25 lipca 1996). Polski zawodnik grający na pozycji pomocnika. W zespole Okocimskiego rozegrał 2 mecze</p>
