{"id":794,"date":"2020-12-25T14:50:16","date_gmt":"2020-12-25T13:50:16","guid":{"rendered":"http:\/\/wikioks.cal24.pl\/?page_id=794"},"modified":"2024-10-18T11:43:35","modified_gmt":"2024-10-18T09:43:35","slug":"jakub-czerwinski","status":"publish","type":"page","link":"https:\/\/wikioks.cal24.pl\/index.php\/jakub-czerwinski\/","title":{"rendered":"Jakub Czerwi\u0144ski"},"content":{"rendered":"\n<figure id=\"player-profile\" class=\"wp-block-table\"><table class=\"has-fixed-layout\"><tbody><tr><td><img loading=\"lazy\" width=\"600\" height=\"800\" class=\"wp-image-1002\" style=\"width: 400px;\" src=\"http:\/\/wikioks.cal24.pl\/wp-content\/uploads\/2021\/01\/czerwinski_jakub_jesien2009.jpg\" alt=\"\" srcset=\"https:\/\/wikioks.cal24.pl\/wp-content\/uploads\/2021\/01\/czerwinski_jakub_jesien2009.jpg 600w, https:\/\/wikioks.cal24.pl\/wp-content\/uploads\/2021\/01\/czerwinski_jakub_jesien2009-225x300.jpg 225w\" sizes=\"(max-width: 600px) 100vw, 600px\" \/><br><em>Fot. Maciej Pytka<\/em><\/td><td><strong>Jakub Czerwi\u0144ski<\/strong>\u00a0(ur. 6 sierpnia 1991 roku w Krynicy Zdroju). Polski zawodnik graj\u0105cy na pozycji obro\u0144cy. W Okocimskim wyst\u0119powa\u0142 przez dwa sezony, w latach: 2009-2011. \u0141\u0105cznie rozegra\u0142 40 mecz\u00f3w ligowych na szczeblu II ligi zdobywaj\u0105c w nich 3 bramki. Ponadto wyst\u0105pi\u0142 w 3 spotkaniach Pucharu Polski.<br><br>Wychowanek Popradu Muszyna. Jako junior trafi\u0142 do akademii Remesu Opalenica, gdzie jako nastolatek zbiera\u0142 pierwsze szlify w pi\u0142ce seniorskiej. Latem 2009 roku po Czerwi\u0144skiego zg\u0142osi\u0142 si\u0119 drugoligowy Okocimski. Za transferem sta\u0142 m.in. \u00f3wczesny trener &#8222;Piwoszy&#8221; Krzysztof \u0141\u0119tocha, kt\u00f3ry pami\u0119ta\u0142 m\u0142odziutkiego obro\u0144c\u0119 z czas\u00f3w pracy w Muszynie. O ile debiutancki sezon na szczeblu II ligi by\u0142 w wykonaniu 18-latka dosy\u0107 nier\u00f3wny, to w kolejnym \u015brodkowy obro\u0144ca zyska\u0142 miano podory brzeskiej defensywy. Warto doda\u0107, \u017ce w tym okresie Okocimski dwukrotnie ociera\u0142 si\u0119 o awans do I ligi przegrywaj\u0105c rywalizacj\u0119 z innymi dru\u017cynami dos\u0142ownie na finiszu rozgrywek. Dobra gra defensora nie usz\u0142a uwadze obserwator\u00f3w i trener\u00f3w. W latach 2009-10 Czerwi\u0144ski otrzymywa\u0142 regularne powo\u0142ania do reprezentacji m\u0142odzie\u017cowych kraju. Zaliczy\u0142 9 spotka\u0144 w Kadrze U-19 oraz 1 mecz w reprezentacji Polski do lat 20. Jasnym sta\u0142o si\u0119, \u017ce m\u0142ody obro\u0144ca b\u0119dzie aspirowa\u0142 do gry w klubach z wy\u017cszej klasy rozgrywkowej.<br><br>Latem 2011 przeni\u00f3s\u0142 si\u0119 do I-ligowej Termaliki Bruk-Bet Nieciecza, w kt\u00f3rej sp\u0119dzi\u0142 4 sezony, a ukoronowaniem jego pobytu by\u0142 historyczny awans do Ekstraklasy.  Debiut na najwy\u017cszym szczeblu rozgrywkowym nast\u0105pi\u0142 jesieni\u0105 2015, jednak ju\u017c w barwach Pogoni Szczecin. Kolejnym klubem w karierze Czerwi\u0144skiego by\u0142a Legia Warszawa, a od 2018 roku Piast Gliwice.<br><br>Jakub Czerwi\u0144ski ma na swoim koncie 3 tytu\u0142y mistrza Polski: zdobyte dwukrotnie z Legi\u0105 Warszawa (2017, 2018) oraz z Piastem Gliwice (2019). Ponadto w barwach sto\u0142ecznego klubu zdoby\u0142 Puchar Polski (2018) oraz awansowa\u0142 do fazy grupowej Ligi Mistrz\u00f3w w sezonie 2016\/17, gdzie wyst\u0105pi\u0142 w 4 spotkaniach (m.in. przeciwko Borussi Dortmund, Realowi Madryt i Sportingowi Lizbona).<\/td><\/tr><\/tbody><\/table><\/figure>\n\n\n\n<figure id=\"player-data\" class=\"wp-block-table is-style-stripes\"><table><tbody><tr><th>Wzrost i waga<\/th><td>183 cm \/ 75 kg<\/td><\/tr><tr><td><strong>Pozycja<\/strong><\/td><td>obro\u0144ca<\/td><\/tr><tr><th>Lata gry w Okocimskim<\/th><td>2009-11<\/td><\/tr><tr><th>Przebieg kariery<\/th><td><img src=\"http:\/\/wikioks.cal24.pl\/wp-content\/uploads\/2021\/01\/pol.gif\" alt=\"\"> Poprad Muszyna (juniorzy)<br><img src=\"http:\/\/wikioks.cal24.pl\/wp-content\/uploads\/2021\/01\/pol.gif\" alt=\"\"> Promie\u0144 Opalenica (juniorzy)<br>2008-09 <img src=\"http:\/\/wikioks.cal24.pl\/wp-content\/uploads\/2021\/01\/pol.gif\" alt=\"\"> Promie\u0144 Opalenica<br>2009-11 <img src=\"http:\/\/wikioks.cal24.pl\/wp-content\/uploads\/2021\/01\/pol.gif\" alt=\"\"> Okocimski KS Brzesko<br>2011-15 <img src=\"http:\/\/wikioks.cal24.pl\/wp-content\/uploads\/2021\/01\/pol.gif\" alt=\"\"> Termalica Bruk-Bet Nieciecza<br>2015-16 <img src=\"http:\/\/wikioks.cal24.pl\/wp-content\/uploads\/2021\/01\/pol.gif\" alt=\"\"> Pogo\u0144 Szczecin<br>2016-17 <img src=\"http:\/\/wikioks.cal24.pl\/wp-content\/uploads\/2021\/01\/pol.gif\" alt=\"\"> Legia Warszawa<br>od 2018 <img src=\"http:\/\/wikioks.cal24.pl\/wp-content\/uploads\/2021\/01\/pol.gif\" alt=\"\"> Piast Gliwice<\/td><\/tr><tr><th>Debiut w <strong>Okocimskim<\/strong><\/th><td>26.07.2009 (LKS Nieciecza &#8211; Okocimski KS Brzesko 3:0)<\/td><\/tr><tr><th>Ostatni mecz w <strong>Okocimskim<\/strong><\/th><td>21.05.2011 (Sok\u00f3\u0142 Sok\u00f3\u0142ka &#8211; Okocimski KS Brzesko 3:1)<\/td><\/tr><\/tbody><\/table><\/figure>\n\n\n\n<h3>Bilans zawodnika<\/h3>\n\n\n\n<figure class=\"wp-block-table\"><table><tbody><tr><td><strong>Sezon<\/strong><\/td><td><\/td><td class=\"has-text-align-center\" data-align=\"center\"><strong>Mecze<\/strong><\/td><td class=\"has-text-align-center\" data-align=\"center\"><strong>Bramki<\/strong><\/td><\/tr><tr><td>2009\/10<\/td><td>Okocimski KS Brzesko<\/td><td class=\"has-text-align-center\" data-align=\"center\">15<\/td><td class=\"has-text-align-center\" data-align=\"center\">0<\/td><\/tr><tr><td>2010\/11<\/td><td>Okocimski KS Brzesko<\/td><td class=\"has-text-align-center\" data-align=\"center\">25<\/td><td class=\"has-text-align-center\" data-align=\"center\">3<\/td><\/tr><tr><td><strong>Razem<\/strong><\/td><td><\/td><td class=\"has-text-align-center\" data-align=\"center\">40<\/td><td class=\"has-text-align-center\" data-align=\"center\">3<\/td><\/tr><\/tbody><\/table><figcaption>Statystyki dotycz\u0105 jedynie mecz\u00f3w ligowych<\/figcaption><\/figure>\n\n\n\n<p><\/p>\n","protected":false},"excerpt":{"rendered":"<p>Fot. Maciej Pytka Jakub Czerwi\u0144ski\u00a0(ur. 6 sierpnia 1991 roku w Krynicy Zdroju). Polski zawodnik graj\u0105cy na pozycji obro\u0144cy. W Okocimskim<\/p>\n","protected":false},"author":1,"featured_media":0,"parent":0,"menu_order":0,"comment_status":"closed","ping_status":"closed","template":"","meta":{"ngg_post_thumbnail":0},"_links":{"self":[{"href":"https:\/\/wikioks.cal24.pl\/index.php\/wp-json\/wp\/v2\/pages\/794"}],"collection":[{"href":"https:\/\/wikioks.cal24.pl\/index.php\/wp-json\/wp\/v2\/pages"}],"about":[{"href":"https:\/\/wikioks.cal24.pl\/index.php\/wp-json\/wp\/v2\/types\/page"}],"author":[{"embeddable":true,"href":"https:\/\/wikioks.cal24.pl\/index.php\/wp-json\/wp\/v2\/users\/1"}],"replies":[{"embeddable":true,"href":"https:\/\/wikioks.cal24.pl\/index.php\/wp-json\/wp\/v2\/comments?post=794"}],"version-history":[{"count":3,"href":"https:\/\/wikioks.cal24.pl\/index.php\/wp-json\/wp\/v2\/pages\/794\/revisions"}],"predecessor-version":[{"id":5384,"href":"https:\/\/wikioks.cal24.pl\/index.php\/wp-json\/wp\/v2\/pages\/794\/revisions\/5384"}],"wp:attachment":[{"href":"https:\/\/wikioks.cal24.pl\/index.php\/wp-json\/wp\/v2\/media?parent=794"}],"curies":[{"name":"wp","href":"https:\/\/api.w.org\/{rel}","templated":true}]}}

Jakub Czerwiński

<figure id="player-profile" class="wp-block-table"><table class="has-fixed-layout"><tbody><tr><td><img loading="lazy" width="600" height="800" class="wp-image-1002" style="width: 400px;" src="http://wikioks.cal24.pl/wp-content/uploads/2021/01/czerwinski_jakub_jesien2009.jpg" alt="" srcset="https://wikioks.cal24.pl/wp-content/uploads/2021/01/czerwinski_jakub_jesien2009.jpg 600w, https://wikioks.cal24.pl/wp-content/uploads/2021/01/czerwinski_jakub_jesien2009-225x300.jpg 225w" sizes="(max-width: 600px) 100vw, 600px" /><br><em>Fot. Maciej Pytka</em></td><td><strong>Jakub Czerwiński</strong> (ur. 6 sierpnia 1991 roku w Krynicy Zdroju). Polski zawodnik grający na pozycji obrońcy. W Okocimskim występował przez dwa sezony, w latach: 2009-2011. Łącznie rozegrał 40 meczów ligowych na szczeblu II ligi zdobywając w nich 3 bramki. Ponadto wystąpił w 3 spotkaniach Pucharu Polski.<br><br>Wychowanek Popradu Muszyna. Jako junior trafił do akademii Remesu Opalenica, gdzie jako nastolatek zbierał pierwsze szlify w piłce seniorskiej. Latem 2009 roku po Czerwińskiego zgłosił się drugoligowy Okocimski. Za transferem stał m.in. ówczesny trener &#8222;Piwoszy&#8221; Krzysztof Łętocha, który pamiętał młodziutkiego obrońcę z czasów pracy w Muszynie. O ile debiutancki sezon na szczeblu II ligi był w wykonaniu 18-latka dosyć nierówny, to w kolejnym środkowy obrońca zyskał miano podory brzeskiej defensywy. Warto dodać, że w tym okresie Okocimski dwukrotnie ocierał się o awans do I ligi przegrywając rywalizację z innymi drużynami dosłownie na finiszu rozgrywek. Dobra gra defensora nie uszła uwadze obserwatorów i trenerów. W latach 2009-10 Czerwiński otrzymywał regularne powołania do reprezentacji młodzieżowych kraju. Zaliczył 9 spotkań w Kadrze U-19 oraz 1 mecz w reprezentacji Polski do lat 20. Jasnym stało się, że młody obrońca będzie aspirował do gry w klubach z wyższej klasy rozgrywkowej.<br><br>Latem 2011 przeniósł się do I-ligowej Termaliki Bruk-Bet Nieciecza, w której spędził 4 sezony, a ukoronowaniem jego pobytu był historyczny awans do Ekstraklasy.  Debiut na najwyższym szczeblu rozgrywkowym nastąpił jesienią 2015, jednak już w barwach Pogoni Szczecin. Kolejnym klubem w karierze Czerwińskiego była Legia Warszawa, a od 2018 roku Piast Gliwice.<br><br>Jakub Czerwiński ma na swoim koncie 3 tytuły mistrza Polski: zdobyte dwukrotnie z Legią Warszawa (2017, 2018) oraz z Piastem Gliwice (2019). Ponadto w barwach stołecznego klubu zdobył Puchar Polski (2018) oraz awansował do fazy grupowej Ligi Mistrzów w sezonie 2016/17, gdzie wystąpił w 4 spotkaniach (m.in. przeciwko Borussi Dortmund, Realowi Madryt i Sportingowi Lizbona).</td></tr></tbody></table></figure>



<figure id="player-data" class="wp-block-table is-style-stripes"><table><tbody><tr><th>Wzrost i waga</th><td>183 cm / 75 kg</td></tr><tr><td><strong>Pozycja</strong></td><td>obrońca</td></tr><tr><th>Lata gry w Okocimskim</th><td>2009-11</td></tr><tr><th>Przebieg kariery</th><td><img src="http://wikioks.cal24.pl/wp-content/uploads/2021/01/pol.gif" alt=""> Poprad Muszyna (juniorzy)<br><img src="http://wikioks.cal24.pl/wp-content/uploads/2021/01/pol.gif" alt=""> Promień Opalenica (juniorzy)<br>2008-09 <img src="http://wikioks.cal24.pl/wp-content/uploads/2021/01/pol.gif" alt=""> Promień Opalenica<br>2009-11 <img src="http://wikioks.cal24.pl/wp-content/uploads/2021/01/pol.gif" alt=""> Okocimski KS Brzesko<br>2011-15 <img src="http://wikioks.cal24.pl/wp-content/uploads/2021/01/pol.gif" alt=""> Termalica Bruk-Bet Nieciecza<br>2015-16 <img src="http://wikioks.cal24.pl/wp-content/uploads/2021/01/pol.gif" alt=""> Pogoń Szczecin<br>2016-17 <img src="http://wikioks.cal24.pl/wp-content/uploads/2021/01/pol.gif" alt=""> Legia Warszawa<br>od 2018 <img src="http://wikioks.cal24.pl/wp-content/uploads/2021/01/pol.gif" alt=""> Piast Gliwice</td></tr><tr><th>Debiut w <strong>Okocimskim</strong></th><td>26.07.2009 (LKS Nieciecza &#8211; Okocimski KS Brzesko 3:0)</td></tr><tr><th>Ostatni mecz w <strong>Okocimskim</strong></th><td>21.05.2011 (Sokół Sokółka &#8211; Okocimski KS Brzesko 3:1)</td></tr></tbody></table></figure>



<h3>Bilans zawodnika</h3>



<figure class="wp-block-table"><table><tbody><tr><td><strong>Sezon</strong></td><td></td><td class="has-text-align-center" data-align="center"><strong>Mecze</strong></td><td class="has-text-align-center" data-align="center"><strong>Bramki</strong></td></tr><tr><td>2009/10</td><td>Okocimski KS Brzesko</td><td class="has-text-align-center" data-align="center">15</td><td class="has-text-align-center" data-align="center">0</td></tr><tr><td>2010/11</td><td>Okocimski KS Brzesko</td><td class="has-text-align-center" data-align="center">25</td><td class="has-text-align-center" data-align="center">3</td></tr><tr><td><strong>Razem</strong></td><td></td><td class="has-text-align-center" data-align="center">40</td><td class="has-text-align-center" data-align="center">3</td></tr></tbody></table><figcaption>Statystyki dotyczą jedynie meczów ligowych</figcaption></figure>



<p></p>

<p>Fot. Maciej Pytka Jakub Czerwiński (ur. 6 sierpnia 1991 roku w Krynicy Zdroju). Polski zawodnik grający na pozycji obrońcy. W Okocimskim</p>
