{"id":900,"date":"2021-01-01T21:12:12","date_gmt":"2021-01-01T20:12:12","guid":{"rendered":"http:\/\/wikioks.cal24.pl\/?page_id=900"},"modified":"2024-07-26T13:40:13","modified_gmt":"2024-07-26T11:40:13","slug":"arkadiusz-sliwa","status":"publish","type":"page","link":"https:\/\/wikioks.cal24.pl\/index.php\/arkadiusz-sliwa\/","title":{"rendered":"Arkadiusz \u015aliwa"},"content":{"rendered":"\n<figure id=\"player-profile\" class=\"wp-block-table\"><table class=\"has-fixed-layout\"><tbody><tr><td><img loading=\"lazy\" width=\"480\" height=\"640\" class=\"wp-image-1270\" style=\"width: 400px;\" src=\"http:\/\/wikioks.cal24.pl\/wp-content\/uploads\/2021\/01\/Sliwa.jpg\" alt=\"\" srcset=\"https:\/\/wikioks.cal24.pl\/wp-content\/uploads\/2021\/01\/Sliwa.jpg 480w, https:\/\/wikioks.cal24.pl\/wp-content\/uploads\/2021\/01\/Sliwa-225x300.jpg 225w\" sizes=\"(max-width: 480px) 100vw, 480px\" \/><br><em>Fot. Marian Lambert<\/em><\/td><td><strong>Arkadiusz \u015aliwa<\/strong>\u00a0(ur. 19 sierpnia 1974 w\u00a0Brzesku). Polski zawodnik graj\u0105cy na pozycji obro\u0144cy\/pomocnika. Wychowanek Okocimskiego.<br><br>W dru\u017cynie senior\u00f3w Okocimskiego zadebiutowa\u0142 w wieku niespe\u0142na 16 lat. W p\u00f3\u017aniejszym czasie wyst\u0119powa\u0142 g\u0142\u00f3wnie w dru\u017cynie junior\u00f3w oraz zespole rezerw. Na cz\u0119stsz\u0105 gr\u0119 w pierwszej dru\u017cynie m\u00f3g\u0142 liczy\u0107 dopiero w 1999 roku, gdy dosz\u0142o do reaktywacji zespo\u0142u w IV lidze.<br><br>Po zako\u0144czeniu kariery zawodnika rozpocz\u0105\u0142 prac\u0119 trenersk\u0105. Przez 5,5 roku trenowa\u0142 dru\u017cyn\u0119 Pagenu Gnojnik. Nast\u0119pnie prowadzi\u0142 takie zespo\u0142y jak: Iskra \u0141\u0119ki, Olimpia K\u0105ty, Iskra-Stra\u017cak II Szczepan\u00f3w. W przerwie zimowej sezonu 2019\/20 obj\u0105\u0142 Sok\u00f3\u0142 Maszkienice.<br><br>\u015aliwa zajmuje si\u0119 tak\u017ce szkoleniem dru\u017cyn m\u0142odzie\u017cowych. Rozpoczyna\u0142 w Okocimskim jako trener junior\u00f3w m\u0142odszych. P\u00f3\u017aniej na d\u0142u\u017cej zwi\u0105za\u0142 si\u0119 z AS Elita Brzesko, by w 2020 roku powr\u00f3ci\u0107 do Okocimskiego w roli szkoleniowca zespo\u0142u trampkarzy.<\/td><\/tr><\/tbody><\/table><\/figure>\n\n\n\n<figure id=\"player-data\" class=\"wp-block-table is-style-stripes\"><table><tbody><tr><th>Wzrost i waga<\/th><td>177 cm \/ 72 kg<\/td><\/tr><tr><td><strong>Pozycja<\/strong><\/td><td>obro\u0144ca\/pomocnik<\/td><\/tr><tr><th>Lata gry w Okocimskim<\/th><td>1990, 1993-96, 1999-2003<\/td><\/tr><tr><th>Przebieg kariery<\/th><td>1990 <img src=\"http:\/\/wikioks.cal24.pl\/wp-content\/uploads\/2021\/01\/pol.gif\" alt=\"\"> Okocimski KS Brzesko<br>1990-93 <img src=\"http:\/\/wikioks.cal24.pl\/wp-content\/uploads\/2021\/01\/pol.gif\" alt=\"\"> Okocimski KS Brzesko (juniorzy)<br>1993-96 <img src=\"http:\/\/wikioks.cal24.pl\/wp-content\/uploads\/2021\/01\/pol.gif\" alt=\"\"> Okocimski KS Brzesko<br>1997-98 bez klubu<br>1999 <img src=\"http:\/\/wikioks.cal24.pl\/wp-content\/uploads\/2021\/01\/pol.gif\" alt=\"\"> Boche\u0144ski KS<br>1999-2003 <img src=\"http:\/\/wikioks.cal24.pl\/wp-content\/uploads\/2021\/01\/pol.gif\" alt=\"\"> Okocimski KS Brzesko<br>2003 <img src=\"http:\/\/wikioks.cal24.pl\/wp-content\/uploads\/2021\/01\/pol.gif\" alt=\"\"> Macierz Lipnica Murowana<br><img src=\"http:\/\/wikioks.cal24.pl\/wp-content\/uploads\/2021\/01\/pol.gif\" alt=\"\"> Victoria S\u0142omka<br>2004-07 <img src=\"http:\/\/wikioks.cal24.pl\/wp-content\/uploads\/2021\/01\/pol.gif\" alt=\"\"> Pagen Gnojnik<\/td><\/tr><tr><th>Debiut w <strong>Okocimskim<\/strong><\/th><td>17.06.1990 (Tarnovia II Tarn\u00f3w &#8211; Okocimski KS Brzesko 0:3)<\/td><\/tr><tr><th>Ostatni mecz w <strong>Okocimskim<\/strong><\/th><td>25.06.2003 (Victoria Witowice Dolne &#8211; Okocimski KS Brzesko 2:3)<\/td><\/tr><\/tbody><\/table><\/figure>\n\n\n\n<h3>Bilans zawodnika<\/h3>\n\n\n\n<figure class=\"wp-block-table\"><table><tbody><tr><td><strong>Sezon<\/strong><\/td><td><\/td><td class=\"has-text-align-center\" data-align=\"center\"><strong>Mecze<\/strong><\/td><td class=\"has-text-align-center\" data-align=\"center\"><strong>Bramki<\/strong><\/td><\/tr><tr><td>1989\/90 (w)<\/td><td>Okocimski KS Brzesko<\/td><td class=\"has-text-align-center\" data-align=\"center\">2<\/td><td class=\"has-text-align-center\" data-align=\"center\">0<\/td><\/tr><tr><td>1993\/94<\/td><td>Okocimski KS Brzesko<\/td><td class=\"has-text-align-center\" data-align=\"center\">1<\/td><td class=\"has-text-align-center\" data-align=\"center\">0<\/td><\/tr><tr><td>1994\/95<\/td><td>Okocimski KS Brzesko<\/td><td class=\"has-text-align-center\" data-align=\"center\">6<\/td><td class=\"has-text-align-center\" data-align=\"center\">0<\/td><\/tr><tr><td>1995\/96<\/td><td>Okocimski KS Brzesko<\/td><td class=\"has-text-align-center\" data-align=\"center\">1<\/td><td class=\"has-text-align-center\" data-align=\"center\">0<\/td><\/tr><tr><td>1996\/97 (j)<\/td><td>Okocimski KS Brzesko<\/td><td class=\"has-text-align-center\" data-align=\"center\">0<\/td><td class=\"has-text-align-center\" data-align=\"center\">0<\/td><\/tr><tr><td>1999\/00<\/td><td>Okocimski KS Brzesko<\/td><td class=\"has-text-align-center\" data-align=\"center\">27<\/td><td class=\"has-text-align-center\" data-align=\"center\">0<\/td><\/tr><tr><td>2000\/01<\/td><td>Okocimski KS Brzesko<\/td><td class=\"has-text-align-center\" data-align=\"center\">20<\/td><td class=\"has-text-align-center\" data-align=\"center\">0<\/td><\/tr><tr><td>2001\/02<\/td><td>Okocimski KS Brzesko<\/td><td class=\"has-text-align-center\" data-align=\"center\">30<\/td><td class=\"has-text-align-center\" data-align=\"center\">0<\/td><\/tr><tr><td>2002\/03<\/td><td>Okocimski KS Brzesko<\/td><td class=\"has-text-align-center\" data-align=\"center\">26<\/td><td class=\"has-text-align-center\" data-align=\"center\">0<\/td><\/tr><tr><td><strong>Razem<\/strong><\/td><td><\/td><td class=\"has-text-align-center\" data-align=\"center\">113<\/td><td class=\"has-text-align-center\" data-align=\"center\">0<\/td><\/tr><\/tbody><\/table><figcaption>Statystyki dotycz\u0105 jedynie mecz\u00f3w ligowych<\/figcaption><\/figure>\n\n\n\n\n\n<p><\/p>\n","protected":false},"excerpt":{"rendered":"<p>Fot. Marian Lambert Arkadiusz \u015aliwa\u00a0(ur. 19 sierpnia 1974 w\u00a0Brzesku). Polski zawodnik graj\u0105cy na pozycji obro\u0144cy\/pomocnika. Wychowanek Okocimskiego. W dru\u017cynie senior\u00f3w<\/p>\n","protected":false},"author":1,"featured_media":0,"parent":0,"menu_order":0,"comment_status":"closed","ping_status":"closed","template":"","meta":{"ngg_post_thumbnail":0},"_links":{"self":[{"href":"https:\/\/wikioks.cal24.pl\/index.php\/wp-json\/wp\/v2\/pages\/900"}],"collection":[{"href":"https:\/\/wikioks.cal24.pl\/index.php\/wp-json\/wp\/v2\/pages"}],"about":[{"href":"https:\/\/wikioks.cal24.pl\/index.php\/wp-json\/wp\/v2\/types\/page"}],"author":[{"embeddable":true,"href":"https:\/\/wikioks.cal24.pl\/index.php\/wp-json\/wp\/v2\/users\/1"}],"replies":[{"embeddable":true,"href":"https:\/\/wikioks.cal24.pl\/index.php\/wp-json\/wp\/v2\/comments?post=900"}],"version-history":[{"count":7,"href":"https:\/\/wikioks.cal24.pl\/index.php\/wp-json\/wp\/v2\/pages\/900\/revisions"}],"predecessor-version":[{"id":4867,"href":"https:\/\/wikioks.cal24.pl\/index.php\/wp-json\/wp\/v2\/pages\/900\/revisions\/4867"}],"wp:attachment":[{"href":"https:\/\/wikioks.cal24.pl\/index.php\/wp-json\/wp\/v2\/media?parent=900"}],"curies":[{"name":"wp","href":"https:\/\/api.w.org\/{rel}","templated":true}]}}

Arkadiusz Śliwa

<figure id="player-profile" class="wp-block-table"><table class="has-fixed-layout"><tbody><tr><td><img loading="lazy" width="480" height="640" class="wp-image-1270" style="width: 400px;" src="http://wikioks.cal24.pl/wp-content/uploads/2021/01/Sliwa.jpg" alt="" srcset="https://wikioks.cal24.pl/wp-content/uploads/2021/01/Sliwa.jpg 480w, https://wikioks.cal24.pl/wp-content/uploads/2021/01/Sliwa-225x300.jpg 225w" sizes="(max-width: 480px) 100vw, 480px" /><br><em>Fot. Marian Lambert</em></td><td><strong>Arkadiusz Śliwa</strong> (ur. 19 sierpnia 1974 w Brzesku). Polski zawodnik grający na pozycji obrońcy/pomocnika. Wychowanek Okocimskiego.<br><br>W drużynie seniorów Okocimskiego zadebiutował w wieku niespełna 16 lat. W późniejszym czasie występował głównie w drużynie juniorów oraz zespole rezerw. Na częstszą grę w pierwszej drużynie mógł liczyć dopiero w 1999 roku, gdy doszło do reaktywacji zespołu w IV lidze.<br><br>Po zakończeniu kariery zawodnika rozpoczął pracę trenerską. Przez 5,5 roku trenował drużynę Pagenu Gnojnik. Następnie prowadził takie zespoły jak: Iskra Łęki, Olimpia Kąty, Iskra-Strażak II Szczepanów. W przerwie zimowej sezonu 2019/20 objął Sokół Maszkienice.<br><br>Śliwa zajmuje się także szkoleniem drużyn młodzieżowych. Rozpoczynał w Okocimskim jako trener juniorów młodszych. Później na dłużej związał się z AS Elita Brzesko, by w 2020 roku powrócić do Okocimskiego w roli szkoleniowca zespołu trampkarzy.</td></tr></tbody></table></figure>



<figure id="player-data" class="wp-block-table is-style-stripes"><table><tbody><tr><th>Wzrost i waga</th><td>177 cm / 72 kg</td></tr><tr><td><strong>Pozycja</strong></td><td>obrońca/pomocnik</td></tr><tr><th>Lata gry w Okocimskim</th><td>1990, 1993-96, 1999-2003</td></tr><tr><th>Przebieg kariery</th><td>1990 <img src="http://wikioks.cal24.pl/wp-content/uploads/2021/01/pol.gif" alt=""> Okocimski KS Brzesko<br>1990-93 <img src="http://wikioks.cal24.pl/wp-content/uploads/2021/01/pol.gif" alt=""> Okocimski KS Brzesko (juniorzy)<br>1993-96 <img src="http://wikioks.cal24.pl/wp-content/uploads/2021/01/pol.gif" alt=""> Okocimski KS Brzesko<br>1997-98 bez klubu<br>1999 <img src="http://wikioks.cal24.pl/wp-content/uploads/2021/01/pol.gif" alt=""> Bocheński KS<br>1999-2003 <img src="http://wikioks.cal24.pl/wp-content/uploads/2021/01/pol.gif" alt=""> Okocimski KS Brzesko<br>2003 <img src="http://wikioks.cal24.pl/wp-content/uploads/2021/01/pol.gif" alt=""> Macierz Lipnica Murowana<br><img src="http://wikioks.cal24.pl/wp-content/uploads/2021/01/pol.gif" alt=""> Victoria Słomka<br>2004-07 <img src="http://wikioks.cal24.pl/wp-content/uploads/2021/01/pol.gif" alt=""> Pagen Gnojnik</td></tr><tr><th>Debiut w <strong>Okocimskim</strong></th><td>17.06.1990 (Tarnovia II Tarnów &#8211; Okocimski KS Brzesko 0:3)</td></tr><tr><th>Ostatni mecz w <strong>Okocimskim</strong></th><td>25.06.2003 (Victoria Witowice Dolne &#8211; Okocimski KS Brzesko 2:3)</td></tr></tbody></table></figure>



<h3>Bilans zawodnika</h3>



<figure class="wp-block-table"><table><tbody><tr><td><strong>Sezon</strong></td><td></td><td class="has-text-align-center" data-align="center"><strong>Mecze</strong></td><td class="has-text-align-center" data-align="center"><strong>Bramki</strong></td></tr><tr><td>1989/90 (w)</td><td>Okocimski KS Brzesko</td><td class="has-text-align-center" data-align="center">2</td><td class="has-text-align-center" data-align="center">0</td></tr><tr><td>1993/94</td><td>Okocimski KS Brzesko</td><td class="has-text-align-center" data-align="center">1</td><td class="has-text-align-center" data-align="center">0</td></tr><tr><td>1994/95</td><td>Okocimski KS Brzesko</td><td class="has-text-align-center" data-align="center">6</td><td class="has-text-align-center" data-align="center">0</td></tr><tr><td>1995/96</td><td>Okocimski KS Brzesko</td><td class="has-text-align-center" data-align="center">1</td><td class="has-text-align-center" data-align="center">0</td></tr><tr><td>1996/97 (j)</td><td>Okocimski KS Brzesko</td><td class="has-text-align-center" data-align="center">0</td><td class="has-text-align-center" data-align="center">0</td></tr><tr><td>1999/00</td><td>Okocimski KS Brzesko</td><td class="has-text-align-center" data-align="center">27</td><td class="has-text-align-center" data-align="center">0</td></tr><tr><td>2000/01</td><td>Okocimski KS Brzesko</td><td class="has-text-align-center" data-align="center">20</td><td class="has-text-align-center" data-align="center">0</td></tr><tr><td>2001/02</td><td>Okocimski KS Brzesko</td><td class="has-text-align-center" data-align="center">30</td><td class="has-text-align-center" data-align="center">0</td></tr><tr><td>2002/03</td><td>Okocimski KS Brzesko</td><td class="has-text-align-center" data-align="center">26</td><td class="has-text-align-center" data-align="center">0</td></tr><tr><td><strong>Razem</strong></td><td></td><td class="has-text-align-center" data-align="center">113</td><td class="has-text-align-center" data-align="center">0</td></tr></tbody></table><figcaption>Statystyki dotyczą jedynie meczów ligowych</figcaption></figure>





<p></p>

<p>Fot. Marian Lambert Arkadiusz Śliwa (ur. 19 sierpnia 1974 w Brzesku). Polski zawodnik grający na pozycji obrońcy/pomocnika. Wychowanek Okocimskiego. W drużynie seniorów</p>
